-- phpMyAdmin SQL Dump
-- version 3.1.1
-- http://www.phpmyadmin.net
--
-- Хост: sql207.byetcluster.com
-- Время создания: Ноя 03 2009 г., 10:42
-- Версия сервера: 5.1.39
-- Версия PHP: 5.2.6-1+lenny3

SET SQL_MODE="NO_AUTO_VALUE_ON_ZERO";


/*!40101 SET @OLD_CHARACTER_SET_CLIENT=@@CHARACTER_SET_CLIENT */;
/*!40101 SET @OLD_CHARACTER_SET_RESULTS=@@CHARACTER_SET_RESULTS */;
/*!40101 SET @OLD_COLLATION_CONNECTION=@@COLLATION_CONNECTION */;
/*!40101 SET NAMES utf8 */;

--
-- База данных: `liga_4226129_ezot`
--

-- --------------------------------------------------------

--
-- Структура таблицы `powercounter_arch_clients`
--

CREATE TABLE IF NOT EXISTS `powercounter_arch_clients` (
  `id_client` int(11) NOT NULL AUTO_INCREMENT,
  `putdate` date NOT NULL DEFAULT '0000-00-00',
  `browsers_msie` int(11) NOT NULL DEFAULT '0',
  `browsers_opera` int(11) NOT NULL DEFAULT '0',
  `browsers_netscape` int(11) NOT NULL DEFAULT '0',
  `browsers_firefox` int(11) NOT NULL DEFAULT '0',
  `browsers_myie` int(11) NOT NULL DEFAULT '0',
  `browsers_mozilla` int(11) NOT NULL DEFAULT '0',
  `browsers_none` int(11) NOT NULL DEFAULT '0',
  `systems_windows` int(11) NOT NULL DEFAULT '0',
  `systems_unix` int(11) NOT NULL DEFAULT '0',
  `systems_macintosh` int(11) NOT NULL DEFAULT '0',
  `systems_none` int(11) NOT NULL DEFAULT '0',
  PRIMARY KEY (`id_client`),
  UNIQUE KEY `putdate` (`putdate`)
) ENGINE=MyISAM  DEFAULT CHARSET=cp1251 AUTO_INCREMENT=8 ;

--
-- Дамп данных таблицы `powercounter_arch_clients`
--

INSERT INTO `powercounter_arch_clients` (`id_client`, `putdate`, `browsers_msie`, `browsers_opera`, `browsers_netscape`, `browsers_firefox`, `browsers_myie`, `browsers_mozilla`, `browsers_none`, `systems_windows`, `systems_unix`, `systems_macintosh`, `systems_none`) VALUES
(1, '2009-10-27', 22, 8, 0, 3, 0, 3, 2, 0, 0, 0, 2),
(2, '2009-10-28', 20, 9, 1, 6, 1, 3, 3, 0, 0, 0, 3),
(3, '2009-10-29', 11, 11, 0, 3, 0, 3, 0, 0, 0, 0, 0),
(4, '2009-10-30', 10, 8, 0, 3, 0, 2, 0, 0, 0, 0, 0),
(5, '2009-10-31', 6, 4, 0, 2, 0, 2, 0, 0, 0, 0, 0),
(6, '2009-11-01', 7, 2, 0, 3, 0, 3, 2, 0, 0, 0, 2),
(7, '2009-11-02', 9, 2, 0, 1, 0, 2, 1, 0, 0, 0, 1);

-- --------------------------------------------------------

--
-- Структура таблицы `powercounter_arch_clients_month`
--

CREATE TABLE IF NOT EXISTS `powercounter_arch_clients_month` (
  `id_client` int(11) NOT NULL AUTO_INCREMENT,
  `putdate` date NOT NULL DEFAULT '0000-00-00',
  `browsers_msie` int(11) NOT NULL DEFAULT '0',
  `browsers_opera` int(11) NOT NULL DEFAULT '0',
  `browsers_netscape` int(11) NOT NULL DEFAULT '0',
  `browsers_firefox` int(11) NOT NULL DEFAULT '0',
  `browsers_myie` int(11) NOT NULL DEFAULT '0',
  `browsers_mozilla` int(11) NOT NULL DEFAULT '0',
  `browsers_none` int(11) NOT NULL DEFAULT '0',
  `systems_windows` int(11) NOT NULL DEFAULT '0',
  `systems_unix` int(11) NOT NULL DEFAULT '0',
  `systems_macintosh` int(11) NOT NULL DEFAULT '0',
  `systems_none` int(11) NOT NULL DEFAULT '0',
  PRIMARY KEY (`id_client`),
  UNIQUE KEY `putdate` (`putdate`)
) ENGINE=MyISAM  DEFAULT CHARSET=cp1251 AUTO_INCREMENT=2 ;

--
-- Дамп данных таблицы `powercounter_arch_clients_month`
--

INSERT INTO `powercounter_arch_clients_month` (`id_client`, `putdate`, `browsers_msie`, `browsers_opera`, `browsers_netscape`, `browsers_firefox`, `browsers_myie`, `browsers_mozilla`, `browsers_none`, `systems_windows`, `systems_unix`, `systems_macintosh`, `systems_none`) VALUES
(1, '2009-10-01', 69, 40, 1, 17, 1, 13, 5, 0, 0, 0, 5);

-- --------------------------------------------------------

--
-- Структура таблицы `powercounter_arch_clients_week`
--

CREATE TABLE IF NOT EXISTS `powercounter_arch_clients_week` (
  `id_client` int(11) NOT NULL AUTO_INCREMENT,
  `putdate_begin` date NOT NULL DEFAULT '0000-00-00',
  `putdate_end` date NOT NULL DEFAULT '0000-00-00',
  `browsers_msie` int(11) NOT NULL DEFAULT '0',
  `browsers_opera` int(11) NOT NULL DEFAULT '0',
  `browsers_netscape` int(11) NOT NULL DEFAULT '0',
  `browsers_firefox` int(11) NOT NULL DEFAULT '0',
  `browsers_myie` int(11) NOT NULL DEFAULT '0',
  `browsers_mozilla` int(11) NOT NULL DEFAULT '0',
  `browsers_none` int(11) NOT NULL DEFAULT '0',
  `systems_windows` int(11) NOT NULL DEFAULT '0',
  `systems_unix` int(11) NOT NULL DEFAULT '0',
  `systems_macintosh` int(11) NOT NULL DEFAULT '0',
  `systems_none` int(11) NOT NULL DEFAULT '0',
  PRIMARY KEY (`id_client`),
  UNIQUE KEY `putdate_begin` (`putdate_begin`)
) ENGINE=MyISAM DEFAULT CHARSET=cp1251 AUTO_INCREMENT=1 ;

--
-- Дамп данных таблицы `powercounter_arch_clients_week`
--


-- --------------------------------------------------------

--
-- Структура таблицы `powercounter_arch_deep`
--

CREATE TABLE IF NOT EXISTS `powercounter_arch_deep` (
  `id_client` int(11) NOT NULL AUTO_INCREMENT,
  `putdate` date NOT NULL DEFAULT '0000-00-00',
  `visit1` int(11) NOT NULL DEFAULT '0',
  `visit2` int(11) NOT NULL DEFAULT '0',
  `visit3` int(11) NOT NULL DEFAULT '0',
  `visit4` int(11) NOT NULL DEFAULT '0',
  `visit5` int(11) NOT NULL DEFAULT '0',
  `visit6` int(11) NOT NULL DEFAULT '0',
  `visit7` int(11) NOT NULL DEFAULT '0',
  `visit8` int(11) NOT NULL DEFAULT '0',
  `visit9` int(11) NOT NULL DEFAULT '0',
  `visit10` int(11) NOT NULL DEFAULT '0',
  `visit20` int(11) NOT NULL DEFAULT '0',
  `visit30` int(11) NOT NULL DEFAULT '0',
  `visit40` int(11) NOT NULL DEFAULT '0',
  `visit50` int(11) NOT NULL DEFAULT '0',
  `visit60` int(11) NOT NULL DEFAULT '0',
  `visit70` int(11) NOT NULL DEFAULT '0',
  `visit80` int(11) NOT NULL DEFAULT '0',
  `visit90` int(11) NOT NULL DEFAULT '0',
  `visit100` int(11) NOT NULL DEFAULT '0',
  `visitmore` int(11) NOT NULL DEFAULT '0',
  PRIMARY KEY (`id_client`),
  UNIQUE KEY `putdate` (`putdate`)
) ENGINE=MyISAM  DEFAULT CHARSET=cp1251 AUTO_INCREMENT=8 ;

--
-- Дамп данных таблицы `powercounter_arch_deep`
--

INSERT INTO `powercounter_arch_deep` (`id_client`, `putdate`, `visit1`, `visit2`, `visit3`, `visit4`, `visit5`, `visit6`, `visit7`, `visit8`, `visit9`, `visit10`, `visit20`, `visit30`, `visit40`, `visit50`, `visit60`, `visit70`, `visit80`, `visit90`, `visit100`, `visitmore`) VALUES
(1, '2009-10-27', 18, 10, 0, 1, 1, 0, 0, 0, 1, 1, 1, 0, 0, 0, 0, 0, 1, 0, 0, 0),
(2, '2009-10-28', 31, 3, 1, 1, 2, 1, 1, 0, 0, 0, 0, 0, 0, 0, 0, 0, 0, 1, 0, 0),
(3, '2009-10-29', 12, 2, 5, 0, 0, 0, 0, 0, 0, 0, 1, 0, 0, 0, 0, 0, 1, 0, 0, 1),
(4, '2009-10-30', 12, 2, 2, 1, 1, 0, 0, 0, 0, 0, 1, 2, 0, 0, 1, 0, 0, 0, 0, 0),
(5, '2009-10-31', 9, 0, 1, 0, 1, 0, 0, 0, 1, 0, 0, 0, 0, 0, 0, 0, 0, 0, 0, 0),
(6, '2009-11-01', 8, 3, 1, 0, 1, 1, 0, 0, 0, 0, 0, 0, 1, 0, 0, 0, 0, 0, 0, 0),
(7, '2009-11-02', 9, 0, 0, 0, 1, 0, 0, 0, 0, 1, 1, 0, 0, 0, 0, 0, 0, 0, 0, 0);

-- --------------------------------------------------------

--
-- Структура таблицы `powercounter_arch_deep_month`
--

CREATE TABLE IF NOT EXISTS `powercounter_arch_deep_month` (
  `id_client` int(11) NOT NULL AUTO_INCREMENT,
  `putdate` date NOT NULL DEFAULT '0000-00-00',
  `visit1` int(11) NOT NULL DEFAULT '0',
  `visit2` int(11) NOT NULL DEFAULT '0',
  `visit3` int(11) NOT NULL DEFAULT '0',
  `visit4` int(11) NOT NULL DEFAULT '0',
  `visit5` int(11) NOT NULL DEFAULT '0',
  `visit6` int(11) NOT NULL DEFAULT '0',
  `visit7` int(11) NOT NULL DEFAULT '0',
  `visit8` int(11) NOT NULL DEFAULT '0',
  `visit9` int(11) NOT NULL DEFAULT '0',
  `visit10` int(11) NOT NULL DEFAULT '0',
  `visit20` int(11) NOT NULL DEFAULT '0',
  `visit30` int(11) NOT NULL DEFAULT '0',
  `visit40` int(11) NOT NULL DEFAULT '0',
  `visit50` int(11) NOT NULL DEFAULT '0',
  `visit60` int(11) NOT NULL DEFAULT '0',
  `visit70` int(11) NOT NULL DEFAULT '0',
  `visit80` int(11) NOT NULL DEFAULT '0',
  `visit90` int(11) NOT NULL DEFAULT '0',
  `visit100` int(11) NOT NULL DEFAULT '0',
  `visitmore` int(11) NOT NULL DEFAULT '0',
  PRIMARY KEY (`id_client`),
  UNIQUE KEY `putdate` (`putdate`)
) ENGINE=MyISAM  DEFAULT CHARSET=cp1251 AUTO_INCREMENT=2 ;

--
-- Дамп данных таблицы `powercounter_arch_deep_month`
--

INSERT INTO `powercounter_arch_deep_month` (`id_client`, `putdate`, `visit1`, `visit2`, `visit3`, `visit4`, `visit5`, `visit6`, `visit7`, `visit8`, `visit9`, `visit10`, `visit20`, `visit30`, `visit40`, `visit50`, `visit60`, `visit70`, `visit80`, `visit90`, `visit100`, `visitmore`) VALUES
(1, '2009-10-01', 82, 17, 9, 3, 5, 1, 1, 0, 2, 1, 3, 2, 0, 0, 1, 0, 2, 1, 0, 1);

-- --------------------------------------------------------

--
-- Структура таблицы `powercounter_arch_deep_week`
--

CREATE TABLE IF NOT EXISTS `powercounter_arch_deep_week` (
  `id_client` int(11) NOT NULL AUTO_INCREMENT,
  `putdate_begin` date NOT NULL DEFAULT '0000-00-00',
  `putdate_end` date NOT NULL DEFAULT '0000-00-00',
  `visit1` int(11) NOT NULL DEFAULT '0',
  `visit2` int(11) NOT NULL DEFAULT '0',
  `visit3` int(11) NOT NULL DEFAULT '0',
  `visit4` int(11) NOT NULL DEFAULT '0',
  `visit5` int(11) NOT NULL DEFAULT '0',
  `visit6` int(11) NOT NULL DEFAULT '0',
  `visit7` int(11) NOT NULL DEFAULT '0',
  `visit8` int(11) NOT NULL DEFAULT '0',
  `visit9` int(11) NOT NULL DEFAULT '0',
  `visit10` int(11) NOT NULL DEFAULT '0',
  `visit20` int(11) NOT NULL DEFAULT '0',
  `visit30` int(11) NOT NULL DEFAULT '0',
  `visit40` int(11) NOT NULL DEFAULT '0',
  `visit50` int(11) NOT NULL DEFAULT '0',
  `visit60` int(11) NOT NULL DEFAULT '0',
  `visit70` int(11) NOT NULL DEFAULT '0',
  `visit80` int(11) NOT NULL DEFAULT '0',
  `visit90` int(11) NOT NULL DEFAULT '0',
  `visit100` int(11) NOT NULL DEFAULT '0',
  `visitmore` int(11) NOT NULL DEFAULT '0',
  PRIMARY KEY (`id_client`),
  UNIQUE KEY `putdate_begin` (`putdate_begin`)
) ENGINE=MyISAM DEFAULT CHARSET=cp1251 AUTO_INCREMENT=1 ;

--
-- Дамп данных таблицы `powercounter_arch_deep_week`
--


-- --------------------------------------------------------

--
-- Структура таблицы `powercounter_arch_enterpoint`
--

CREATE TABLE IF NOT EXISTS `powercounter_arch_enterpoint` (
  `id_enterpoint` int(11) NOT NULL AUTO_INCREMENT,
  `putdate` date NOT NULL DEFAULT '0000-00-00',
  `page` tinytext NOT NULL,
  `total` int(11) NOT NULL DEFAULT '0',
  PRIMARY KEY (`id_enterpoint`)
) ENGINE=MyISAM  DEFAULT CHARSET=cp1251 AUTO_INCREMENT=20 ;

--
-- Дамп данных таблицы `powercounter_arch_enterpoint`
--

INSERT INTO `powercounter_arch_enterpoint` (`id_enterpoint`, `putdate`, `page`, `total`) VALUES
(1, '2009-10-27', '/forum.php', 20),
(2, '2009-10-27', '/index.php', 14),
(3, '2009-10-28', '/forum.php', 24),
(4, '2009-10-28', '/index.php', 16),
(5, '2009-10-28', '/up.php', 1),
(6, '2009-10-29', '/forum.php', 13),
(7, '2009-10-29', '/index.php', 8),
(8, '2009-10-29', '/add.php', 1),
(9, '2009-10-30', '/forum.php', 13),
(10, '2009-10-30', '/index.php', 9),
(11, '2009-10-31', '/forum.php', 7),
(12, '2009-10-31', '/index.php', 3),
(13, '2009-10-31', '/up.php', 2),
(14, '2009-11-01', '/forum.php', 10),
(15, '2009-11-01', '/index.php', 4),
(16, '2009-11-01', '/up.php', 1),
(17, '2009-11-02', '/forum.php', 7),
(18, '2009-11-02', '/index.php', 4),
(19, '2009-11-02', '/up.php', 1);

-- --------------------------------------------------------

--
-- Структура таблицы `powercounter_arch_enterpoint_month`
--

CREATE TABLE IF NOT EXISTS `powercounter_arch_enterpoint_month` (
  `id_enterpoint` int(11) NOT NULL AUTO_INCREMENT,
  `putdate` date NOT NULL DEFAULT '0000-00-00',
  `page` tinytext NOT NULL,
  `total` int(11) NOT NULL DEFAULT '0',
  PRIMARY KEY (`id_enterpoint`)
) ENGINE=MyISAM  DEFAULT CHARSET=cp1251 AUTO_INCREMENT=5 ;

--
-- Дамп данных таблицы `powercounter_arch_enterpoint_month`
--

INSERT INTO `powercounter_arch_enterpoint_month` (`id_enterpoint`, `putdate`, `page`, `total`) VALUES
(1, '2009-10-01', '/forum.php', 77),
(2, '2009-10-01', '/index.php', 50),
(3, '2009-10-01', '/up.php', 3),
(4, '2009-10-01', '/add.php', 1);

-- --------------------------------------------------------

--
-- Структура таблицы `powercounter_arch_enterpoint_week`
--

CREATE TABLE IF NOT EXISTS `powercounter_arch_enterpoint_week` (
  `id_enterpoint` int(11) NOT NULL AUTO_INCREMENT,
  `putdate_begin` date NOT NULL DEFAULT '0000-00-00',
  `putdate_end` date NOT NULL DEFAULT '0000-00-00',
  `page` tinytext NOT NULL,
  `total` int(11) NOT NULL DEFAULT '0',
  PRIMARY KEY (`id_enterpoint`)
) ENGINE=MyISAM DEFAULT CHARSET=cp1251 AUTO_INCREMENT=1 ;

--
-- Дамп данных таблицы `powercounter_arch_enterpoint_week`
--


-- --------------------------------------------------------

--
-- Структура таблицы `powercounter_arch_hits`
--

CREATE TABLE IF NOT EXISTS `powercounter_arch_hits` (
  `id_ip` int(3) NOT NULL AUTO_INCREMENT,
  `putdate` date NOT NULL DEFAULT '0000-00-00',
  `hosts_total` int(11) NOT NULL DEFAULT '0',
  `host` int(11) NOT NULL DEFAULT '0',
  `hits_total` int(11) NOT NULL DEFAULT '0',
  `hits` int(11) NOT NULL DEFAULT '0',
  PRIMARY KEY (`id_ip`),
  UNIQUE KEY `putdate` (`putdate`)
) ENGINE=MyISAM  DEFAULT CHARSET=cp1251 AUTO_INCREMENT=8 ;

--
-- Дамп данных таблицы `powercounter_arch_hits`
--

INSERT INTO `powercounter_arch_hits` (`id_ip`, `putdate`, `hosts_total`, `host`, `hits_total`, `hits`) VALUES
(1, '2009-10-27', 39, 33, 238, 223),
(2, '2009-10-28', 46, 40, 260, 196),
(3, '2009-10-29', 26, 20, 347, 305),
(4, '2009-10-30', 29, 20, 479, 438),
(5, '2009-10-31', 15, 11, 106, 72),
(6, '2009-11-01', 21, 13, 150, 118),
(7, '2009-11-02', 16, 11, 87, 85);

-- --------------------------------------------------------

--
-- Структура таблицы `powercounter_arch_hits_month`
--

CREATE TABLE IF NOT EXISTS `powercounter_arch_hits_month` (
  `id_ip` int(3) NOT NULL AUTO_INCREMENT,
  `putdate` date NOT NULL DEFAULT '0000-00-00',
  `hosts_total` int(11) NOT NULL DEFAULT '0',
  `host` int(11) NOT NULL DEFAULT '0',
  `hits_total` int(11) NOT NULL DEFAULT '0',
  `hits` int(11) NOT NULL DEFAULT '0',
  PRIMARY KEY (`id_ip`),
  UNIQUE KEY `putdate` (`putdate`)
) ENGINE=MyISAM  DEFAULT CHARSET=cp1251 AUTO_INCREMENT=2 ;

--
-- Дамп данных таблицы `powercounter_arch_hits_month`
--

INSERT INTO `powercounter_arch_hits_month` (`id_ip`, `putdate`, `hosts_total`, `host`, `hits_total`, `hits`) VALUES
(1, '2009-10-01', 155, 124, 1430, 1234);

-- --------------------------------------------------------

--
-- Структура таблицы `powercounter_arch_hits_week`
--

CREATE TABLE IF NOT EXISTS `powercounter_arch_hits_week` (
  `id_ip` int(11) NOT NULL AUTO_INCREMENT,
  `putdate_begin` date NOT NULL DEFAULT '0000-00-00',
  `putdate_end` date NOT NULL DEFAULT '0000-00-00',
  `hosts_total` int(11) NOT NULL DEFAULT '0',
  `host` int(11) NOT NULL DEFAULT '0',
  `hits_total` int(11) NOT NULL DEFAULT '0',
  `hits` int(11) NOT NULL DEFAULT '0',
  PRIMARY KEY (`id_ip`),
  UNIQUE KEY `putdate_begin` (`putdate_begin`)
) ENGINE=MyISAM DEFAULT CHARSET=cp1251 AUTO_INCREMENT=1 ;

--
-- Дамп данных таблицы `powercounter_arch_hits_week`
--


-- --------------------------------------------------------

--
-- Структура таблицы `powercounter_arch_ip`
--

CREATE TABLE IF NOT EXISTS `powercounter_arch_ip` (
  `id_ip` int(3) NOT NULL AUTO_INCREMENT,
  `putdate` date NOT NULL DEFAULT '0000-00-00',
  `ip` bigint(20) NOT NULL DEFAULT '0',
  `total` int(11) NOT NULL DEFAULT '0',
  PRIMARY KEY (`id_ip`)
) ENGINE=MyISAM  DEFAULT CHARSET=cp1251 AUTO_INCREMENT=132 ;

--
-- Дамп данных таблицы `powercounter_arch_ip`
--

INSERT INTO `powercounter_arch_ip` (`id_ip`, `putdate`, `ip`, `total`) VALUES
(1, '2009-10-27', 1546323782, 76),
(2, '2009-10-27', 1476067057, 66),
(3, '2009-10-27', 1602680582, 14),
(4, '2009-10-27', 3632363307, 12),
(5, '2009-10-27', 2927697071, 10),
(6, '2009-10-27', 1607925797, 9),
(7, '2009-10-27', 3158886973, 5),
(8, '2009-10-27', 1123632293, 4),
(9, '2009-10-27', 1125580913, 2),
(10, '2009-10-27', 2016555499, 2),
(11, '2009-10-27', 1559341155, 2),
(12, '2009-10-27', 3396370043, 2),
(13, '2009-10-27', 1559341480, 2),
(14, '2009-10-27', 1559341485, 2),
(15, '2009-10-27', 3564095278, 2),
(16, '2009-10-27', 1297990965, 2),
(17, '2009-10-27', 1559341487, 2),
(18, '2009-10-27', 1315609248, 2),
(19, '2009-10-27', 1559341488, 2),
(20, '2009-10-27', 3740449962, 1),
(21, '2009-10-28', 1546323782, 87),
(22, '2009-10-28', 1109166900, 59),
(23, '2009-10-28', 1476067057, 41),
(24, '2009-10-28', 1360216666, 7),
(25, '2009-10-28', 1123631596, 6),
(26, '2009-10-28', 1595630598, 5),
(27, '2009-10-28', 1048230786, 5),
(28, '2009-10-28', 3632363307, 4),
(29, '2009-10-28', 3158886973, 4),
(30, '2009-10-28', 1047876967, 3),
(31, '2009-10-28', 1941596052, 2),
(32, '2009-10-28', 3158389295, 2),
(33, '2009-10-28', 3371062065, 2),
(34, '2009-10-28', 3560168925, 1),
(35, '2009-10-28', 403421811, 1),
(36, '2009-10-28', 1427899241, 1),
(37, '2009-10-28', 1595608710, 1),
(38, '2009-10-28', 3564095278, 1),
(39, '2009-10-28', 1000754883, 1),
(40, '2009-10-28', 3630698370, 1),
(41, '2009-10-29', 1123631596, 144),
(42, '2009-10-29', 1546323782, 71),
(43, '2009-10-29', 1476067057, 40),
(44, '2009-10-29', 3632363307, 40),
(45, '2009-10-29', 1583831542, 19),
(46, '2009-10-29', 1604959785, 3),
(47, '2009-10-29', 3158886973, 3),
(48, '2009-10-29', 3276113706, 3),
(49, '2009-10-29', 1559341485, 3),
(50, '2009-10-29', 1559341487, 3),
(51, '2009-10-29', 1559341155, 2),
(52, '2009-10-29', 3670671793, 2),
(53, '2009-10-29', 1054158245, 1),
(54, '2009-10-29', 1593212513, 1),
(55, '2009-10-29', 1123632194, 1),
(56, '2009-10-29', 1600692255, 1),
(57, '2009-10-29', 1370563909, 1),
(58, '2009-10-29', 2071829646, 1),
(59, '2009-10-29', 1503104325, 1),
(60, '2009-10-29', 2819270717, 1),
(61, '2009-10-30', 1360216659, 176),
(62, '2009-10-30', 1476067057, 106),
(63, '2009-10-30', 1123631596, 51),
(64, '2009-10-30', 3632363307, 40),
(65, '2009-10-30', 1546323782, 30),
(66, '2009-10-30', 1539986473, 29),
(67, '2009-10-30', 1595490799, 11),
(68, '2009-10-30', 3158886973, 5),
(69, '2009-10-30', 1540131230, 4),
(70, '2009-10-30', 1540584761, 3),
(71, '2009-10-30', 3286580893, 3),
(72, '2009-10-30', 1360216666, 2),
(73, '2009-10-30', 1600949910, 2),
(74, '2009-10-30', 1998274302, 2),
(75, '2009-10-30', 992240282, 1),
(76, '2009-10-30', 3453489222, 1),
(77, '2009-10-30', 1546597764, 1),
(78, '2009-10-30', 3585396707, 1),
(79, '2009-10-30', 1136881626, 1),
(80, '2009-10-30', 1559341155, 1),
(81, '2009-10-31', 1476067057, 35),
(82, '2009-10-31', 3632363307, 34),
(83, '2009-10-31', 1360216659, 11),
(84, '2009-10-31', 1607925797, 9),
(85, '2009-10-31', 3158886973, 5),
(86, '2009-10-31', 1123631596, 3),
(87, '2009-10-31', 1094466154, 1),
(88, '2009-10-31', 3411167686, 1),
(89, '2009-10-31', 1261512030, 1),
(90, '2009-10-31', 1583831542, 1),
(91, '2009-10-31', 1593212476, 1),
(92, '2009-10-31', 1595631799, 1),
(93, '2009-10-31', 1602689944, 1),
(94, '2009-10-31', 2015117405, 1),
(95, '2009-10-31', 2903904185, 1),
(96, '2009-11-01', 1476067057, 54),
(97, '2009-11-01', 1546323782, 33),
(98, '2009-11-01', 3632363307, 30),
(99, '2009-11-01', 1607925797, 6),
(100, '2009-11-01', 3158886973, 5),
(101, '2009-11-01', 1336217799, 3),
(102, '2009-11-01', 1123631596, 2),
(103, '2009-11-01', 1600949910, 2),
(104, '2009-11-01', 1360216666, 2),
(105, '2009-11-01', 1559341155, 2),
(106, '2009-11-01', 1024633563, 1),
(107, '2009-11-01', 1572323466, 1),
(108, '2009-11-01', 1598264454, 1),
(109, '2009-11-01', 1129732845, 1),
(110, '2009-11-01', 1245298659, 1),
(111, '2009-11-01', 1310540889, 1),
(112, '2009-11-01', 3644917854, 1),
(113, '2009-11-01', 1360607767, 1),
(114, '2009-11-01', 3648127964, 1),
(115, '2009-11-01', 1403482254, 1),
(116, '2009-11-02', 1476067057, 48),
(117, '2009-11-02', 1607925797, 12),
(118, '2009-11-02', 1546323782, 10),
(119, '2009-11-02', 3158886973, 5),
(120, '2009-11-02', 1123631596, 1),
(121, '2009-11-02', 3248855629, 1),
(122, '2009-11-02', 1310674722, 1),
(123, '2009-11-02', 3259171286, 1),
(124, '2009-11-02', 1360607767, 1),
(125, '2009-11-02', 3632363307, 1),
(126, '2009-11-02', 1559341155, 1),
(127, '2009-11-02', 1568477812, 1),
(128, '2009-11-02', 1657843552, 1),
(129, '2009-11-02', 1926826965, 1),
(130, '2009-11-02', 2098050997, 1),
(131, '2009-11-02', 3156766223, 1);

-- --------------------------------------------------------

--
-- Структура таблицы `powercounter_arch_ip_month`
--

CREATE TABLE IF NOT EXISTS `powercounter_arch_ip_month` (
  `id_ip` int(3) NOT NULL AUTO_INCREMENT,
  `putdate` date NOT NULL DEFAULT '0000-00-00',
  `ip` bigint(20) NOT NULL DEFAULT '0',
  `total` int(11) NOT NULL DEFAULT '0',
  PRIMARY KEY (`id_ip`)
) ENGINE=MyISAM  DEFAULT CHARSET=cp1251 AUTO_INCREMENT=21 ;

--
-- Дамп данных таблицы `powercounter_arch_ip_month`
--

INSERT INTO `powercounter_arch_ip_month` (`id_ip`, `putdate`, `ip`, `total`) VALUES
(1, '2009-10-01', 1476067057, 288),
(2, '2009-10-01', 1546323782, 264),
(3, '2009-10-01', 1123631596, 204),
(4, '2009-10-01', 1360216659, 187),
(5, '2009-10-01', 3632363307, 130),
(6, '2009-10-01', 1109166900, 59),
(7, '2009-10-01', 1539986473, 29),
(8, '2009-10-01', 3158886973, 22),
(9, '2009-10-01', 1583831542, 20),
(10, '2009-10-01', 1607925797, 18),
(11, '2009-10-01', 1602680582, 14),
(12, '2009-10-01', 1595490799, 11),
(13, '2009-10-01', 2927697071, 10),
(14, '2009-10-01', 1360216666, 9),
(15, '2009-10-01', 1559341155, 5),
(16, '2009-10-01', 1559341485, 5),
(17, '2009-10-01', 1595630598, 5),
(18, '2009-10-01', 1048230786, 5),
(19, '2009-10-01', 1559341487, 5),
(20, '2009-10-01', 1540131230, 4);

-- --------------------------------------------------------

--
-- Структура таблицы `powercounter_arch_ip_week`
--

CREATE TABLE IF NOT EXISTS `powercounter_arch_ip_week` (
  `id_ip` int(3) NOT NULL AUTO_INCREMENT,
  `putdate_begin` date NOT NULL DEFAULT '0000-00-00',
  `putdate_end` date NOT NULL DEFAULT '0000-00-00',
  `ip` bigint(20) NOT NULL DEFAULT '0',
  `total` int(11) NOT NULL DEFAULT '0',
  PRIMARY KEY (`id_ip`)
) ENGINE=MyISAM DEFAULT CHARSET=cp1251 AUTO_INCREMENT=1 ;

--
-- Дамп данных таблицы `powercounter_arch_ip_week`
--


-- --------------------------------------------------------

--
-- Структура таблицы `powercounter_arch_num_searchquery`
--

CREATE TABLE IF NOT EXISTS `powercounter_arch_num_searchquery` (
  `id_num_searchquery` int(11) NOT NULL AUTO_INCREMENT,
  `putdate` date NOT NULL DEFAULT '0000-00-00',
  `number_yandex` int(11) NOT NULL DEFAULT '0',
  `number_google` int(11) NOT NULL DEFAULT '0',
  `number_rambler` int(11) NOT NULL DEFAULT '0',
  `number_aport` int(11) NOT NULL DEFAULT '0',
  `number_msn` int(11) NOT NULL DEFAULT '0',
  `number_mail` int(11) NOT NULL DEFAULT '0',
  PRIMARY KEY (`id_num_searchquery`),
  UNIQUE KEY `putdate` (`putdate`)
) ENGINE=MyISAM  DEFAULT CHARSET=cp1251 AUTO_INCREMENT=4 ;

--
-- Дамп данных таблицы `powercounter_arch_num_searchquery`
--

INSERT INTO `powercounter_arch_num_searchquery` (`id_num_searchquery`, `putdate`, `number_yandex`, `number_google`, `number_rambler`, `number_aport`, `number_msn`, `number_mail`) VALUES
(1, '2009-10-31', 0, 2, 0, 0, 0, 0),
(2, '2009-11-01', 0, 1, 0, 0, 0, 0),
(3, '2009-11-02', 0, 0, 0, 0, 0, 0);

-- --------------------------------------------------------

--
-- Структура таблицы `powercounter_arch_num_searchquery_month`
--

CREATE TABLE IF NOT EXISTS `powercounter_arch_num_searchquery_month` (
  `id_num_searchquery` int(11) NOT NULL AUTO_INCREMENT,
  `putdate` date NOT NULL DEFAULT '0000-00-00',
  `number_yandex` int(11) NOT NULL DEFAULT '0',
  `number_google` int(11) NOT NULL DEFAULT '0',
  `number_rambler` int(11) NOT NULL DEFAULT '0',
  `number_aport` int(11) NOT NULL DEFAULT '0',
  `number_msn` int(11) NOT NULL DEFAULT '0',
  `number_mail` int(11) NOT NULL DEFAULT '0',
  PRIMARY KEY (`id_num_searchquery`),
  UNIQUE KEY `putdate` (`putdate`)
) ENGINE=MyISAM  DEFAULT CHARSET=cp1251 AUTO_INCREMENT=2 ;

--
-- Дамп данных таблицы `powercounter_arch_num_searchquery_month`
--

INSERT INTO `powercounter_arch_num_searchquery_month` (`id_num_searchquery`, `putdate`, `number_yandex`, `number_google`, `number_rambler`, `number_aport`, `number_msn`, `number_mail`) VALUES
(1, '2009-10-01', 0, 2, 0, 0, 0, 0);

-- --------------------------------------------------------

--
-- Структура таблицы `powercounter_arch_num_searchquery_week`
--

CREATE TABLE IF NOT EXISTS `powercounter_arch_num_searchquery_week` (
  `id_num_searchquery` int(11) NOT NULL AUTO_INCREMENT,
  `putdate_begin` date NOT NULL DEFAULT '0000-00-00',
  `putdate_end` date NOT NULL DEFAULT '0000-00-00',
  `number_yandex` int(11) NOT NULL DEFAULT '0',
  `number_google` int(11) NOT NULL DEFAULT '0',
  `number_rambler` int(11) NOT NULL DEFAULT '0',
  `number_aport` int(11) NOT NULL DEFAULT '0',
  `number_msn` int(11) NOT NULL DEFAULT '0',
  `number_mail` int(11) NOT NULL DEFAULT '0',
  PRIMARY KEY (`id_num_searchquery`),
  UNIQUE KEY `putdate_begin` (`putdate_begin`)
) ENGINE=MyISAM DEFAULT CHARSET=cp1251 AUTO_INCREMENT=1 ;

--
-- Дамп данных таблицы `powercounter_arch_num_searchquery_week`
--


-- --------------------------------------------------------

--
-- Структура таблицы `powercounter_arch_refferer`
--

CREATE TABLE IF NOT EXISTS `powercounter_arch_refferer` (
  `id_refferer` int(11) NOT NULL AUTO_INCREMENT,
  `putdate` date NOT NULL DEFAULT '0000-00-00',
  `name` tinytext NOT NULL,
  `total` int(11) NOT NULL DEFAULT '0',
  PRIMARY KEY (`id_refferer`)
) ENGINE=MyISAM  DEFAULT CHARSET=cp1251 AUTO_INCREMENT=47 ;

--
-- Дамп данных таблицы `powercounter_arch_refferer`
--

INSERT INTO `powercounter_arch_refferer` (`id_refferer`, `putdate`, `name`, `total`) VALUES
(1, '2009-10-27', 'http://ru.wikipedia.org/wiki/Р­Р·РѕС‚РµСЂРёС‡РµСЃРєРёРµ_СЏР·С‹РєРё_РїСЂРѕРіСЂР°РјРјРёСЂРѕРІР°РЅРёСЏ', 6),
(2, '2009-10-27', 'http://ru.wikipedia.org/w/index.php?title=Р­РєР·РѕС‚РµСЂРёРєР°&stable=0', 1),
(3, '2009-10-27', 'http://forum.dreamhackers.org/index.php?showtopic=9825&pid=82882&st=0&', 1),
(4, '2009-10-28', 'http://ru.wikipedia.org/wiki/Р­Р·РѕС‚РµСЂРёС‡РµСЃРєРёРµ_СЏР·С‹РєРё_РїСЂРѕРіСЂР°РјРјРёСЂРѕРІР°РЅРёСЏ', 5),
(5, '2009-10-28', 'http://www.cdrrhq.ru/forum/chat/', 4),
(6, '2009-10-28', 'http://forum.dreamhackers.org/index.php?showtopic=7029', 1),
(7, '2009-10-28', 'http://forum.dreamhackers.org/index.php?showtopic=9825', 1),
(8, '2009-10-28', 'http://mycrap.ru/profile/DMk/', 1),
(9, '2009-10-28', 'http://www.ovale.ru', 1),
(10, '2009-10-29', 'http://mycrap.ru/profile/DMk/', 2),
(11, '2009-10-29', 'http://ru.wikipedia.org/wiki/Р­Р·РѕС‚РµСЂРёС‡РµСЃРєРёРµ_СЏР·С‹РєРё_РїСЂРѕРіСЂР°РјРјРёСЂРѕРІР°РЅРёСЏ', 1),
(12, '2009-10-30', 'http://top.mail.ru/refservers?id=1619728&period=0&date=2009-10-30', 2),
(13, '2009-10-30', 'http://mycrap.ru/profile/DMk/', 1),
(14, '2009-10-30', 'http://ru.wikipedia.org/wiki/Р­Р·РѕС‚РµСЂРёС‡РµСЃРєРёРµ_СЏР·С‹РєРё_РїСЂРѕРіСЂР°РјРјРёСЂРѕРІР°РЅРёСЏ', 1),
(15, '2009-10-30', 'http://forum.dreamhackers.org/index.php?showtopic=10079', 1),
(16, '2009-10-30', 'http://fish.jetforum.ru/index.php', 1),
(17, '2009-10-31', 'http://icetv.ru/tags/russian/', 1),
(18, '2009-10-31', 'http://icetv.ru/tags/prodigy/page-2/', 1),
(19, '2009-10-31', 'http://icetv.ru/tags/all/page-2/', 1),
(20, '2009-10-31', 'http://icetv.ru/memberlist.html?page=1&sortby=name', 1),
(21, '2009-10-31', 'http://icetv.ru/browse-electro-videos-11-date.html', 1),
(22, '2009-10-31', 'http://icetv.ru/tags/rmx/page-5/', 1),
(23, '2009-10-31', 'http://icetv.ru/tags/gun/', 1),
(24, '2009-10-31', 'http://icetv.ru/browse-russian-videos-10-date.html', 1),
(25, '2009-10-31', 'http://icetv.ru/tags/plazma/', 1),
(26, '2009-11-01', 'http://www.ovale.ru', 1),
(27, '2009-11-01', 'http://icetv.ru/tags/video/page-3/', 1),
(28, '2009-11-01', 'http://icetv.ru/Ангина/Болела-video_97c3339f5.html', 1),
(29, '2009-11-01', 'http://icetv.ru/memberlist.html?letter=n', 1),
(30, '2009-11-01', 'http://icetv.ru/browse-rnb-videos-4-date.html', 1),
(31, '2009-11-01', 'http://icetv.ru/tags/demo/', 1),
(32, '2009-11-01', 'http://icetv.ru/browse-hiphop-videos-3-date.html', 1),
(33, '2009-11-02', 'http://icetv.ru/tags/pop/', 1),
(34, '2009-11-02', 'http://icetv.ru/browse-rock-videos-4-date.html', 1),
(35, '2009-11-02', 'http://icetv.ru/tags/РІСЃС‚СЂРµС‡Рё/', 1),
(36, '2009-11-02', 'http://icetv.ru/tags/gun/', 1),
(37, '2009-11-02', 'http://icetv.ru/memberlist.html?letter=other', 1),
(38, '2009-11-02', 'http://icetv.ru/tags/video/page-5/', 1),
(39, '2009-11-02', 'http://fish.jetforum.ru/index.php', 1),
(40, '2009-11-02', 'http://icetv.ru/Xenia/Heartbeat-video_f54efa6ae.html', 1),
(41, '2009-11-02', 'http://icetv.ru/tags/all/page-8/', 1),
(42, '2009-11-02', 'http://icetv.ru/tags/music/page-2/', 1),
(43, '2009-11-02', 'http://icetv.ru/tags/90s/page-3/', 1),
(44, '2009-11-02', 'http://icetv.ru/tags/rmx/page-4/', 1),
(45, '2009-11-02', 'http://www.ovale.ru', 1),
(46, '2009-11-02', 'http://icetv.ru/tags/video/page-10/', 1);

-- --------------------------------------------------------

--
-- Структура таблицы `powercounter_arch_refferer_month`
--

CREATE TABLE IF NOT EXISTS `powercounter_arch_refferer_month` (
  `id_refferer` int(11) NOT NULL AUTO_INCREMENT,
  `putdate` date NOT NULL DEFAULT '0000-00-00',
  `name` tinytext NOT NULL,
  `total` int(11) NOT NULL DEFAULT '0',
  PRIMARY KEY (`id_refferer`)
) ENGINE=MyISAM  DEFAULT CHARSET=cp1251 AUTO_INCREMENT=21 ;

--
-- Дамп данных таблицы `powercounter_arch_refferer_month`
--

INSERT INTO `powercounter_arch_refferer_month` (`id_refferer`, `putdate`, `name`, `total`) VALUES
(1, '2009-10-01', 'http://ru.wikipedia.org/wiki/Р­Р·РѕС‚РµСЂРёС‡РµСЃРєРёРµ_СЏР·С‹РєРё_РїСЂРѕРіСЂР°РјРјРёСЂРѕРІР°РЅРёСЏ', 13),
(2, '2009-10-01', 'http://www.cdrrhq.ru/forum/chat/', 4),
(3, '2009-10-01', 'http://mycrap.ru/profile/DMk/', 4),
(4, '2009-10-01', 'http://top.mail.ru/refservers?id=1619728&period=0&date=2009-10-30', 2),
(5, '2009-10-01', 'http://ru.wikipedia.org/w/index.php?title=Р­РєР·РѕС‚РµСЂРёРєР°&stable=0', 1),
(6, '2009-10-01', 'http://forum.dreamhackers.org/index.php?showtopic=9825&pid=82882&st=0&', 1),
(7, '2009-10-01', 'http://forum.dreamhackers.org/index.php?showtopic=7029', 1),
(8, '2009-10-01', 'http://forum.dreamhackers.org/index.php?showtopic=9825', 1),
(9, '2009-10-01', 'http://www.ovale.ru', 1),
(10, '2009-10-01', 'http://forum.dreamhackers.org/index.php?showtopic=10079', 1),
(11, '2009-10-01', 'http://fish.jetforum.ru/index.php', 1),
(12, '2009-10-01', 'http://icetv.ru/tags/russian/', 1),
(13, '2009-10-01', 'http://icetv.ru/tags/prodigy/page-2/', 1),
(14, '2009-10-01', 'http://icetv.ru/tags/all/page-2/', 1),
(15, '2009-10-01', 'http://icetv.ru/memberlist.html?page=1&sortby=name', 1),
(16, '2009-10-01', 'http://icetv.ru/browse-electro-videos-11-date.html', 1),
(17, '2009-10-01', 'http://icetv.ru/tags/rmx/page-5/', 1),
(18, '2009-10-01', 'http://icetv.ru/tags/gun/', 1),
(19, '2009-10-01', 'http://icetv.ru/browse-russian-videos-10-date.html', 1),
(20, '2009-10-01', 'http://icetv.ru/tags/plazma/', 1);

-- --------------------------------------------------------

--
-- Структура таблицы `powercounter_arch_refferer_week`
--

CREATE TABLE IF NOT EXISTS `powercounter_arch_refferer_week` (
  `id_refferer` int(11) NOT NULL AUTO_INCREMENT,
  `putdate_begin` date NOT NULL DEFAULT '0000-00-00',
  `putdate_end` date NOT NULL DEFAULT '0000-00-00',
  `name` tinytext NOT NULL,
  `total` int(11) NOT NULL DEFAULT '0',
  PRIMARY KEY (`id_refferer`)
) ENGINE=MyISAM DEFAULT CHARSET=cp1251 AUTO_INCREMENT=1 ;

--
-- Дамп данных таблицы `powercounter_arch_refferer_week`
--


-- --------------------------------------------------------

--
-- Структура таблицы `powercounter_arch_robots`
--

CREATE TABLE IF NOT EXISTS `powercounter_arch_robots` (
  `id_client` int(11) NOT NULL AUTO_INCREMENT,
  `putdate` date NOT NULL DEFAULT '0000-00-00',
  `yandex` int(11) NOT NULL DEFAULT '0',
  `rambler` int(11) NOT NULL DEFAULT '0',
  `google` int(11) NOT NULL DEFAULT '0',
  `aport` int(11) NOT NULL DEFAULT '0',
  `msn` int(11) NOT NULL DEFAULT '0',
  `none` int(11) NOT NULL DEFAULT '0',
  PRIMARY KEY (`id_client`),
  UNIQUE KEY `putdate` (`putdate`)
) ENGINE=MyISAM  DEFAULT CHARSET=cp1251 AUTO_INCREMENT=8 ;

--
-- Дамп данных таблицы `powercounter_arch_robots`
--

INSERT INTO `powercounter_arch_robots` (`id_client`, `putdate`, `yandex`, `rambler`, `google`, `aport`, `msn`, `none`) VALUES
(1, '2009-10-27', 66, 0, 4, 1, 0, 15),
(2, '2009-10-28', 41, 7, 6, 0, 0, 64),
(3, '2009-10-29', 40, 0, 145, 0, 0, 42),
(4, '2009-10-30', 109, 178, 51, 1, 0, 41),
(5, '2009-10-31', 35, 11, 3, 0, 0, 34),
(6, '2009-11-01', 57, 2, 2, 0, 0, 32),
(7, '2009-11-02', 48, 0, 1, 1, 0, 2);

-- --------------------------------------------------------

--
-- Структура таблицы `powercounter_arch_robots_month`
--

CREATE TABLE IF NOT EXISTS `powercounter_arch_robots_month` (
  `id_client` int(11) NOT NULL AUTO_INCREMENT,
  `putdate` date NOT NULL DEFAULT '0000-00-00',
  `yandex` int(11) NOT NULL DEFAULT '0',
  `rambler` int(11) NOT NULL DEFAULT '0',
  `google` int(11) NOT NULL DEFAULT '0',
  `aport` int(11) NOT NULL DEFAULT '0',
  `msn` int(11) NOT NULL DEFAULT '0',
  `none` int(11) NOT NULL DEFAULT '0',
  PRIMARY KEY (`id_client`),
  UNIQUE KEY `putdate` (`putdate`),
  UNIQUE KEY `putdate_2` (`putdate`)
) ENGINE=MyISAM  DEFAULT CHARSET=cp1251 AUTO_INCREMENT=2 ;

--
-- Дамп данных таблицы `powercounter_arch_robots_month`
--

INSERT INTO `powercounter_arch_robots_month` (`id_client`, `putdate`, `yandex`, `rambler`, `google`, `aport`, `msn`, `none`) VALUES
(1, '2009-10-01', 291, 196, 209, 2, 0, 196);

-- --------------------------------------------------------

--
-- Структура таблицы `powercounter_arch_robots_week`
--

CREATE TABLE IF NOT EXISTS `powercounter_arch_robots_week` (
  `id_client` int(11) NOT NULL AUTO_INCREMENT,
  `putdate_begin` date NOT NULL DEFAULT '0000-00-00',
  `putdate_end` date NOT NULL DEFAULT '0000-00-00',
  `yandex` int(11) NOT NULL DEFAULT '0',
  `rambler` int(11) NOT NULL DEFAULT '0',
  `google` int(11) NOT NULL DEFAULT '0',
  `aport` int(11) NOT NULL DEFAULT '0',
  `msn` int(11) NOT NULL DEFAULT '0',
  `none` int(11) NOT NULL DEFAULT '0',
  PRIMARY KEY (`id_client`),
  UNIQUE KEY `putdate_begin` (`putdate_begin`)
) ENGINE=MyISAM DEFAULT CHARSET=cp1251 AUTO_INCREMENT=1 ;

--
-- Дамп данных таблицы `powercounter_arch_robots_week`
--


-- --------------------------------------------------------

--
-- Структура таблицы `powercounter_arch_searchquery`
--

CREATE TABLE IF NOT EXISTS `powercounter_arch_searchquery` (
  `id_searchquery` int(11) NOT NULL AUTO_INCREMENT,
  `putdate` date NOT NULL DEFAULT '0000-00-00',
  `name` tinytext NOT NULL,
  `total` int(11) NOT NULL DEFAULT '0',
  `searches` enum('yandex','google','rambler','aport','msn') NOT NULL DEFAULT 'yandex',
  PRIMARY KEY (`id_searchquery`)
) ENGINE=MyISAM  DEFAULT CHARSET=cp1251 AUTO_INCREMENT=4 ;

--
-- Дамп данных таблицы `powercounter_arch_searchquery`
--

INSERT INTO `powercounter_arch_searchquery` (`id_searchquery`, `putdate`, `name`, `total`, `searches`) VALUES
(1, '2009-10-31', 'незванный гость хуже татарина юмор', 1, 'google'),
(2, '2009-10-31', 'саи баба', 1, 'google'),
(3, '2009-11-01', 'вакансии', 1, 'google');

-- --------------------------------------------------------

--
-- Структура таблицы `powercounter_arch_searchquery_month`
--

CREATE TABLE IF NOT EXISTS `powercounter_arch_searchquery_month` (
  `id_searchquery` int(11) NOT NULL AUTO_INCREMENT,
  `putdate` date NOT NULL DEFAULT '0000-00-00',
  `name` tinytext NOT NULL,
  `total` int(11) NOT NULL DEFAULT '0',
  `searches` enum('yandex','google','rambler','aport','msn') NOT NULL DEFAULT 'yandex',
  PRIMARY KEY (`id_searchquery`)
) ENGINE=MyISAM  DEFAULT CHARSET=cp1251 AUTO_INCREMENT=3 ;

--
-- Дамп данных таблицы `powercounter_arch_searchquery_month`
--

INSERT INTO `powercounter_arch_searchquery_month` (`id_searchquery`, `putdate`, `name`, `total`, `searches`) VALUES
(1, '2009-10-01', 'незванный гость хуже татарина юмор', 1, 'google'),
(2, '2009-10-01', 'саи баба', 1, 'google');

-- --------------------------------------------------------

--
-- Структура таблицы `powercounter_arch_searchquery_week`
--

CREATE TABLE IF NOT EXISTS `powercounter_arch_searchquery_week` (
  `id_searchquery` int(11) NOT NULL AUTO_INCREMENT,
  `putdate_begin` date NOT NULL DEFAULT '0000-00-00',
  `putdate_end` date NOT NULL DEFAULT '0000-00-00',
  `name` tinytext NOT NULL,
  `total` int(11) NOT NULL DEFAULT '0',
  `searches` enum('yandex','google','rambler','aport','msn') NOT NULL DEFAULT 'yandex',
  PRIMARY KEY (`id_searchquery`)
) ENGINE=MyISAM DEFAULT CHARSET=cp1251 AUTO_INCREMENT=1 ;

--
-- Дамп данных таблицы `powercounter_arch_searchquery_week`
--


-- --------------------------------------------------------

--
-- Структура таблицы `powercounter_arch_time`
--

CREATE TABLE IF NOT EXISTS `powercounter_arch_time` (
  `id_time` int(11) NOT NULL AUTO_INCREMENT,
  `putdate` date NOT NULL DEFAULT '0000-00-00',
  `visit1` int(11) NOT NULL DEFAULT '0',
  `visit2` int(11) NOT NULL DEFAULT '0',
  `visit3` int(11) NOT NULL DEFAULT '0',
  `visit4` int(11) NOT NULL DEFAULT '0',
  `visit5` int(11) NOT NULL DEFAULT '0',
  `visit6` int(11) NOT NULL DEFAULT '0',
  `visit7` int(11) NOT NULL DEFAULT '0',
  `visit8` int(11) NOT NULL DEFAULT '0',
  `visit9` int(11) NOT NULL DEFAULT '0',
  `visit10` int(11) NOT NULL DEFAULT '0',
  `visit20` int(11) NOT NULL DEFAULT '0',
  `visit30` int(11) NOT NULL DEFAULT '0',
  `visit40` int(11) NOT NULL DEFAULT '0',
  `visit50` int(11) NOT NULL DEFAULT '0',
  `visit60` int(11) NOT NULL DEFAULT '0',
  `visit2h` int(11) NOT NULL DEFAULT '0',
  `visit3h` int(11) NOT NULL DEFAULT '0',
  `visit4h` int(11) NOT NULL DEFAULT '0',
  `visit5h` int(11) NOT NULL DEFAULT '0',
  `visit6h` int(11) NOT NULL DEFAULT '0',
  `visit7h` int(11) NOT NULL DEFAULT '0',
  `visit8h` int(11) NOT NULL DEFAULT '0',
  `visit9h` int(11) NOT NULL DEFAULT '0',
  `visit10h` int(11) NOT NULL DEFAULT '0',
  `visit11h` int(11) NOT NULL DEFAULT '0',
  `visit12h` int(11) NOT NULL DEFAULT '0',
  `visit13h` int(11) NOT NULL DEFAULT '0',
  `visit14h` int(11) NOT NULL DEFAULT '0',
  `visit15h` int(11) NOT NULL DEFAULT '0',
  `visit16h` int(11) NOT NULL DEFAULT '0',
  `visit17h` int(11) NOT NULL DEFAULT '0',
  `visit18h` int(11) NOT NULL DEFAULT '0',
  `visit19h` int(11) NOT NULL DEFAULT '0',
  `visit20h` int(11) NOT NULL DEFAULT '0',
  `visit21h` int(11) NOT NULL DEFAULT '0',
  `visit22h` int(11) NOT NULL DEFAULT '0',
  `visit23h` int(11) NOT NULL DEFAULT '0',
  `visit24h` int(11) NOT NULL DEFAULT '0',
  PRIMARY KEY (`id_time`),
  UNIQUE KEY `putdate` (`putdate`)
) ENGINE=MyISAM  DEFAULT CHARSET=cp1251 AUTO_INCREMENT=8 ;

--
-- Дамп данных таблицы `powercounter_arch_time`
--

INSERT INTO `powercounter_arch_time` (`id_time`, `putdate`, `visit1`, `visit2`, `visit3`, `visit4`, `visit5`, `visit6`, `visit7`, `visit8`, `visit9`, `visit10`, `visit20`, `visit30`, `visit40`, `visit50`, `visit60`, `visit2h`, `visit3h`, `visit4h`, `visit5h`, `visit6h`, `visit7h`, `visit8h`, `visit9h`, `visit10h`, `visit11h`, `visit12h`, `visit13h`, `visit14h`, `visit15h`, `visit16h`, `visit17h`, `visit18h`, `visit19h`, `visit20h`, `visit21h`, `visit22h`, `visit23h`, `visit24h`) VALUES
(1, '2009-10-27', 24, 0, 0, 0, 0, 0, 0, 0, 0, 0, 0, 0, 0, 0, 0, 0, 0, 0, 0, 0, 0, 0, 0, 0, 0, 0, 0, 0, 0, 0, 0, 0, 0, 0, 0, 0, 0, 0),
(2, '2009-10-28', 32, 1, 1, 0, 0, 0, 0, 1, 0, 2, 2, 0, 0, 0, 0, 1, 0, 0, 0, 0, 0, 0, 0, 0, 0, 0, 0, 0, 0, 0, 0, 0, 0, 0, 0, 0, 0, 0),
(3, '2009-10-29', 15, 0, 0, 1, 0, 0, 0, 0, 0, 0, 0, 0, 0, 0, 0, 0, 0, 0, 0, 0, 0, 0, 0, 0, 0, 0, 0, 0, 0, 0, 0, 0, 0, 0, 0, 0, 0, 0),
(4, '2009-10-30', 15, 2, 0, 0, 0, 0, 0, 1, 0, 0, 0, 0, 0, 0, 0, 0, 0, 0, 0, 0, 0, 0, 0, 0, 0, 0, 0, 0, 0, 0, 0, 0, 0, 0, 0, 0, 0, 0),
(5, '2009-10-31', 10, 0, 0, 0, 0, 0, 0, 0, 0, 0, 0, 0, 0, 0, 0, 0, 0, 0, 0, 0, 0, 0, 0, 0, 0, 0, 0, 0, 0, 0, 0, 0, 0, 0, 0, 0, 0, 0),
(6, '2009-11-01', 11, 0, 0, 0, 0, 0, 0, 0, 0, 0, 0, 0, 0, 0, 0, 0, 0, 0, 0, 0, 0, 0, 0, 0, 0, 0, 0, 0, 0, 0, 0, 0, 0, 0, 0, 0, 0, 0),
(7, '2009-11-02', 10, 0, 0, 0, 0, 0, 0, 0, 0, 0, 0, 0, 0, 0, 0, 0, 0, 0, 0, 0, 0, 0, 0, 0, 0, 0, 0, 0, 0, 0, 0, 0, 0, 0, 0, 0, 0, 0);

-- --------------------------------------------------------

--
-- Структура таблицы `powercounter_arch_time_month`
--

CREATE TABLE IF NOT EXISTS `powercounter_arch_time_month` (
  `id_time` int(11) NOT NULL AUTO_INCREMENT,
  `putdate` date NOT NULL DEFAULT '0000-00-00',
  `visit1` int(11) NOT NULL DEFAULT '0',
  `visit2` int(11) NOT NULL DEFAULT '0',
  `visit3` int(11) NOT NULL DEFAULT '0',
  `visit4` int(11) NOT NULL DEFAULT '0',
  `visit5` int(11) NOT NULL DEFAULT '0',
  `visit6` int(11) NOT NULL DEFAULT '0',
  `visit7` int(11) NOT NULL DEFAULT '0',
  `visit8` int(11) NOT NULL DEFAULT '0',
  `visit9` int(11) NOT NULL DEFAULT '0',
  `visit10` int(11) NOT NULL DEFAULT '0',
  `visit20` int(11) NOT NULL DEFAULT '0',
  `visit30` int(11) NOT NULL DEFAULT '0',
  `visit40` int(11) NOT NULL DEFAULT '0',
  `visit50` int(11) NOT NULL DEFAULT '0',
  `visit60` int(11) NOT NULL DEFAULT '0',
  `visit2h` int(11) NOT NULL DEFAULT '0',
  `visit3h` int(11) NOT NULL DEFAULT '0',
  `visit4h` int(11) NOT NULL DEFAULT '0',
  `visit5h` int(11) NOT NULL DEFAULT '0',
  `visit6h` int(11) NOT NULL DEFAULT '0',
  `visit7h` int(11) NOT NULL DEFAULT '0',
  `visit8h` int(11) NOT NULL DEFAULT '0',
  `visit9h` int(11) NOT NULL DEFAULT '0',
  `visit10h` int(11) NOT NULL DEFAULT '0',
  `visit11h` int(11) NOT NULL DEFAULT '0',
  `visit12h` int(11) NOT NULL DEFAULT '0',
  `visit13h` int(11) NOT NULL DEFAULT '0',
  `visit14h` int(11) NOT NULL DEFAULT '0',
  `visit15h` int(11) NOT NULL DEFAULT '0',
  `visit16h` int(11) NOT NULL DEFAULT '0',
  `visit17h` int(11) NOT NULL DEFAULT '0',
  `visit18h` int(11) NOT NULL DEFAULT '0',
  `visit19h` int(11) NOT NULL DEFAULT '0',
  `visit20h` int(11) NOT NULL DEFAULT '0',
  `visit21h` int(11) NOT NULL DEFAULT '0',
  `visit22h` int(11) NOT NULL DEFAULT '0',
  `visit23h` int(11) NOT NULL DEFAULT '0',
  `visit24h` int(11) NOT NULL DEFAULT '0',
  PRIMARY KEY (`id_time`),
  UNIQUE KEY `putdate` (`putdate`)
) ENGINE=MyISAM  DEFAULT CHARSET=cp1251 AUTO_INCREMENT=2 ;

--
-- Дамп данных таблицы `powercounter_arch_time_month`
--

INSERT INTO `powercounter_arch_time_month` (`id_time`, `putdate`, `visit1`, `visit2`, `visit3`, `visit4`, `visit5`, `visit6`, `visit7`, `visit8`, `visit9`, `visit10`, `visit20`, `visit30`, `visit40`, `visit50`, `visit60`, `visit2h`, `visit3h`, `visit4h`, `visit5h`, `visit6h`, `visit7h`, `visit8h`, `visit9h`, `visit10h`, `visit11h`, `visit12h`, `visit13h`, `visit14h`, `visit15h`, `visit16h`, `visit17h`, `visit18h`, `visit19h`, `visit20h`, `visit21h`, `visit22h`, `visit23h`, `visit24h`) VALUES
(1, '2009-10-01', 96, 3, 1, 1, 0, 0, 0, 2, 0, 2, 2, 0, 0, 0, 0, 1, 0, 0, 0, 0, 0, 0, 0, 0, 0, 0, 0, 0, 0, 0, 0, 0, 0, 0, 0, 0, 0, 0);

-- --------------------------------------------------------

--
-- Структура таблицы `powercounter_arch_time_temp`
--

CREATE TABLE IF NOT EXISTS `powercounter_arch_time_temp` (
  `time_min` int(11) NOT NULL DEFAULT '0',
  `putdate` datetime NOT NULL DEFAULT '0000-00-00 00:00:00'
) ENGINE=MyISAM DEFAULT CHARSET=cp1251;

--
-- Дамп данных таблицы `powercounter_arch_time_temp`
--

INSERT INTO `powercounter_arch_time_temp` (`time_min`, `putdate`) VALUES
(60, '2009-11-02 00:00:00'),
(60, '2009-11-02 00:00:00'),
(43860, '2009-11-02 00:00:00'),
(60, '2009-11-02 00:00:00'),
(60, '2009-11-02 00:00:00'),
(81180, '2009-11-02 00:00:00'),
(60, '2009-11-02 00:00:00'),
(60, '2009-11-02 00:00:00'),
(60, '2009-11-02 00:00:00'),
(60, '2009-11-02 00:00:00'),
(60, '2009-11-02 00:00:00'),
(60, '2009-11-02 00:00:00');

-- --------------------------------------------------------

--
-- Структура таблицы `powercounter_arch_time_week`
--

CREATE TABLE IF NOT EXISTS `powercounter_arch_time_week` (
  `id_time` int(11) NOT NULL AUTO_INCREMENT,
  `putdate_begin` date NOT NULL DEFAULT '0000-00-00',
  `putdate_end` date NOT NULL DEFAULT '0000-00-00',
  `visit1` int(11) NOT NULL DEFAULT '0',
  `visit2` int(11) NOT NULL DEFAULT '0',
  `visit3` int(11) NOT NULL DEFAULT '0',
  `visit4` int(11) NOT NULL DEFAULT '0',
  `visit5` int(11) NOT NULL DEFAULT '0',
  `visit6` int(11) NOT NULL DEFAULT '0',
  `visit7` int(11) NOT NULL DEFAULT '0',
  `visit8` int(11) NOT NULL DEFAULT '0',
  `visit9` int(11) NOT NULL DEFAULT '0',
  `visit10` int(11) NOT NULL DEFAULT '0',
  `visit20` int(11) NOT NULL DEFAULT '0',
  `visit30` int(11) NOT NULL DEFAULT '0',
  `visit40` int(11) NOT NULL DEFAULT '0',
  `visit50` int(11) NOT NULL DEFAULT '0',
  `visit60` int(11) NOT NULL DEFAULT '0',
  `visit2h` int(11) NOT NULL DEFAULT '0',
  `visit3h` int(11) NOT NULL DEFAULT '0',
  `visit4h` int(11) NOT NULL DEFAULT '0',
  `visit5h` int(11) NOT NULL DEFAULT '0',
  `visit6h` int(11) NOT NULL DEFAULT '0',
  `visit7h` int(11) NOT NULL DEFAULT '0',
  `visit8h` int(11) NOT NULL DEFAULT '0',
  `visit9h` int(11) NOT NULL DEFAULT '0',
  `visit10h` int(11) NOT NULL DEFAULT '0',
  `visit11h` int(11) NOT NULL DEFAULT '0',
  `visit12h` int(11) NOT NULL DEFAULT '0',
  `visit13h` int(11) NOT NULL DEFAULT '0',
  `visit14h` int(11) NOT NULL DEFAULT '0',
  `visit15h` int(11) NOT NULL DEFAULT '0',
  `visit16h` int(11) NOT NULL DEFAULT '0',
  `visit17h` int(11) NOT NULL DEFAULT '0',
  `visit18h` int(11) NOT NULL DEFAULT '0',
  `visit19h` int(11) NOT NULL DEFAULT '0',
  `visit20h` int(11) NOT NULL DEFAULT '0',
  `visit21h` int(11) NOT NULL DEFAULT '0',
  `visit22h` int(11) NOT NULL DEFAULT '0',
  `visit23h` int(11) NOT NULL DEFAULT '0',
  `visit24h` int(11) NOT NULL DEFAULT '0',
  PRIMARY KEY (`id_time`),
  UNIQUE KEY `putdate_begin` (`putdate_begin`)
) ENGINE=MyISAM DEFAULT CHARSET=cp1251 AUTO_INCREMENT=1 ;

--
-- Дамп данных таблицы `powercounter_arch_time_week`
--


-- --------------------------------------------------------

--
-- Структура таблицы `powercounter_cities`
--

CREATE TABLE IF NOT EXISTS `powercounter_cities` (
  `city_id` int(11) NOT NULL DEFAULT '0',
  `region_id` int(11) NOT NULL DEFAULT '0',
  `city_name` varchar(255) NOT NULL DEFAULT ''
) ENGINE=MyISAM DEFAULT CHARSET=cp1251;

--
-- Дамп данных таблицы `powercounter_cities`
--

INSERT INTO `powercounter_cities` (`city_id`, `region_id`, `city_name`) VALUES
(1, 77, '????'),
(2, 78, '?????-????????'),
(3, 54, '??????????'),
(4, 25, '?????????'),
(5, 55, '???'),
(6, 70, '????'),
(7, 76, '???????'),
(8, 61, '??????-??-??'),
(9, 66, '???????????'),
(10, 23, '???????????'),
(11, 44, '??????'),
(12, 60, '???'),
(13, 29, '??????????'),
(14, 37, '?????'),
(15, 58, '???'),
(16, 63, '?????'),
(17, 40, '??????'),
(18, 53, '??????? ??????'),
(19, 27, '???????????-??-????'),
(20, 59, '???'),
(21, 89, '????'),
(22, 24, '???????'),
(24, 69, '?????'),
(25, 27, '????????'),
(26, 72, '????'),
(27, 65, '?????'),
(28, 10, '???????????'),
(29, 36, '?????'),
(30, 35, '?????'),
(31, 13, '??????'),
(32, 18, '?????'),
(33, 16, '?????????'),
(34, 38, '??????'),
(35, 64, '?????'),
(36, 42, '??????'),
(37, 63, '???????'),
(38, 33, '??????'),
(39, 24, '?????????'),
(40, 26, '????????'),
(41, 23, '???????'),
(42, 16, '????'),
(43, 30, '???????'),
(44, 61, '??????'),
(45, 52, '?????? ??????'),
(46, 66, '?????? ???'),
(47, 23, '???'),
(48, 40, '????'),
(49, 16, '?????????? ???'),
(50, 6, '?????'),
(51, 22, '??????'),
(52, 14, '?????'),
(53, 49, '?????'),
(54, 74, '????????'),
(55, 86, '??????'),
(56, 34, '???????'),
(57, 86, '?????-???????'),
(58, 74, '???????????'),
(59, 1, '????'),
(60, 41, '?????????????-????????'),
(61, 39, '?????????'),
(62, 71, '??'),
(63, 25, '?????'),
(64, 22, '????'),
(65, 50, '???????'),
(66, 50, '????????'),
(67, 32, '?????'),
(68, 68, '????'),
(69, 62, '????'),
(70, 67, '???????'),
(71, 57, '??'),
(72, 48, '?????'),
(73, 31, '??????'),
(74, 46, '????'),
(75, 21, '?????????'),
(76, 35, '???????'),
(77, 16, '??????????'),
(78, 26, '???????'),
(79, 73, '????????'),
(80, 50, '??????????'),
(81, 2, '??'),
(82, 2, '?????????'),
(83, 2, '?????'),
(84, 89, '????? ?????'),
(85, 89, '???????'),
(86, 86, '??????????'),
(87, 89, '???????'),
(88, 66, '???????????'),
(89, 74, '???????'),
(90, 43, '???'),
(91, 26, '????????'),
(92, 86, '??????'),
(93, 51, '???????'),
(94, 56, '???????'),
(95, 11, '???????'),
(97, 75, '???'),
(98, 72, '????????????'),
(99, 19, '????'),
(100, 45, '????'),
(101, 56, '???'),
(102, 38, '?????'),
(103, 3, '????-?'),
(104, 25, '????????'),
(105, 79, '????????'),
(106, 27, '????????'),
(107, 28, '????????'),
(108, 19, '?????????'),
(109, 5, '???????'),
(110, 63, '?????'),
(111, 50, '???????'),
(116, 7, '?????'),
(117, 42, '??????????'),
(118, 60, '??????? ??'),
(119, 65, '????-????????'),
(120, 15, '?????????'),
(121, 8, '?????'),
(122, 61, '???????????'),
(123, 66, '????????????'),
(124, 25, '??????????'),
(125, 51, '?????????'),
(126, 61, '??????? ???'),
(127, 50, '???'),
(128, 74, '?????'),
(129, 50, '??????'),
(130, 28, '???????????'),
(131, 26, '?????????'),
(132, 43, '??????-?????'),
(133, 63, '?????????????'),
(134, 10, '?????????'),
(135, 61, '?????????'),
(136, 40, '????????'),
(137, 66, '???'),
(138, 51, '???????'),
(139, 16, '???????'),
(140, 29, '?????????'),
(141, 86, '????'),
(142, 9, '?????? ????'),
(143, 64, '?????'),
(144, 41, '?????'),
(145, 61, '?????'),
(146, 61, '??????'),
(147, 61, '????????????'),
(148, 73, '??????????'),
(149, 74, '?????'),
(150, 66, '??????? ???'),
(151, 66, '???'),
(152, 66, '???????-???????'),
(153, 66, '????????'),
(154, 42, '???????????'),
(155, 47, '???????? ?'),
(156, 24, '????????'),
(157, 24, '????'),
(158, 11, '??????'),
(159, 45, '???????'),
(160, 12, '??????-?'),
(161, 66, '????????????'),
(162, 4, '?????-??????'),
(163, 33, '???'),
(164, 22, '???????'),
(165, 72, '?????'),
(166, 76, '??????????-???????'),
(167, 11, '???'),
(168, 51, '??????'),
(169, 51, '????'),
(170, 9, '???????'),
(171, 64, '???????'),
(172, 47, '??'),
(173, 11, '?????'),
(174, 33, '????'),
(176, 42, '??????-???????'),
(177, 66, '?'),
(178, 66, '??????????'),
(179, 50, '??????????'),
(180, 76, '??????'),
(181, 50, '?????'),
(182, 50, '?????'),
(183, 50, '?????'),
(184, 50, '????'),
(185, 50, '????????'),
(186, 50, '??????'),
(187, 50, '???'),
(188, 50, '????'),
(189, 50, '???????'),
(190, 50, '??????'),
(191, 50, '??????????'),
(192, 47, '????'),
(193, 47, '???????'),
(194, 69, '????'),
(195, 50, '??????? ???'),
(196, 22, '??????'),
(197, 50, '??????'),
(198, 70, '??????'),
(199, 28, '???'),
(200, 25, '??????'),
(201, 25, '???'),
(202, 42, '???????'),
(203, 51, '?????????'),
(204, 16, '?????'),
(205, 66, '??????'),
(206, 0, '?? ???????'),
(207, 65, '??????'),
(208, 2, '?????????'),
(209, 50, '???'),
(210, 50, '?????'),
(212, 42, '???'),
(213, 2, '??????'),
(214, 50, '?????'),
(215, 42, '???'),
(216, 14, '?????'),
(217, 50, '?????'),
(218, 11, '?????'),
(219, 52, '????????'),
(220, 52, '???????'),
(221, 50, '???????'),
(222, 50, '???????'),
(223, 50, '?????'),
(225, 45, '???????'),
(226, 50, '??????'),
(227, 50, '????'),
(229, 20, '??????'),
(230, 16, '??????????'),
(231, 38, '??????'),
(232, 36, '???????'),
(233, 87, '???????'),
(234, 38, '??'),
(235, 15, '????'),
(236, 26, '??????????? ??'),
(237, 50, '???????'),
(238, 86, '????-??'),
(239, 46, '???????????'),
(240, 50, '??'),
(241, 50, '???????????'),
(242, 23, '???'),
(243, 23, '???????????'),
(244, 66, '???????????(??????. ???.)'),
(245, 23, '?????'),
(246, 50, '??????'),
(247, 50, '?????? ?????'),
(248, 66, '???'),
(249, 26, '???????????'),
(250, 66, '??????'),
(251, 47, '?????'),
(252, 50, '??????????'),
(253, 50, '????????'),
(254, 59, '????????'),
(255, 25, '??????'),
(256, 52, '?'),
(257, 50, '????-??????'),
(258, 59, '????'),
(259, 59, '??????'),
(260, 47, '?????'),
(261, 59, '???????'),
(262, 52, '????'),
(263, 59, '??'),
(264, 52, '?????'),
(265, 83, '??????-?'),
(266, 61, '???'),
(267, 50, '????????'),
(268, 64, '??????'),
(269, 26, '?????????'),
(270, 52, '?????'),
(271, 50, '??????????????'),
(272, 50, '?????'),
(273, 40, '???????'),
(274, 64, '?????'),
(275, 50, '?????????? ???'),
(276, 50, '??????????'),
(277, 50, '?????'),
(278, 24, '??????'),
(279, 24, '?????'),
(280, 52, '????????'),
(281, 2, '???????'),
(282, 50, '??????'),
(283, 24, '????'),
(284, 61, '????'),
(285, 16, '??????????'),
(286, 66, '?????????????'),
(287, 59, '??????????'),
(288, 72, '????'),
(289, 54, '?????????');

-- --------------------------------------------------------

--
-- Структура таблицы `powercounter_ip`
--

CREATE TABLE IF NOT EXISTS `powercounter_ip` (
  `id_ip` int(32) NOT NULL AUTO_INCREMENT,
  `ip` bigint(11) NOT NULL DEFAULT '0',
  `putdate` datetime NOT NULL DEFAULT '0000-00-00 00:00:00',
  `id_page` int(10) NOT NULL DEFAULT '0',
  `browsers` enum('none','msie','opera','netscape','firefox','myie','mozilla') NOT NULL DEFAULT 'none',
  `systems` enum('none','windows','unix','macintosh','robot_yandex','robot_google','robot_rambler','robot_aport','robot_msnbot') NOT NULL DEFAULT 'none',
  PRIMARY KEY (`id_ip`),
  KEY `putdate` (`putdate`),
  KEY `ip` (`ip`)
) ENGINE=MyISAM  DEFAULT CHARSET=cp1251 AUTO_INCREMENT=2109 ;

--
-- Дамп данных таблицы `powercounter_ip`
--

INSERT INTO `powercounter_ip` (`id_ip`, `ip`, `putdate`, `id_page`, `browsers`, `systems`) VALUES
(2050, 1476067057, '2009-11-02 13:56:39', 2, 'none', 'robot_yandex'),
(2049, 1476067057, '2009-11-02 13:34:16', 2, 'none', 'robot_yandex'),
(2048, 1546323782, '2009-11-02 13:31:22', 1, 'opera', 'windows'),
(2047, 1476067057, '2009-11-02 13:11:46', 1, 'none', 'robot_yandex'),
(2046, 1476067057, '2009-11-02 12:48:30', 2, 'none', 'robot_yandex'),
(2045, 1476067057, '2009-11-02 12:27:29', 2, 'none', 'robot_yandex'),
(2044, 3632363307, '2009-11-02 12:09:37', 2, 'mozilla', 'none'),
(2043, 1476067057, '2009-11-02 12:06:45', 1, 'none', 'robot_yandex'),
(2042, 1476067057, '2009-11-02 11:45:57', 2, 'none', 'robot_yandex'),
(2041, 1476067057, '2009-11-02 11:23:40', 2, 'none', 'robot_yandex'),
(2040, 1476067057, '2009-11-02 11:01:12', 2, 'none', 'robot_yandex'),
(2039, 1476067057, '2009-11-02 10:39:43', 2, 'none', 'robot_yandex'),
(2038, 1476067057, '2009-11-02 10:17:29', 2, 'none', 'robot_yandex'),
(2037, 1476067057, '2009-11-02 09:53:09', 2, 'none', 'robot_yandex'),
(2036, 1559341155, '2009-11-02 09:39:19', 1, 'msie', 'windows'),
(2035, 1476067057, '2009-11-02 09:29:27', 2, 'none', 'robot_yandex'),
(2034, 1476067057, '2009-11-02 09:06:46', 2, 'none', 'robot_yandex'),
(2033, 1476067057, '2009-11-02 09:01:49', 2, 'none', 'robot_yandex'),
(2032, 1476067057, '2009-11-02 08:39:45', 2, 'none', 'robot_yandex'),
(2031, 1360607767, '2009-11-02 08:25:55', 2, 'none', 'none'),
(2030, 1476067057, '2009-11-02 08:17:51', 2, 'none', 'robot_yandex'),
(2029, 1476067057, '2009-11-02 07:56:01', 2, 'none', 'robot_yandex'),
(2028, 1476067057, '2009-11-02 07:34:17', 2, 'none', 'robot_yandex'),
(2027, 1476067057, '2009-11-02 07:11:06', 2, 'none', 'robot_yandex'),
(2026, 1546323782, '2009-11-02 07:07:17', 1, 'opera', 'windows'),
(2025, 1476067057, '2009-11-02 06:47:54', 2, 'none', 'robot_yandex'),
(2024, 1476067057, '2009-11-02 06:26:12', 2, 'none', 'robot_yandex'),
(2023, 1476067057, '2009-11-02 06:02:56', 2, 'none', 'robot_yandex'),
(2022, 1476067057, '2009-11-02 05:41:33', 2, 'none', 'robot_yandex'),
(2021, 1476067057, '2009-11-02 05:36:54', 2, 'none', 'robot_yandex'),
(2020, 1476067057, '2009-11-02 05:15:42', 2, 'none', 'robot_yandex'),
(2019, 1476067057, '2009-11-02 04:54:17', 2, 'none', 'robot_yandex'),
(2018, 2098050997, '2009-11-02 04:44:01', 1, 'msie', 'windows'),
(2017, 1476067057, '2009-11-02 04:32:55', 2, 'none', 'robot_yandex'),
(2016, 1476067057, '2009-11-02 04:11:42', 2, 'none', 'robot_yandex'),
(2015, 1476067057, '2009-11-02 03:50:26', 1, 'none', 'robot_yandex'),
(2014, 1476067057, '2009-11-02 03:29:12', 2, 'none', 'robot_yandex'),
(2013, 1476067057, '2009-11-02 03:07:59', 2, 'none', 'robot_yandex'),
(2012, 1476067057, '2009-11-02 02:46:47', 2, 'none', 'robot_yandex'),
(2011, 1476067057, '2009-11-02 02:25:33', 1, 'none', 'robot_yandex'),
(2010, 1476067057, '2009-11-02 02:02:47', 2, 'none', 'robot_yandex'),
(2009, 1476067057, '2009-11-02 01:15:48', 2, 'none', 'robot_yandex'),
(2008, 1607925797, '2009-11-02 01:02:02', 1, 'mozilla', 'windows'),
(2007, 1476067057, '2009-11-02 00:54:34', 2, 'none', 'robot_yandex'),
(2006, 3156766223, '2009-11-02 00:52:40', 1, 'msie', 'windows'),
(2005, 1607925797, '2009-11-02 00:40:26', 1, 'msie', 'windows'),
(2004, 1476067057, '2009-11-02 00:31:49', 2, 'none', 'robot_yandex'),
(2003, 1607925797, '2009-11-02 00:12:19', 1, 'mozilla', 'windows'),
(2002, 1476067057, '2009-11-02 00:07:25', 2, 'none', 'robot_yandex'),
(2108, 1565875209, '2009-11-03 09:58:46', 2, 'firefox', 'windows'),
(2107, 1546323782, '2009-11-03 09:41:52', 1, 'opera', 'windows'),
(2106, 3280654854, '2009-11-03 09:09:31', 2, 'firefox', 'windows'),
(2105, 3569320675, '2009-11-03 08:32:56', 1, 'mozilla', 'windows'),
(2104, 1307185225, '2009-11-03 06:54:06', 2, 'opera', 'windows'),
(2103, 3632363307, '2009-11-03 06:12:41', 1, 'mozilla', 'none'),
(2102, 1360607767, '2009-11-03 05:30:44', 2, 'none', 'none'),
(2101, 1408067340, '2009-11-03 04:30:02', 2, 'opera', 'windows'),
(2100, 1408067340, '2009-11-03 04:30:01', 2, 'opera', 'windows'),
(2099, 1408067340, '2009-11-03 04:29:57', 2, 'opera', 'windows'),
(2098, 1408067340, '2009-11-03 04:29:56', 2, 'opera', 'windows'),
(2097, 1408067340, '2009-11-03 04:29:54', 2, 'opera', 'windows'),
(2096, 1408067340, '2009-11-03 04:29:52', 2, 'opera', 'windows'),
(2095, 1408067340, '2009-11-03 04:29:49', 2, 'opera', 'windows'),
(2094, 1408067340, '2009-11-03 04:29:48', 2, 'opera', 'windows'),
(2093, 1408067340, '2009-11-03 04:29:44', 2, 'opera', 'windows'),
(2092, 1408067340, '2009-11-03 04:29:42', 2, 'opera', 'windows'),
(2091, 1408067340, '2009-11-03 04:29:41', 2, 'opera', 'windows'),
(2090, 1136881626, '2009-11-03 04:26:23', 2, 'mozilla', 'none'),
(2089, 1559341155, '2009-11-03 03:39:51', 1, 'myie', 'windows'),
(2088, 1607925797, '2009-11-02 22:44:46', 1, 'opera', 'windows'),
(2087, 1607925797, '2009-11-02 22:23:26', 1, 'msie', 'windows'),
(2086, 1607925797, '2009-11-02 21:56:26', 1, 'msie', 'windows'),
(2085, 1607925797, '2009-11-02 21:36:04', 1, 'opera', 'windows'),
(2084, 1568477812, '2009-11-02 21:28:49', 2, 'msie', 'windows'),
(2083, 1607925797, '2009-11-02 21:16:57', 1, 'msie', 'windows'),
(2082, 1926826965, '2009-11-02 21:03:59', 1, 'msie', 'windows'),
(2081, 3248855629, '2009-11-02 21:01:01', 2, 'msie', 'windows'),
(2080, 1657843552, '2009-11-02 21:00:31', 2, 'msie', 'windows'),
(2079, 1607925797, '2009-11-02 20:31:57', 1, 'mozilla', 'windows'),
(2078, 1476067057, '2009-11-02 20:09:33', 2, 'none', 'robot_yandex'),
(2077, 1310674722, '2009-11-02 19:55:38', 2, 'firefox', 'windows'),
(2076, 1476067057, '2009-11-02 19:50:14', 2, 'none', 'robot_yandex'),
(2075, 1476067057, '2009-11-02 19:30:25', 2, 'none', 'robot_yandex'),
(2074, 1607925797, '2009-11-02 19:16:54', 1, 'mozilla', 'windows'),
(2073, 1546323782, '2009-11-02 19:16:51', 1, 'opera', 'windows'),
(2072, 1546323782, '2009-11-02 19:12:47', 1, 'opera', 'windows'),
(2071, 1476067057, '2009-11-02 19:09:07', 2, 'none', 'robot_yandex'),
(2070, 3259171286, '2009-11-02 19:01:18', 2, 'none', 'robot_aport'),
(2069, 1607925797, '2009-11-02 18:58:53', 1, 'msie', 'windows'),
(2068, 1476067057, '2009-11-02 18:49:24', 1, 'none', 'robot_yandex'),
(2067, 1607925797, '2009-11-02 18:45:51', 1, 'msie', 'windows'),
(2066, 1123631596, '2009-11-02 18:42:19', 4, 'mozilla', 'robot_google'),
(2065, 3158886973, '2009-11-02 18:36:32', 1, 'msie', 'windows'),
(2064, 3158886973, '2009-11-02 18:36:30', 2, 'msie', 'windows'),
(2063, 3158886973, '2009-11-02 18:36:28', 2, 'msie', 'windows'),
(2062, 3158886973, '2009-11-02 18:36:28', 1, 'msie', 'windows'),
(2061, 3158886973, '2009-11-02 18:36:25', 1, 'msie', 'windows'),
(2060, 1476067057, '2009-11-02 18:29:41', 2, 'none', 'robot_yandex'),
(2059, 1546323782, '2009-11-02 17:13:56', 1, 'opera', 'windows'),
(2058, 1546323782, '2009-11-02 17:04:28', 1, 'opera', 'windows'),
(2057, 1546323782, '2009-11-02 15:56:05', 1, 'opera', 'windows'),
(2056, 1546323782, '2009-11-02 15:20:54', 1, 'opera', 'windows'),
(2055, 1476067057, '2009-11-02 14:49:56', 1, 'none', 'robot_yandex'),
(2054, 1546323782, '2009-11-02 14:47:02', 1, 'opera', 'windows'),
(2053, 1546323782, '2009-11-02 14:46:55', 1, 'opera', 'windows'),
(2052, 1476067057, '2009-11-02 14:33:50', 1, 'none', 'robot_yandex'),
(2051, 1476067057, '2009-11-02 14:02:07', 2, 'none', 'robot_yandex');

-- --------------------------------------------------------

--
-- Структура таблицы `powercounter_ip_compact`
--

CREATE TABLE IF NOT EXISTS `powercounter_ip_compact` (
  `init_ip` bigint(20) NOT NULL DEFAULT '0',
  `end_ip` bigint(20) NOT NULL DEFAULT '0',
  `city_id` int(11) NOT NULL DEFAULT '0'
) ENGINE=MyISAM DEFAULT CHARSET=cp1251;

--
-- Дамп данных таблицы `powercounter_ip_compact`
--

INSERT INTO `powercounter_ip_compact` (`init_ip`, `end_ip`, `city_id`) VALUES
(1040547840, 1040553455, 1),
(1040553456, 1040553463, 0),
(1040553464, 1040580607, 1),
(1041244160, 1041252351, 20),
(1041252352, 1041252991, 1),
(1041252992, 1041253055, 97),
(1041253056, 1041259007, 1),
(1041259008, 1041259519, 24),
(1041259520, 1041260543, 1),
(1041260544, 1041268735, 2),
(1042350080, 1042350591, 1),
(1042350592, 1042351103, 67),
(1042351104, 1042351615, 69),
(1042351616, 1042351871, 0),
(1042351872, 1042352127, 71),
(1042352128, 1042352383, 1),
(1042352384, 1042352639, 74),
(1042352640, 1042352895, 73),
(1042352896, 1042353151, 71),
(1042353152, 1042353663, 12),
(1042353664, 1042353919, 1),
(1042353920, 1042354175, 48),
(1042354176, 1042354431, 12),
(1042354432, 1042354687, 2),
(1042354688, 1042355199, 12),
(1042355200, 1042355455, 93),
(1042355456, 1042355711, 30),
(1042355712, 1042355967, 28),
(1042355968, 1042356223, 2),
(1042356224, 1042356735, 12),
(1042356736, 1042357247, 28),
(1042357248, 1042357759, 61),
(1042357760, 1042358271, 13),
(1042358272, 1042358527, 79),
(1042358528, 1042359039, 15),
(1042359040, 1042359295, 38),
(1042359296, 1042359807, 90),
(1042359808, 1042360319, 31),
(1042360320, 1042360575, 42),
(1042360576, 1042362111, 0),
(1042362112, 1042362143, 20),
(1042362144, 1042362159, 42),
(1042362160, 1042362367, 79),
(1042362368, 1042362879, 10),
(1042362880, 1042363391, 41),
(1042363392, 1042363647, 10),
(1042363648, 1042363903, 122),
(1042363904, 1042364159, 109),
(1042364160, 1042364415, 10),
(1042364416, 1042364671, 43),
(1042364672, 1042364927, 232),
(1042364928, 1042365183, 40),
(1042365184, 1042365439, 2),
(1042365440, 1042365695, 10),
(1042365696, 1042365951, 8),
(1042365952, 1042366207, 145),
(1042366208, 1042366335, 232),
(1042366336, 1042366719, 73),
(1042366720, 1042366975, 0),
(1042366976, 1042367487, 16),
(1042367488, 1042367999, 81),
(1042368000, 1042368511, 0),
(1042368512, 1042369023, 101),
(1042369024, 1042369535, 37),
(1042369536, 1042369791, 110),
(1042369792, 1042371327, 16),
(1042371328, 1042371839, 81),
(1042371840, 1042372607, 54),
(1042372608, 1042373375, 101),
(1042373376, 1042374655, 54),
(1042374656, 1042375167, 20),
(1042375168, 1042375423, 86),
(1042375424, 1042375935, 26),
(1042375936, 1042376191, 20),
(1042376192, 1042378495, 9),
(1042378496, 1042378527, 26),
(1042378528, 1042378751, 9),
(1042378752, 1042379263, 64),
(1042379264, 1042379775, 99),
(1042379776, 1042382847, 51),
(1042382848, 1042383103, 34),
(1042383104, 1042383359, 0),
(1042383360, 1042383615, 34),
(1042383616, 1042383871, 103),
(1042383872, 1042384127, 34),
(1042384128, 1042384383, 103),
(1042384384, 1042384639, 25),
(1042384640, 1042384959, 34),
(1042384960, 1042384991, 234),
(1042384992, 1042385023, 0),
(1042385024, 1042385407, 102),
(1042385408, 1042386943, 34),
(1042386944, 1042387199, 97),
(1042387200, 1042387455, 0),
(1042387456, 1042387711, 97),
(1042387712, 1042391039, 283),
(1042391040, 1042391551, 104),
(1042391552, 1042392063, 19),
(1042392064, 1042392319, 105),
(1042392320, 1042393087, 25),
(1042393088, 1042393599, 4),
(1042393600, 1042393855, 106),
(1042393856, 1042394111, 104),
(1042394112, 1042394367, 0),
(1042394368, 1042394623, 105),
(1042394624, 1042394879, 107),
(1042394880, 1042395135, 19),
(1042395136, 1042397695, 39),
(1042397696, 1042397951, 108),
(1042397952, 1042398207, 239),
(1042398208, 1042398463, 39),
(1042398464, 1042398983, 99),
(1042398984, 1042399231, 39),
(1042399232, 1042399743, 81),
(1042399744, 1042400511, 97),
(1042400512, 1042400767, 94),
(1042400768, 1042401279, 81),
(1042401280, 1042403327, 100),
(1042403328, 1042403839, 79),
(1042403840, 1042404095, 15),
(1042404096, 1042404607, 94),
(1042404608, 1042404863, 15),
(1042404864, 1042406399, 81),
(1042406400, 1042407167, 15),
(1042407168, 1042407199, 16),
(1042407200, 1042407423, 0),
(1042407424, 1042407935, 73),
(1042407936, 1042408959, 74),
(1042408960, 1042409471, 1),
(1042409472, 1042409727, 70),
(1042409728, 1042409983, 0),
(1042409984, 1042411007, 67),
(1042411008, 1042411263, 73),
(1042411264, 1042411391, 69),
(1042411392, 1042411479, 1),
(1042411480, 1042411487, 65),
(1042411488, 1042411519, 1),
(1042411520, 1042412031, 100),
(1042412032, 1042412287, 227),
(1042412288, 1042412319, 1),
(1042412320, 1042412327, 68),
(1042412328, 1042412331, 1),
(1042412332, 1042412335, 30),
(1042412336, 1042412343, 210),
(1042412344, 1042412351, 73),
(1042412352, 1042412367, 1),
(1042412368, 1042412383, 0),
(1042412384, 1042412399, 69),
(1042412400, 1042412407, 7),
(1042412408, 1042412799, 1),
(1042412800, 1042413055, 179),
(1042413056, 1042413311, 73),
(1042413312, 1042415615, 1),
(1044185088, 1044193279, 1),
(1044381696, 1044382463, 55),
(1044382464, 1044382719, 1),
(1044382720, 1044383743, 55),
(1044383744, 1044384767, 1),
(1044384768, 1044385023, 61),
(1044385024, 1044385791, 84),
(1044385792, 1044386303, 1),
(1044386304, 1044386815, 15),
(1044386816, 1044388928, 1),
(1044388929, 1044389887, 55),
(1044709376, 1044717567, 16),
(1045168128, 1045169151, 1),
(1045169152, 1045169663, 31),
(1045169664, 1045170175, 4),
(1045170176, 1045172223, 81),
(1045172224, 1045176319, 34),
(1045176320, 1045177343, 79),
(1045177344, 1045177855, 71),
(1045177856, 1045178367, 142),
(1045178368, 1045180415, 16),
(1045180416, 1045185535, 62),
(1045185536, 1045188607, 3),
(1045188608, 1045190655, 24),
(1045190656, 1045191167, 67),
(1045191168, 1045192351, 81),
(1045192352, 1045192511, 176),
(1045192512, 1045193215, 36),
(1045193216, 1045196799, 3),
(1045196800, 1045197311, 75),
(1045197312, 1045197823, 45),
(1045197824, 1045198847, 40),
(1045198848, 1045199615, 39),
(1045199616, 1045199871, 38),
(1045199872, 1045200383, 130),
(1045200384, 1045200639, 16),
(1045200640, 1045200895, 25),
(1045200896, 1045202943, 5),
(1045202944, 1045203455, 64),
(1045203456, 1045203967, 103),
(1045203968, 1045204991, 2),
(1045204992, 1045206015, 109),
(1045206016, 1045207039, 1),
(1045207040, 1045207295, 94),
(1045207296, 1045207551, 25),
(1045207552, 1045208063, 16),
(1045208064, 1045209087, 61),
(1045209088, 1045213183, 29),
(1045213184, 1045217279, 68),
(1045217280, 1045217791, 44),
(1045217792, 1045218303, 34),
(1045218304, 1045219327, 29),
(1045219328, 1045219839, 59),
(1045219840, 1045220095, 81),
(1045220096, 1045221119, 73),
(1045221120, 1045222399, 25),
(1045222400, 1045225471, 29),
(1045225472, 1045228543, 56),
(1045228544, 1045229055, 39),
(1045229056, 1045229567, 49),
(1045229568, 1045230591, 32),
(1045230592, 1045230847, 74),
(1045230848, 1045231103, 75),
(1045231104, 1045231615, 81),
(1045231616, 1045232639, 45),
(1045232640, 1045233151, 16),
(1045233152, 1045233663, 31),
(1045716992, 1045722111, 127),
(1045722112, 1045725183, 1),
(1046069248, 1046069503, 2),
(1046069504, 1046069759, 1),
(1046069760, 1046070783, 13),
(1046070784, 1046074367, 2),
(1046074368, 1046074879, 1),
(1046074880, 1046075391, 11),
(1046075392, 1046075903, 8),
(1046075904, 1046076415, 76),
(1046076416, 1046076927, 8),
(1046076928, 1046077183, 2),
(1046077184, 1046077439, 1),
(1046077440, 1046077695, 7),
(1046077696, 1046077951, 13),
(1046077952, 1046078975, 7),
(1046078976, 1046079231, 2),
(1046079232, 1046079487, 7),
(1046079488, 1046081791, 14),
(1046081792, 1046082047, 13),
(1046082048, 1046085631, 14),
(1046904832, 1046905343, 16),
(1046905344, 1046905599, 37),
(1046905600, 1046905855, 16),
(1046905856, 1046906111, 31),
(1046906112, 1046906367, 16),
(1046906368, 1046906879, 54),
(1046906880, 1046908927, 58),
(1046908928, 1046909183, 101),
(1046909184, 1046911999, 94),
(1046912000, 1046933503, 54),
(1046933504, 1046936831, 77),
(1046936832, 1046937087, 16),
(1046937088, 1046937343, 110),
(1046937344, 1046937599, 16),
(1047068672, 1047076863, 57),
(1047076864, 1047085055, 1),
(1047101440, 1047105263, 1),
(1047105264, 1047105279, 2),
(1047105280, 1047107327, 1),
(1047107328, 1047107583, 2),
(1047107584, 1047109631, 1),
(1047371776, 1047379967, 93),
(1047552000, 1047560191, 1),
(1047601152, 1047606015, 1),
(1047606016, 1047606271, 24),
(1047606272, 1047613439, 1),
(1047613440, 1047613695, 56),
(1047613696, 1047615231, 1),
(1047615232, 1047615487, 56),
(1047615488, 1047625727, 1),
(1047871488, 1047872127, 1),
(1047872128, 1047872135, 191),
(1047872136, 1047873591, 1),
(1047873592, 1047873599, 187),
(1047873600, 1047873687, 1),
(1047873688, 1047873691, 66),
(1047873692, 1047874151, 1),
(1047874152, 1047874159, 66),
(1047874160, 1047874919, 1),
(1047874920, 1047874935, 56),
(1047874936, 1047875111, 1),
(1047875112, 1047875119, 0),
(1047875120, 1047875631, 1),
(1047875632, 1047875647, 187),
(1047875648, 1047875703, 1),
(1047875704, 1047875711, 237),
(1047875712, 1047876123, 1),
(1047876124, 1047876127, 0),
(1047876128, 1047876135, 237),
(1047876136, 1047876319, 1),
(1047876320, 1047876323, 66),
(1047876324, 1047877215, 1),
(1047877216, 1047877223, 66),
(1047877224, 1047877303, 1),
(1047877304, 1047877311, 223),
(1047877312, 1047877327, 1),
(1047877328, 1047877335, 0),
(1047877336, 1047878495, 1),
(1047878496, 1047878503, 0),
(1047878504, 1047878695, 1),
(1047878696, 1047878707, 183),
(1047878708, 1047880279, 1),
(1047880280, 1047880287, 0),
(1047880288, 1047881295, 1),
(1047881296, 1047881303, 0),
(1047881304, 1047881311, 56),
(1047881312, 1047881323, 1),
(1047881324, 1047881335, 0),
(1047881336, 1047881363, 1),
(1047881364, 1047881367, 191),
(1047881368, 1047881387, 1),
(1047881388, 1047881395, 186),
(1047881396, 1047882831, 1),
(1047882832, 1047882847, 223),
(1047882848, 1047883391, 1),
(1047883392, 1047883455, 0),
(1047883456, 1047883519, 1),
(1047883520, 1047883535, 0),
(1047883536, 1047883543, 66),
(1047883544, 1047883903, 1),
(1047883904, 1047884159, 0),
(1047884160, 1047884207, 1),
(1047884208, 1047884215, 0),
(1047884216, 1047885143, 1),
(1047885144, 1047885151, 0),
(1047885152, 1047885247, 1),
(1047885248, 1047885255, 0),
(1047885256, 1047886223, 1),
(1047886224, 1047886231, 267),
(1047886232, 1047886327, 1),
(1047886328, 1047886335, 66),
(1047886336, 1047886871, 1),
(1047886872, 1047886887, 186),
(1047886888, 1047886991, 1),
(1047886992, 1047886999, 0),
(1047887000, 1047887871, 1),
(1047920640, 1047938303, 1),
(1047938304, 1047938815, 69),
(1047938816, 1047949311, 1),
(1047949312, 1047953407, 111),
(1047953408, 1047977087, 1),
(1047977088, 1047977151, 223),
(1047977152, 1047986175, 1),
(1048944640, 1048952831, 81),
(1049419776, 1049425919, 1),
(1049425920, 1049427199, 127),
(1049427200, 1049427711, 214),
(1049427712, 1049427967, 1),
(1049444352, 1049447295, 1),
(1049447296, 1049447424, 240),
(1049447425, 1049456639, 1),
(1049456640, 1049460735, 2),
(1049919488, 1049920511, 48),
(1049920512, 1049923071, 17),
(1049923072, 1049924095, 48),
(1049924096, 1049924351, 17),
(1049924352, 1049927679, 48),
(1049944064, 1049944319, 58),
(1049944320, 1049944575, 54),
(1049944576, 1049945087, 58),
(1049945088, 1049945343, 54),
(1049945344, 1049945855, 128),
(1049945856, 1049950207, 54),
(1049950208, 1049950463, 58),
(1049950464, 1049950719, 89),
(1049950720, 1049951487, 54),
(1049951488, 1049951743, 58),
(1049951744, 1049952255, 54),
(1050165248, 1050173439, 2),
(1050198016, 1050206207, 1),
(1051009024, 1051013119, 54),
(1051013120, 1051013631, 58),
(1051013632, 1051013887, 54),
(1051013888, 1051014143, 58),
(1051014144, 1051014399, 100),
(1051014400, 1051014655, 54),
(1051014656, 1051015167, 100),
(1051015168, 1051015423, 54),
(1051015424, 1051015679, 94),
(1051015680, 1051016191, 54),
(1051016192, 1051017215, 100),
(1051254784, 1051262975, 9),
(1051795456, 1051803647, 9),
(1052057600, 1052065791, 2),
(1052180480, 1052191743, 41),
(1052191744, 1052193279, 47),
(1052193280, 1052199935, 41),
(1052199936, 1052200959, 170),
(1052200960, 1052203007, 116),
(1052203008, 1052204031, 0),
(1052204032, 1052206079, 59),
(1052206080, 1052210175, 43),
(1052210176, 1052212735, 56),
(1052212736, 1052213247, 41),
(1052356736, 1052356799, 1),
(1052401632, 1052401663, 1),
(1052811264, 1052819455, 54),
(1052827648, 1052835839, 13),
(1053663232, 1053665023, 1),
(1053665024, 1053665055, 0),
(1053665056, 1053666383, 1),
(1053666384, 1053666399, 0),
(1053666400, 1053666575, 1),
(1053666576, 1053666591, 16),
(1053666592, 1053666607, 65),
(1053666608, 1053671423, 1),
(1054089216, 1054097407, 1),
(1054146560, 1054148103, 16),
(1054148104, 1054148111, 37),
(1054148112, 1054148191, 16),
(1054148192, 1054148199, 37),
(1054148200, 1054148207, 16),
(1054148208, 1054148223, 37),
(1054148224, 1054148351, 16),
(1054148352, 1054148607, 37),
(1054148608, 1054148671, 16),
(1054148672, 1054148799, 37),
(1054148800, 1054148807, 16),
(1054148808, 1054148831, 37),
(1054148832, 1054148839, 16),
(1054148840, 1054148855, 37),
(1054148856, 1054151167, 16),
(1054151168, 1054151935, 110),
(1054151936, 1054152559, 16),
(1054152560, 1054152575, 110),
(1054152576, 1054152703, 37),
(1054152704, 1054154751, 16),
(1054154752, 1054162943, 39),
(1054162944, 1054179327, 1),
(1054449664, 1054457855, 1),
(1055326208, 1055326215, 2),
(1055326216, 1055326687, 1),
(1055326688, 1055326695, 45),
(1055326696, 1055329087, 1),
(1055329088, 1055329151, 214),
(1055329152, 1055334399, 1),
(1055367168, 1055375359, 117),
(1346375680, 1346379775, 46),
(1346392064, 1346396159, 3),
(1346396160, 1346398335, 2),
(1346398336, 1346398383, 194),
(1346398384, 1346398399, 0),
(1346398400, 1346398463, 1),
(1346398464, 1346398719, 2),
(1346398720, 1346398975, 18),
(1346398976, 1346399231, 1),
(1346399232, 1346400255, 2),
(1346441216, 1346445311, 39),
(1346519040, 1346521167, 3),
(1346521168, 1346521175, 1),
(1346521176, 1346521535, 3),
(1346521536, 1346521567, 1),
(1346521568, 1346526591, 3),
(1346526592, 1346526735, 1),
(1346526736, 1346526751, 3),
(1346526752, 1346526767, 1),
(1346526768, 1346527231, 3),
(1346539520, 1346543615, 14),
(1346580480, 1346582015, 39),
(1346582016, 1346582527, 279),
(1346582528, 1346583039, 278),
(1346583040, 1346584575, 39),
(1346621440, 1346625535, 22),
(1346629632, 1346633727, 1),
(1346633728, 1346637823, 44),
(1346695168, 1346699263, 1),
(1346736128, 1346740223, 56),
(1346744320, 1346748415, 3),
(1346789376, 1346793471, 14),
(1346822144, 1346823679, 2),
(1346823680, 1346824191, 0),
(1346824192, 1346824703, 2),
(1346824704, 1346824719, 0),
(1346824720, 1346824879, 2),
(1346824880, 1346824911, 0),
(1346824912, 1346826239, 2),
(1346838528, 1346842623, 1),
(1346871296, 1346872383, 51),
(1346872384, 1346872543, 3),
(1346872544, 1346879487, 51),
(1346953216, 1346954239, 1),
(1346954240, 1346954751, 41),
(1346954752, 1346957311, 1),
(1346977792, 1346985983, 52),
(1347002368, 1347002631, 1),
(1347002632, 1347002735, 247),
(1347002736, 1347002751, 246),
(1347002752, 1347002895, 80),
(1347002896, 1347002911, 1),
(1347002912, 1347003135, 80),
(1347003136, 1347005063, 1),
(1347005064, 1347005071, 80),
(1347005072, 1347005119, 1),
(1347005120, 1347005183, 80),
(1347005184, 1347006463, 1),
(1347010560, 1347014655, 2),
(1347125248, 1347126015, 1),
(1347126016, 1347126415, 38),
(1347126416, 1347126527, 1),
(1347126528, 1347128319, 38),
(1347128320, 1347129343, 1),
(1347313664, 1347313919, 9),
(1347313920, 1347314191, 178),
(1347314192, 1347314207, 248),
(1347314208, 1347314239, 88),
(1347314240, 1347314255, 178),
(1347314256, 1347314271, 151),
(1347314272, 1347314431, 9),
(1347314432, 1347314447, 250),
(1347314448, 1347314463, 9),
(1347314464, 1347314479, 0),
(1347314480, 1347314495, 152),
(1347314496, 1347314559, 20),
(1347314560, 1347315199, 9),
(1347315200, 1347315215, 178),
(1347315216, 1347315327, 177),
(1347315328, 1347315455, 178),
(1347315456, 1347315967, 9),
(1347315968, 1347316223, 178),
(1347316224, 1347316479, 0),
(1347316480, 1347316991, 151),
(1347316992, 1347317055, 0),
(1347317056, 1347317087, 9),
(1347317088, 1347317119, 0),
(1347317120, 1347317183, 178),
(1347317184, 1347318847, 9),
(1347318848, 1347318895, 178),
(1347318896, 1347318911, 9),
(1347318912, 1347318975, 178),
(1347318976, 1347319007, 9),
(1347319008, 1347319039, 88),
(1347319040, 1347319807, 9),
(1347319808, 1347320063, 46),
(1347320064, 1347320831, 9),
(1347320832, 1347321087, 178),
(1347321088, 1347321343, 46),
(1347321344, 1347321855, 9),
(1347338240, 1347342335, 62),
(1347371008, 1347375103, 1),
(1347444736, 1347452927, 8),
(1347559424, 1347562183, 29),
(1347562184, 1347562191, 44),
(1347562192, 1347562223, 29),
(1347562224, 1347562239, 0),
(1347562240, 1347564543, 29),
(1347564544, 1347564671, 0),
(1347564672, 1347567615, 29),
(1347592192, 1347592703, 73),
(1347592704, 1347592959, 34),
(1347592960, 1347593215, 81),
(1347593216, 1347593471, 1),
(1347593472, 1347593727, 15),
(1347593728, 1347593983, 16),
(1347593984, 1347594239, 110),
(1347594240, 1347594495, 106),
(1347594496, 1347594751, 1),
(1347594752, 1347595263, 15),
(1347595264, 1347595519, 0),
(1347595520, 1347596287, 15),
(1347596288, 1347598335, 13),
(1347598336, 1347598591, 195),
(1347598592, 1347598847, 1),
(1347598848, 1347599359, 39),
(1347599360, 1347599871, 1),
(1347599872, 1347600127, 73),
(1347600128, 1347600383, 72),
(1347674112, 1347678207, 4),
(1347887104, 1347887359, 9),
(1347887360, 1347888127, 1),
(1347888128, 1347888639, 2),
(1347888640, 1347889151, 1),
(1347889152, 1347889407, 9),
(1347889408, 1347889663, 2),
(1347889664, 1347891199, 1),
(1347928064, 1347932159, 2),
(1348009984, 1348010239, 4),
(1348010240, 1348011263, 104),
(1348011264, 1348014079, 4),
(1348042752, 1348043039, 3),
(1348043040, 1348043055, 202),
(1348043056, 1348043071, 3),
(1348043072, 1348043103, 6),
(1348043104, 1348043263, 3),
(1348043264, 1348043775, 5),
(1348043776, 1348044047, 3),
(1348044048, 1348044095, 6),
(1348044096, 1348044287, 3),
(1348044288, 1348044543, 5),
(1348044544, 1348044799, 6),
(1348044800, 1348045055, 5),
(1348045056, 1348045311, 154),
(1348045312, 1348045823, 5),
(1348045824, 1348046335, 3),
(1348046336, 1348046591, 36),
(1348046592, 1348046847, 6),
(1348046848, 1348047103, 3),
(1348047104, 1348047359, 36),
(1348047360, 1348047871, 6),
(1348047872, 1348048127, 36),
(1348048128, 1348048383, 51),
(1348048384, 1348048895, 198),
(1348048896, 1348049151, 36),
(1348049152, 1348049663, 51),
(1348049664, 1348050687, 5),
(1348050688, 1348050943, 36),
(1348076304, 1348076311, 1),
(1348091904, 1348095999, 1),
(1348190208, 1348194303, 39),
(1348206592, 1348208639, 7),
(1348208640, 1348208895, 30),
(1348208896, 1348209151, 76),
(1348209152, 1348209919, 7),
(1348209920, 1348210175, 14),
(1348210176, 1348210431, 30),
(1348210432, 1348210687, 76),
(1348210688, 1348210943, 7),
(1348210944, 1348211199, 30),
(1348211200, 1348211711, 7),
(1348211712, 1348212991, 14),
(1348212992, 1348213503, 76),
(1348213504, 1348213631, 13),
(1348213632, 1348214271, 7),
(1348214272, 1348214527, 30),
(1348214528, 1348214783, 7),
(1348214784, 1348218879, 1),
(1348231168, 1348232455, 66),
(1348232456, 1348233983, 1),
(1348233984, 1348235263, 66),
(1348247552, 1348251647, 4),
(1348255744, 1348257023, 1),
(1348257024, 1348257279, 21),
(1348257280, 1348259583, 1),
(1348259584, 1348259839, 0),
(1348296704, 1348296959, 1),
(1348296960, 1348297471, 38),
(1348297472, 1348297727, 1),
(1348297728, 1348297855, 61),
(1348297856, 1348298495, 1),
(1348298496, 1348298751, 38),
(1348298752, 1348299519, 1),
(1348299520, 1348300543, 38),
(1348300544, 1348300799, 1),
(1348354048, 1348358143, 1),
(1348411392, 1348415487, 15),
(1357709312, 1357709983, 71),
(1357709984, 1357710079, 73),
(1357710080, 1357710159, 1),
(1357710160, 1357710175, 24),
(1357710176, 1357710207, 93),
(1357710208, 1357710223, 1),
(1357710224, 1357710239, 48),
(1357710240, 1357710271, 73),
(1357710272, 1357710335, 1),
(1357710336, 1357710847, 109),
(1357710848, 1357711103, 227),
(1357711104, 1357711359, 73),
(1357711360, 1357711615, 70),
(1357711616, 1357711871, 66),
(1357711872, 1357712127, 109),
(1357712128, 1357712383, 73),
(1357712384, 1357712895, 1),
(1357712896, 1357713151, 277),
(1357713152, 1357713407, 1),
(1357713408, 1357713663, 251),
(1357713664, 1357713919, 76),
(1357713920, 1357714431, 67),
(1357714432, 1357714943, 7),
(1357714944, 1357715455, 1),
(1357715456, 1357715711, 227),
(1357715712, 1357715967, 48),
(1357715968, 1357716015, 1),
(1357716016, 1357716023, 73),
(1357716024, 1357716031, 1),
(1357716032, 1357716047, 0),
(1357716048, 1357716055, 61),
(1357716056, 1357716063, 1),
(1357716064, 1357716095, 24),
(1357716096, 1357716223, 61),
(1357716224, 1357716479, 227),
(1357716480, 1357716735, 1),
(1357716736, 1357716991, 282),
(1357716992, 1357717503, 1),
(1357717504, 1357717759, 40),
(1357717760, 1357717887, 249),
(1357717888, 1357717919, 10),
(1357717920, 1357717951, 245),
(1357717952, 1357718015, 236),
(1357718016, 1357720063, 109),
(1357720064, 1357720319, 40),
(1357720320, 1357720575, 109),
(1357720576, 1357720831, 73),
(1357720832, 1357721599, 101),
(1357721600, 1357721855, 100),
(1357721856, 1357721887, 81),
(1357721888, 1357721919, 16),
(1357721920, 1357721951, 10),
(1357721952, 1357721983, 9),
(1357721984, 1357722047, 54),
(1357722048, 1357722111, 81),
(1357722112, 1357722623, 103),
(1357722624, 1357723647, 100),
(1357723648, 1357724159, 58),
(1357724160, 1357725695, 100),
(1357725696, 1357726207, 9),
(1357726208, 1357726719, 26),
(1357726720, 1357727487, 0),
(1357727488, 1357727743, 55),
(1357727744, 1357727759, 98),
(1357727760, 1357727767, 26),
(1357727768, 1357727775, 98),
(1357727776, 1357727807, 159),
(1357727808, 1357727871, 98),
(1357727872, 1357727879, 26),
(1357727880, 1357727999, 98),
(1357728000, 1357728063, 20),
(1357728064, 1357728255, 9),
(1357728256, 1357728767, 238),
(1357728768, 1357729535, 9),
(1357729536, 1357729663, 26),
(1357729664, 1357729687, 20),
(1357729688, 1357729759, 98),
(1357729760, 1357729791, 20),
(1357729792, 1357730047, 25),
(1357730048, 1357730303, 99),
(1357730304, 1357730703, 25),
(1357730704, 1357730815, 19),
(1357730816, 1357731071, 39),
(1357731072, 1357731839, 3),
(1357731840, 1357733375, 99),
(1357733376, 1357733759, 54),
(1357733760, 1357733887, 34),
(1357733888, 1357734399, 99),
(1357734400, 1357734911, 4),
(1357734912, 1357735423, 102),
(1357735424, 1357735679, 25),
(1357735680, 1357736703, 0),
(1357736704, 1357737215, 107),
(1357737216, 1357737471, 102),
(1357737472, 1357737599, 130),
(1357737600, 1357737727, 107),
(1357737728, 1357737855, 4),
(1357737856, 1357737951, 25),
(1357737952, 1357737967, 117),
(1357737968, 1357737975, 25),
(1357737976, 1357737983, 39),
(1357737984, 1357738239, 19),
(1357738240, 1357738495, 34),
(1357738496, 1357739007, 103),
(1357739008, 1357739263, 34),
(1357739264, 1357739519, 0),
(1357739520, 1357740031, 97),
(1357740032, 1357740287, 102),
(1357740288, 1357740991, 34),
(1357740992, 1357741039, 0),
(1357741040, 1357741047, 34),
(1357741048, 1357741055, 4),
(1357741056, 1357742079, 34),
(1357914112, 1357918207, 39),
(1357930496, 1357938687, 1),
(1358053376, 1358061567, 3),
(1358102528, 1358103039, 1),
(1358103040, 1358103199, 66),
(1358103200, 1358103215, 1),
(1358103216, 1358103407, 66),
(1358103408, 1358103455, 1),
(1358103456, 1358103471, 66),
(1358103472, 1358103567, 1),
(1358103568, 1358103583, 66),
(1358103584, 1358103615, 1),
(1358103616, 1358103647, 66),
(1358103648, 1358103743, 1),
(1358103744, 1358103759, 66),
(1358103760, 1358103807, 1),
(1358103808, 1358103823, 66),
(1358103824, 1358106623, 1),
(1358118912, 1358123007, 4),
(1358127104, 1358131199, 1),
(1358176256, 1358177279, 1),
(1358177280, 1358178303, 117),
(1358178304, 1358180095, 0),
(1358180096, 1358180351, 1),
(1358225408, 1358225999, 1),
(1358226000, 1358226007, 51),
(1358226008, 1358227259, 1),
(1358227260, 1358227267, 66),
(1358227268, 1358227335, 1),
(1358227336, 1358227339, 65),
(1358227340, 1358229503, 1),
(1358315520, 1358323711, 24),
(1358372864, 1358376959, 1),
(1358389248, 1358393343, 51),
(1358528512, 1358536703, 1),
(1358577664, 1358581759, 61),
(1358602240, 1358602495, 1),
(1358602496, 1358602751, 2),
(1358602752, 1358604287, 1),
(1358604288, 1358605567, 2),
(1358605568, 1358605759, 1),
(1358605760, 1358605791, 8),
(1358605792, 1358605823, 2),
(1358605824, 1358606335, 1),
(1358606336, 1358606847, 6),
(1358606848, 1358607103, 56),
(1358607104, 1358607359, 1),
(1358607360, 1358607615, 79),
(1358607616, 1358607871, 44),
(1358607872, 1358608127, 2),
(1358608128, 1358608383, 8),
(1358608384, 1358608895, 2),
(1358608896, 1358609407, 1),
(1358609408, 1358609663, 39),
(1358609664, 1358610431, 2),
(1358610432, 1358614527, 42),
(1358618624, 1358622719, 1),
(1358659584, 1358663679, 1),
(1358725120, 1358727167, 1),
(1358727168, 1358727423, 240),
(1358727424, 1358727455, 1),
(1358727456, 1358727535, 246),
(1358727536, 1358727551, 217),
(1358727552, 1358727559, 275),
(1358727560, 1358727575, 0),
(1358727576, 1358727615, 1),
(1358727616, 1358727647, 0),
(1358727648, 1358727695, 1),
(1358727696, 1358727759, 246),
(1358727760, 1358727807, 252),
(1358727808, 1358727815, 1),
(1358727816, 1358727943, 0),
(1358727944, 1358727951, 275),
(1358727952, 1358727959, 0),
(1358727960, 1358727963, 275),
(1358727964, 1358728007, 246),
(1358728008, 1358728027, 0),
(1358728028, 1358728031, 1),
(1358728032, 1358728039, 0),
(1358728040, 1358728043, 1),
(1358728044, 1358728047, 282),
(1358728048, 1358728055, 275),
(1358728056, 1358728071, 0),
(1358728072, 1358728079, 276),
(1358728080, 1358728087, 246),
(1358728088, 1358728111, 0),
(1358728112, 1358728139, 179),
(1358728140, 1358728143, 237),
(1358728144, 1358728183, 257),
(1358728184, 1358728215, 0),
(1358728216, 1358728255, 246),
(1358728256, 1358728271, 257),
(1358728272, 1358728295, 277),
(1358728296, 1358728311, 246),
(1358728312, 1358728415, 0),
(1358728416, 1358728423, 188),
(1358728424, 1358728431, 222),
(1358728432, 1358728479, 246),
(1358728480, 1358728511, 0),
(1358728512, 1358728595, 217),
(1358728596, 1358728631, 1),
(1358728632, 1358728639, 0),
(1358728640, 1358728703, 1),
(1358728704, 1358728975, 282),
(1358728976, 1358729023, 1),
(1358729024, 1358729031, 246),
(1358729032, 1358729039, 0),
(1358729040, 1358729055, 252),
(1358729056, 1358729119, 246),
(1358729120, 1358729231, 0),
(1358729232, 1358733311, 246),
(1358757888, 1358758335, 1),
(1358758336, 1358758399, 0),
(1358758400, 1358761287, 1),
(1358761288, 1358761295, 186),
(1358761296, 1358761511, 1),
(1358761512, 1358761519, 191),
(1358761520, 1358761983, 1),
(1358807040, 1358807295, 1),
(1358807296, 1358807807, 2),
(1358807808, 1358808063, 1),
(1358808064, 1358811135, 2),
(1358815232, 1358819327, 39),
(1358848000, 1358849383, 8),
(1358849384, 1358849399, 122),
(1358849400, 1358851551, 8),
(1358851552, 1358851583, 122),
(1358851584, 1358853239, 8),
(1358853240, 1358853247, 122),
(1358853248, 1358853927, 8),
(1358853928, 1358853935, 145),
(1358853936, 1358853943, 8),
(1358853944, 1358853951, 122),
(1358853952, 1358853959, 8),
(1358853960, 1358853967, 145),
(1358853968, 1358853975, 8),
(1358853976, 1358854143, 145),
(1358854144, 1358855039, 8),
(1358855040, 1358855087, 0),
(1358855088, 1358855103, 8),
(1358855104, 1358855167, 0),
(1358855168, 1358855711, 8),
(1358855712, 1358855719, 145),
(1358855720, 1358855807, 0),
(1358855808, 1358856191, 8),
(1358921728, 1358929919, 39),
(1359069184, 1359069439, 3),
(1359069440, 1359069695, 36),
(1359069696, 1359070207, 3),
(1359070208, 1359070463, 117),
(1359070464, 1359070719, 3),
(1359070720, 1359071743, 5),
(1359071744, 1359071999, 36),
(1359072000, 1359072255, 117),
(1359072256, 1359072767, 3),
(1359072768, 1359073023, 51),
(1359073024, 1359073279, 6),
(1359073280, 1359073791, 36),
(1359073792, 1359074303, 154),
(1359074304, 1359075583, 3),
(1359075584, 1359075839, 5),
(1359075840, 1359076351, 3),
(1359076352, 1359076607, 117),
(1359076608, 1359076863, 36),
(1359076864, 1359077375, 3),
(1359077376, 1359077631, 36),
(1359077632, 1359077887, 5),
(1359077888, 1359078783, 3),
(1359078784, 1359079167, 6),
(1359079168, 1359079183, 3),
(1359079184, 1359079423, 5),
(1359079424, 1359079935, 6),
(1359079936, 1359080207, 5),
(1359080208, 1359080735, 3),
(1359080736, 1359080767, 196),
(1359080768, 1359080847, 51),
(1359080848, 1359080863, 3),
(1359080864, 1359081471, 51),
(1359081472, 1359081983, 3),
(1359081984, 1359082239, 5),
(1359082240, 1359082495, 3),
(1359082496, 1359083519, 36),
(1359083520, 1359083775, 3),
(1359083776, 1359083903, 176),
(1359083904, 1359084031, 3),
(1359084032, 1359084287, 0),
(1359084288, 1359084543, 36),
(1359084544, 1359084799, 3),
(1359084800, 1359085055, 36),
(1359085056, 1359085567, 3),
(1359085568, 1359087359, 4),
(1359087360, 1359087615, 200),
(1359087616, 1359087679, 4),
(1359087680, 1359087711, 104),
(1359087712, 1359088255, 4),
(1359088256, 1359088287, 104),
(1359088288, 1359092479, 4),
(1359092480, 1359092879, 104),
(1359092880, 1359093247, 4),
(1359093248, 1359093503, 0),
(1359093504, 1359093759, 4),
(1359093760, 1359095807, 104),
(1359095808, 1359096575, 4),
(1359096576, 1359096831, 0),
(1359096832, 1359097599, 4),
(1359097600, 1359097855, 124),
(1359097856, 1359098367, 63),
(1359098368, 1359101951, 4),
(1359183872, 1359200255, 2),
(1359265792, 1359266047, 1),
(1359266048, 1359267071, 90),
(1359267072, 1359267327, 45),
(1359267328, 1359267583, 38),
(1359267584, 1359278335, 45),
(1359278336, 1359280127, 75),
(1359280128, 1359280383, 45),
(1359280384, 1359281663, 32),
(1359281664, 1359282175, 45),
(1359298560, 1359314943, 1),
(1359544320, 1359545151, 2),
(1359545152, 1359545279, 0),
(1359545280, 1359545343, 34),
(1359545344, 1359547263, 2),
(1359547264, 1359547903, 0),
(1359547904, 1359548415, 2),
(1359548416, 1359552767, 18),
(1359552768, 1359553055, 0),
(1359553056, 1359553151, 1),
(1359553152, 1359553311, 2),
(1359553312, 1359554623, 1),
(1359554624, 1359554847, 0),
(1359554848, 1359554911, 1),
(1359554912, 1359555103, 0),
(1359555104, 1359555167, 1),
(1359555168, 1359555359, 0),
(1359555360, 1359555423, 1),
(1359555424, 1359555615, 0),
(1359555616, 1359555679, 1),
(1359555680, 1359555871, 0),
(1359555872, 1359556095, 1),
(1359556096, 1359556127, 0),
(1359556128, 1359560703, 1),
(1359560704, 1359562495, 12),
(1359562496, 1359564799, 0),
(1359564800, 1359568895, 97),
(1359568896, 1359569919, 2),
(1359569920, 1359570175, 0),
(1359570176, 1359570431, 2),
(1359570432, 1359571199, 0),
(1359571200, 1359571427, 2),
(1359571428, 1359571431, 0),
(1359571432, 1359577087, 2),
(1359806464, 1359807087, 1),
(1359807088, 1359807095, 0),
(1359807096, 1359807703, 1),
(1359807704, 1359807727, 0),
(1359807728, 1359808895, 1),
(1359808896, 1359808903, 0),
(1359808904, 1359808943, 1),
(1359808944, 1359808959, 0),
(1359808960, 1359808975, 1),
(1359808976, 1359808991, 0),
(1359808992, 1359811535, 1),
(1359811536, 1359811543, 0),
(1359811544, 1359811871, 1),
(1359811872, 1359811887, 0),
(1359811888, 1359813159, 1),
(1359813160, 1359813167, 241),
(1359813168, 1359815791, 1),
(1359815792, 1359815807, 0),
(1359815808, 1359816831, 1),
(1359816832, 1359816847, 0),
(1359816848, 1359817183, 1),
(1359817184, 1359817199, 0),
(1359817200, 1359819015, 1),
(1359819016, 1359819039, 0),
(1359819040, 1359819159, 1),
(1359819160, 1359819167, 11),
(1359819168, 1359820823, 1),
(1359820824, 1359820831, 0),
(1359820832, 1359820991, 1),
(1359820992, 1359820999, 0),
(1359821000, 1359821031, 1),
(1359821032, 1359821039, 0),
(1359821040, 1359824951, 1),
(1359824952, 1359824959, 0),
(1359824960, 1359825919, 1),
(1359825920, 1359825983, 38),
(1359825984, 1359825999, 1),
(1359826000, 1359826007, 0),
(1359826008, 1359832767, 1),
(1359832768, 1359832783, 0),
(1359832784, 1359833903, 1),
(1359833904, 1359833919, 191),
(1359833920, 1359833983, 1),
(1359833984, 1359833999, 0),
(1359834000, 1359834023, 1),
(1359834024, 1359834031, 0),
(1359834032, 1359834039, 1),
(1359834040, 1359834047, 273),
(1359834048, 1359834247, 1),
(1359834248, 1359834255, 0),
(1359834256, 1359834279, 1),
(1359834280, 1359834287, 273),
(1359834288, 1359834367, 1),
(1359834368, 1359834375, 38),
(1359834376, 1359834495, 1),
(1359834496, 1359834511, 241),
(1359834512, 1359834559, 1),
(1359834560, 1359834567, 0),
(1359834568, 1359835519, 1),
(1359835520, 1359835583, 0),
(1359835584, 1359836959, 1),
(1359836960, 1359836967, 0),
(1359836968, 1359838719, 1),
(1359838720, 1359839231, 3),
(1360003072, 1360007167, 1),
(1360035840, 1360037375, 36),
(1360037376, 1360037503, 0),
(1360037504, 1360039935, 36),
(1360068608, 1360069567, 9),
(1360069568, 1360069631, 88),
(1360069632, 1360072703, 9),
(1360166912, 1360169471, 45),
(1360169472, 1360170239, 38),
(1360170240, 1360170751, 1),
(1360170752, 1360171007, 45),
(1360171008, 1360171519, 90),
(1360171520, 1360172543, 45),
(1360172544, 1360172799, 90),
(1360172800, 1360174111, 38),
(1360174112, 1360175103, 45),
(1360216064, 1360220159, 1),
(1360232448, 1360236543, 45),
(1360289792, 1360293887, 14),
(1360306176, 1360310271, 54),
(1360314368, 1360314623, 72),
(1360314624, 1360314879, 1),
(1360314880, 1360315391, 72),
(1360315392, 1360315551, 1),
(1360315552, 1360318463, 72),
(1360388096, 1360389631, 13),
(1360389632, 1360389887, 140),
(1360389888, 1360392191, 13),
(1360396288, 1360400383, 56),
(1360445440, 1360446463, 1),
(1360446464, 1360447487, 10),
(1360447488, 1360449535, 42),
(1360449536, 1360453631, 1),
(1360486400, 1360494591, 2),
(1360494592, 1360498687, 1),
(1360512848, 1360512855, 0),
(1360512872, 1360512895, 0),
(1360512904, 1360512911, 0),
(1360560128, 1360564223, 93),
(1360592896, 1360596991, 18),
(1360609280, 1360613375, 55),
(1360625664, 1360629759, 1),
(1360633856, 1360634239, 42),
(1360634240, 1360634243, 139),
(1360634244, 1360634847, 42),
(1360634848, 1360634879, 0),
(1360634880, 1360635391, 42),
(1360635392, 1360635423, 49),
(1360635424, 1360635527, 204),
(1360635528, 1360635663, 77),
(1360635664, 1360636067, 42),
(1360636068, 1360636071, 230),
(1360636072, 1360636447, 49),
(1360636448, 1360636515, 42),
(1360636516, 1360636927, 0),
(1360636928, 1360637439, 42),
(1360637440, 1360637695, 49),
(1360637696, 1360637951, 42),
(1360691200, 1360695295, 41),
(1360695296, 1360699391, 1),
(1360789504, 1360790143, 1),
(1360790144, 1360790175, 227),
(1360790176, 1360790783, 1),
(1360790784, 1360791039, 71),
(1360791040, 1360791295, 1),
(1360791296, 1360791423, 217),
(1360791424, 1360793599, 1),
(1360830464, 1360838655, 37),
(1360891136, 1360891391, 2),
(1360969728, 1360977919, 81),
(1364803584, 1364804735, 1),
(1364804736, 1364804863, 240),
(1364804864, 1364807679, 1),
(1364852736, 1364853759, 1),
(1364853760, 1364854015, 167),
(1364855808, 1364856831, 1),
(1364926464, 1364934655, 9),
(1365123072, 1365127167, 1),
(1365147648, 1365148167, 1),
(1365148168, 1365148171, 65),
(1365148172, 1365148343, 1),
(1365148344, 1365148347, 0),
(1365148348, 1365148359, 1),
(1365148360, 1365148367, 65),
(1365148368, 1365155839, 1),
(1365188608, 1365192283, 1),
(1365192284, 1365192311, 66),
(1365192312, 1365192703, 1),
(1365213184, 1365217279, 1),
(1370488832, 1370489855, 47),
(1370489856, 1370490623, 120),
(1370490624, 1370490879, 47),
(1370490880, 1370491903, 44),
(1370491904, 1370492159, 91),
(1370492160, 1370492415, 121),
(1370492416, 1370492671, 59),
(1370492672, 1370492927, 109),
(1370492928, 1370493439, 122),
(1370493440, 1370493455, 170),
(1370493456, 1370493471, 50),
(1370493472, 1370493487, 8),
(1370493488, 1370493495, 243),
(1370493496, 1370493503, 229),
(1370493504, 1370493543, 126),
(1370493544, 1370493551, 284),
(1370493552, 1370493567, 41),
(1370493568, 1370493599, 59),
(1370493600, 1370493631, 243),
(1370493632, 1370493951, 8),
(1370493952, 1370494975, 109),
(1370494976, 1370495231, 50),
(1370495232, 1370495743, 47),
(1370495744, 1370495999, 91),
(1370496000, 1370496511, 47),
(1370496512, 1370496767, 109),
(1370496768, 1370497023, 8),
(1370497024, 1370502143, 3),
(1370502144, 1370503679, 5),
(1370503680, 1370504447, 3),
(1370504448, 1370504703, 36),
(1370504704, 1370504959, 117),
(1370504960, 1370505215, 36),
(1370505216, 1370507007, 1),
(1370507008, 1370507519, 2),
(1370507520, 1370516479, 1),
(1370516480, 1370520575, 5),
(1370520576, 1370521343, 3),
(1370521344, 1370521599, 5),
(1370521600, 1370522367, 148),
(1370522368, 1370523391, 79),
(1370523392, 1370523647, 274),
(1370523648, 1370524415, 31),
(1370524416, 1370525695, 79),
(1370525696, 1370527743, 25),
(1370527744, 1370529791, 60),
(1370529792, 1370531327, 32),
(1370531328, 1370531583, 20),
(1370531584, 1370531839, 32),
(1370531840, 1370532351, 9),
(1370532352, 1370533119, 84),
(1370533120, 1370533375, 205),
(1370533376, 1370533631, 9),
(1370533632, 1370534143, 32),
(1370534144, 1370534399, 9),
(1370534400, 1370534911, 42),
(1370534912, 1370535935, 32),
(1370535936, 1370536959, 20),
(1370536960, 1370537471, 32),
(1370537472, 1370537983, 20),
(1370537984, 1370539007, 3),
(1370539008, 1370539775, 233),
(1370539776, 1370544639, 3),
(1370544640, 1370546943, 51),
(1370546944, 1370548223, 38),
(1370548224, 1370550271, 26),
(1370550272, 1370552319, 6),
(1370552320, 1370553343, 1),
(1370553344, 1370554367, 38),
(1370554368, 1370570751, 1),
(1370570752, 1370571263, 109),
(1370571264, 1370571775, 0),
(1370571776, 1370572031, 56),
(1370572032, 1370572287, 0),
(1370572288, 1370572543, 8),
(1370572544, 1370572799, 47),
(1370572800, 1370573311, 56),
(1370573312, 1370619903, 47),
(1371734016, 1371754727, 1),
(1371754728, 1371754735, 66),
(1371754736, 1371799551, 1),
(1372061696, 1372065791, 1),
(1372143616, 1372147711, 41),
(1372782592, 1372805119, 1),
(1372805120, 1372805375, 2),
(1372805376, 1372805631, 1),
(1372805632, 1372807039, 2),
(1372807040, 1372807055, 30),
(1372807056, 1372807071, 1),
(1372807072, 1372809983, 2),
(1372809984, 1372810111, 0),
(1372810112, 1372811007, 2),
(1372811008, 1372811263, 28),
(1372811264, 1372812287, 2),
(1372812288, 1372812543, 12),
(1372812544, 1372815359, 2),
(1373503488, 1373507583, 1),
(1373507584, 1373511679, 34),
(1373511680, 1373513727, 1),
(1373513728, 1373513855, 2),
(1373513856, 1373513983, 1),
(1373513984, 1373514239, 2),
(1373514240, 1373515007, 1),
(1373515008, 1373515263, 0),
(1373515264, 1373515775, 1),
(1373515776, 1373528063, 2),
(1373528064, 1373536255, 1),
(1373536256, 1373536767, 2),
(1373536768, 1373537087, 1),
(1373537088, 1373539839, 2),
(1373539840, 1373540351, 0),
(1373540352, 1373540607, 2),
(1373540608, 1373540863, 1),
(1373540864, 1373544447, 2),
(1373544448, 1373548799, 0),
(1373548800, 1373552639, 2),
(1373552640, 1373552895, 0),
(1373552896, 1373553011, 2),
(1373553012, 1373553015, 0),
(1373553016, 1373553919, 2),
(1373553920, 1373554239, 0),
(1373554240, 1373555199, 2),
(1373555200, 1373555455, 0),
(1373555456, 1373555711, 2),
(1373555712, 1373555967, 0),
(1373555968, 1373558271, 2),
(1373558272, 1373558527, 0),
(1373558528, 1373563647, 2),
(1373563648, 1373563711, 0),
(1373563712, 1373563743, 2),
(1373563744, 1373563903, 0),
(1373563904, 1373569023, 2),
(1382072320, 1382073599, 1),
(1382073600, 1382088703, 0),
(1382137856, 1382154239, 1),
(1382318080, 1382334463, 1),
(1383071744, 1383072767, 1),
(1383072768, 1383073023, 84),
(1383073024, 1383073151, 1),
(1383073152, 1383073343, 95),
(1383073344, 1383074303, 1),
(1383074304, 1383074687, 84),
(1383074688, 1383074799, 216),
(1383074800, 1383075071, 218),
(1383075072, 1383079935, 1),
(1383202816, 1383219199, 1),
(1383227392, 1383227903, 1),
(1383227904, 1383228159, 65),
(1383228160, 1383233535, 1),
(1383233536, 1383233791, 2),
(1383233792, 1383235839, 1),
(1383235840, 1383236095, 0),
(1383236096, 1383236351, 1),
(1383236352, 1383237375, 52),
(1383237376, 1383237887, 21),
(1383237888, 1383243775, 1),
(1383321600, 1383325695, 0),
(1383333888, 1383334399, 55),
(1383334400, 1383334655, 92),
(1383334656, 1383334663, 1),
(1383334664, 1383335935, 55),
(1383335936, 1383336191, 86),
(1383336192, 1383337983, 98),
(1383337984, 1383339007, 26),
(1383339008, 1383342079, 9),
(1383342080, 1383346383, 35),
(1383346384, 1383346431, 171),
(1383346432, 1383350271, 35),
(1383415808, 1383423999, 6),
(1383497728, 1383505919, 1),
(1383563264, 1383565311, 40),
(1383565312, 1383565567, 0),
(1383565568, 1383565823, 269),
(1383565824, 1383566335, 40),
(1383566336, 1383566591, 91),
(1383566592, 1383567615, 40),
(1383567616, 1383567871, 78),
(1383567872, 1383569407, 40),
(1383569408, 1383569663, 91),
(1383569664, 1383569919, 40),
(1383569920, 1383570175, 131),
(1383570176, 1383571455, 40),
(1384742912, 1384751103, 3),
(1384751104, 1384751375, 2),
(1384751376, 1384751615, 18),
(1384751616, 1384755199, 2),
(1384755200, 1384759295, 1),
(1384775680, 1384776703, 1),
(1384776704, 1384776735, 237),
(1384776736, 1384776767, 1),
(1384776768, 1384777215, 237),
(1384777216, 1384777271, 1),
(1384777272, 1384777279, 221),
(1384777280, 1384777847, 1),
(1384777848, 1384777855, 257),
(1384777856, 1384777871, 186),
(1384777872, 1384777983, 1),
(1384777984, 1384778111, 66),
(1384778112, 1384778527, 1),
(1384778528, 1384778535, 6),
(1384778536, 1384778711, 1),
(1384778712, 1384778719, 267),
(1384778720, 1384778751, 186),
(1384778752, 1384779007, 0),
(1384779008, 1384779031, 1),
(1384779032, 1384779039, 0),
(1384779040, 1384779127, 1),
(1384779128, 1384779135, 191),
(1384779136, 1384779143, 186),
(1384779144, 1384779151, 0),
(1384779152, 1384780799, 1),
(1384780800, 1384783871, 183),
(1384783872, 1384784127, 46),
(1384784128, 1384784207, 1),
(1384784208, 1384784223, 0),
(1384784224, 1384784511, 1),
(1384784512, 1384791935, 182),
(1384791936, 1384792063, 1),
(1384923136, 1384928103, 2),
(1384928104, 1384928111, 38),
(1384928112, 1384937471, 2),
(1384937472, 1384938495, 12),
(1384938496, 1384938751, 1),
(1384938752, 1384939519, 18),
(1385070592, 1385076479, 1),
(1385076480, 1385076811, 41),
(1385076812, 1385086975, 1),
(1385185280, 1385187903, 1),
(1385187904, 1385187935, 92),
(1385187936, 1385188223, 1),
(1385188224, 1385188255, 87),
(1385188256, 1385193471, 1),
(1385310208, 1385311231, 0),
(1385316096, 1385316351, 0),
(1385381888, 1385382144, 1),
(1385382145, 1385382399, 26),
(1385382400, 1385382431, 1),
(1385382432, 1385382439, 0),
(1385382440, 1385383439, 1),
(1385383440, 1385383455, 0),
(1385383456, 1385383519, 1),
(1385383520, 1385383599, 0),
(1385383600, 1385383679, 26),
(1385383680, 1385384191, 0),
(1385384192, 1385384991, 26),
(1385384992, 1385385023, 1),
(1385385024, 1385385055, 0),
(1385385056, 1385385215, 1),
(1385385216, 1385390079, 2),
(1385390080, 1385391359, 9),
(1385391360, 1385393663, 152),
(1385393664, 1385397247, 46),
(1385397248, 1385398047, 54),
(1385398048, 1385398271, 9),
(1385431040, 1385439231, 1),
(1385529344, 1385537535, 1),
(1385545728, 1385547775, 1),
(1385547776, 1385548287, 0),
(1385548288, 1385553919, 1),
(1385627648, 1385632511, 81),
(1385632512, 1385635327, 82),
(1385635328, 1385635583, 208),
(1385635584, 1385635839, 81),
(1385652224, 1385660415, 73),
(1386348544, 1386357103, 4),
(1386357104, 1386357119, 0),
(1386357120, 1386397183, 4),
(1386397184, 1386397695, 60),
(1386397696, 1386399487, 201),
(1386399488, 1386411007, 0),
(1386411008, 1386412031, 255),
(1386412032, 1386413567, 0),
(1386413568, 1386414079, 104),
(1387462656, 1387466751, 36),
(1387466752, 1387468799, 51),
(1387468800, 1387469567, 162),
(1387469568, 1387470335, 64),
(1387470336, 1387470847, 51),
(1387470848, 1387474943, 35),
(1387474944, 1387479567, 52),
(1387479568, 1387479679, 2),
(1387479680, 1387480063, 1),
(1387480064, 1387481087, 2),
(1387481088, 1387483135, 1),
(1387483136, 1387484159, 8),
(1387484160, 1387484927, 1),
(1387484928, 1387485183, 74),
(1387485184, 1387485439, 67),
(1387485440, 1387486207, 69),
(1387486208, 1387487231, 62),
(1387487232, 1387495423, 2),
(1387495424, 1387499519, 24),
(1387499520, 1387503615, 68),
(1387503616, 1387507711, 2),
(1387507712, 1387522559, 1),
(1387522560, 1387528191, 36),
(1388412928, 1388417535, 9),
(1388417536, 1388418047, 0),
(1388418048, 1388421119, 9),
(1388486656, 1388487935, 4),
(1388487936, 1388488191, 52),
(1388488192, 1388491775, 4),
(1388491776, 1388494591, 52),
(1388494592, 1388494847, 4),
(1388503040, 1388511231, 1),
(1388511232, 1388512767, 9),
(1388512768, 1388513023, 46),
(1388513024, 1388513279, 9),
(1388513280, 1388514047, 0),
(1388514048, 1388514303, 178),
(1388514304, 1388514351, 9),
(1388514352, 1388514359, 0),
(1388514360, 1388514367, 9),
(1388514368, 1388514375, 46),
(1388514376, 1388514383, 9),
(1388514384, 1388514391, 150),
(1388514392, 1388514399, 250),
(1388514400, 1388514431, 46),
(1388514432, 1388519423, 9),
(1388593152, 1388601343, 2),
(1388609536, 1388609791, 1),
(1388609792, 1388610047, 73),
(1388610048, 1388610303, 67),
(1388610304, 1388610559, 38),
(1388610560, 1388610815, 29),
(1388610816, 1388611071, 14),
(1388611072, 1388611327, 48),
(1388611328, 1388611583, 11),
(1388611584, 1388611839, 74),
(1388611840, 1388612095, 72),
(1388612096, 1388612159, 1),
(1388612160, 1388612223, 71),
(1388612224, 1388612351, 1),
(1388612352, 1388612607, 69),
(1388612608, 1388612671, 1),
(1388612672, 1388612735, 70),
(1388612736, 1388612863, 1),
(1388612864, 1388613119, 68),
(1388613120, 1388613183, 1),
(1388613184, 1388613247, 24),
(1388613248, 1388613375, 1),
(1388613376, 1388613631, 7),
(1388613632, 1388616703, 1),
(1388616704, 1388617215, 24),
(1388617216, 1388617727, 1),
(1388709888, 1388711935, 0),
(1388712960, 1388713215, 0),
(1388714752, 1388715007, 0),
(1388748800, 1388756991, 1),
(1388797952, 1388806143, 1),
(1388838912, 1388839167, 6),
(1388839168, 1388839423, 3),
(1388839424, 1388839679, 5),
(1388839680, 1388840959, 3),
(1388840960, 1388841983, 117),
(1388841984, 1388843007, 36),
(1388843008, 1388843519, 6),
(1388843520, 1388843583, 3),
(1388843584, 1388843615, 36),
(1388843616, 1388844031, 3),
(1388844032, 1388844543, 36),
(1388844544, 1388844679, 5),
(1388844680, 1388844687, 3),
(1388844688, 1388844735, 5),
(1388844736, 1388844767, 3),
(1388844768, 1388844799, 5),
(1388844800, 1388845055, 3),
(1388845056, 1388845311, 6),
(1388845312, 1388845439, 117),
(1388845440, 1388845567, 3),
(1388845568, 1388845583, 0),
(1388845584, 1388845599, 212),
(1388845600, 1388845631, 3),
(1388845632, 1388845823, 0),
(1388845824, 1388846079, 3),
(1388846080, 1388846335, 36),
(1388846336, 1388846591, 3),
(1388846592, 1388847103, 36),
(1388847104, 1388871679, 3),
(1389002752, 1389035519, 119),
(1389133824, 1389135683, 1),
(1389135684, 1389135687, 0),
(1389135688, 1389136895, 1),
(1389136896, 1389150207, 37),
(1389150208, 1389166591, 1),
(1389379584, 1389380375, 45),
(1389380376, 1389380391, 219),
(1389380392, 1389380399, 220),
(1389380400, 1389380407, 0),
(1389380408, 1389380415, 280),
(1389380416, 1389380423, 270),
(1389380424, 1389380431, 219),
(1389380432, 1389380439, 264),
(1389380440, 1389380455, 219),
(1389380456, 1389380463, 264),
(1389380464, 1389380471, 0),
(1389380472, 1389380487, 219),
(1389380488, 1389380495, 220),
(1389380496, 1389380519, 0),
(1389380520, 1389380543, 45),
(1389380544, 1389380551, 0),
(1389380552, 1389380591, 219),
(1389380592, 1389380599, 0),
(1389380600, 1389380607, 219),
(1389380608, 1389382959, 45),
(1389382960, 1389382967, 256),
(1389382968, 1389383167, 45),
(1389383168, 1389383199, 219),
(1389383200, 1389383263, 45),
(1389383264, 1389383423, 262),
(1389383424, 1389384447, 45),
(1389384448, 1389384703, 219),
(1389384704, 1389385543, 45),
(1389385544, 1389385551, 1),
(1389385552, 1389385983, 45),
(1389385984, 1389386015, 219),
(1389386016, 1389386023, 1),
(1389386024, 1389386239, 0),
(1389386240, 1389387007, 45),
(1389387008, 1389387015, 0),
(1389387016, 1389395967, 45),
(1396973568, 1396974079, 2),
(1396974080, 1396981759, 0),
(1397030912, 1397037823, 7),
(1397037824, 1397038079, 13),
(1397038080, 1397038591, 14),
(1397038592, 1397039103, 7),
(1397047296, 1397055487, 1),
(1397055488, 1397063679, 42),
(1397071872, 1397079039, 0),
(1397079040, 1397094159, 1),
(1397094160, 1397094167, 0),
(1397094168, 1397096447, 1),
(1398892544, 1398894591, 1),
(1399226368, 1399236655, 1),
(1399236656, 1399236671, 0),
(1399236672, 1399239263, 1),
(1399239264, 1399239279, 0),
(1399239280, 1399259135, 1),
(1401427968, 1401430015, 1),
(1401434112, 1401436159, 54),
(1401438464, 1401438719, 94),
(1401450496, 1401452543, 26),
(1401481216, 1401483263, 1),
(1401483264, 1401485311, 2),
(1401499648, 1401501695, 1),
(1401542656, 1401544703, 1),
(1401565184, 1401567231, 0),
(1401856000, 1401858047, 0),
(1402093568, 1402095615, 94),
(1402095616, 1402097663, 100),
(1402097664, 1402100223, 54),
(1402100224, 1402109951, 94),
(1402273792, 1402286079, 1),
(1402286080, 1402287103, 3),
(1402287104, 1402288127, 25),
(1402288128, 1402290175, 1),
(1402322944, 1402324223, 1),
(1402324224, 1402324479, 2),
(1402324480, 1402324991, 1),
(1402324992, 1402326015, 32),
(1402326016, 1402327039, 166),
(1402327040, 1402327167, 183),
(1402327168, 1402327295, 2),
(1402327296, 1402327583, 1),
(1402327584, 1402327599, 80),
(1402327600, 1402331231, 1),
(1402331232, 1402331279, 80),
(1402331280, 1402333183, 1),
(1402333184, 1402333951, 42),
(1402333952, 1402334207, 49),
(1402334208, 1402334495, 42),
(1402334496, 1402336779, 1),
(1402336780, 1402336783, 0),
(1402336784, 1402336991, 1),
(1402336992, 1402337023, 80),
(1402337024, 1402337791, 1),
(1402337792, 1402338047, 0),
(1402338048, 1402339327, 1),
(1402404864, 1402408959, 42),
(1403412480, 1403412495, 1),
(1403412496, 1403413055, 0),
(1403413056, 1403413503, 1),
(1403413504, 1403416063, 17),
(1403416064, 1403418623, 0),
(1403418624, 1403418847, 1),
(1403418848, 1403418879, 0),
(1403418880, 1403418895, 1),
(1403418896, 1403419391, 0),
(1403419392, 1403420671, 1),
(1403445248, 1403453439, 1),
(1403453440, 1403461631, 9),
(1403469824, 1403478015, 56),
(1403478016, 1403486207, 1),
(1403633664, 1403650047, 13),
(1403731968, 1403733679, 2),
(1403733680, 1403733695, 222),
(1403733696, 1403748351, 2),
(1403781120, 1403789311, 6),
(1403789312, 1403790367, 0),
(1403790368, 1403790383, 6),
(1403790384, 1403791359, 0),
(1403791360, 1403792383, 6),
(1403792384, 1403793407, 0),
(1403793408, 1403797503, 6),
(1403961344, 1403969535, 81),
(1403969536, 1403969791, 83),
(1403969792, 1403977727, 81),
(1406730240, 1406738431, 79),
(1406738432, 1406746623, 1),
(1406779392, 1406787583, 185),
(1406861312, 1406862767, 20),
(1406862768, 1406862783, 0),
(1406862784, 1406862919, 20),
(1406862920, 1406862927, 0),
(1406862928, 1406863103, 20),
(1406863104, 1406863111, 0),
(1406863112, 1406863119, 20),
(1406863120, 1406863127, 0),
(1406863128, 1406863263, 20),
(1406863264, 1406863279, 0),
(1406863280, 1406863343, 20),
(1406863344, 1406863351, 0),
(1406863352, 1406863871, 20),
(1406863872, 1406864903, 9),
(1406864904, 1406864911, 0),
(1406864912, 1406865087, 20),
(1406865088, 1406867455, 9),
(1406867456, 1406867711, 54),
(1406867712, 1406867967, 26),
(1406867968, 1406868223, 20),
(1406868224, 1406868607, 84),
(1406868608, 1406868991, 100),
(1406868992, 1406869247, 85),
(1406869248, 1406869503, 55),
(1406894080, 1406896639, 61),
(1406896640, 1406901759, 0),
(1406901760, 1406902271, 61),
(1406918656, 1406919935, 0),
(1406919936, 1406926847, 1),
(1406935040, 1406943231, 1),
(1406943232, 1406951423, 16),
(1406967808, 1406975999, 1),
(1406984192, 1406992383, 1),
(1406992384, 1407000575, 41),
(1407034368, 1407035391, 1),
(1407041536, 1407042559, 8),
(1407042560, 1407042759, 0),
(1407042760, 1407042799, 8),
(1407042800, 1407042871, 0),
(1407042872, 1407042959, 8),
(1407042960, 1407042967, 0),
(1407042968, 1407042975, 8),
(1407042976, 1407042991, 0),
(1407042992, 1407043071, 8),
(1407043072, 1407043079, 0),
(1407043080, 1407043087, 8),
(1407043088, 1407043095, 0),
(1407043096, 1407043135, 8),
(1407043136, 1407043207, 0),
(1407043208, 1407047935, 8),
(1407047936, 1407048191, 0),
(1407048192, 1407049727, 8),
(1407057920, 1407059455, 1),
(1407059456, 1407059471, 0),
(1407059472, 1407066111, 1),
(1407074304, 1407082495, 1),
(1407107072, 1407115263, 1),
(1407115264, 1407123455, 39),
(1407180800, 1407188991, 1),
(1407549440, 1407582207, 1),
(1407844352, 1407848447, 61),
(1407848448, 1407853055, 16),
(1407853056, 1407853311, 39),
(1407853312, 1407853567, 99),
(1407853568, 1407856639, 39),
(1407856640, 1407856895, 68),
(1407856896, 1407857407, 1),
(1407857408, 1407857663, 129),
(1407857664, 1407858175, 73),
(1407858176, 1407858687, 1),
(1407858688, 1407859711, 69),
(1407859712, 1407860223, 67),
(1407860224, 1407860735, 277),
(1407860736, 1407864831, 12),
(1407864832, 1407865343, 34),
(1407865344, 1407868671, 0),
(1407868672, 1407868927, 34),
(1407868928, 1407873023, 0),
(1407873024, 1407873279, 68),
(1407873280, 1407873295, 1),
(1407873296, 1407873303, 68),
(1407873304, 1407877119, 1),
(1407877120, 1407881215, 28),
(1407881216, 1407885311, 4),
(1407885312, 1407885823, 41),
(1407885824, 1407909887, 61),
(1408040960, 1408106495, 1),
(1408172032, 1408200703, 41),
(1408200704, 1408204799, 170),
(1408204800, 1408221183, 56),
(1408221184, 1408223231, 120),
(1408223232, 1408225279, 10),
(1408225280, 1408229375, 120),
(1408229376, 1408233471, 59),
(1408233472, 1408235519, 10),
(1408235520, 1408236799, 41),
(1408236800, 1408237055, 10),
(1408237056, 1408237311, 41),
(1408237312, 1408237567, 242),
(1408401408, 1408434175, 1),
(1408450560, 1408454655, 2),
(1408663552, 1408696319, 51),
(1410367488, 1410375679, 1),
(1410400256, 1410408447, 2),
(1410457600, 1410460415, 0),
(1410460416, 1410460671, 71),
(1410460672, 1410460927, 239),
(1410460928, 1410465791, 0),
(1410490368, 1410494463, 42),
(1410494464, 1410494471, 33),
(1410494472, 1410498559, 42),
(1410678784, 1410686975, 1),
(1410719744, 1410720415, 1),
(1410720424, 1410720471, 1),
(1410760704, 1410768895, 39),
(1410777088, 1410785279, 2),
(1410801664, 1410809855, 1),
(1412038656, 1412046847, 24),
(1412046848, 1412055039, 67),
(1412055040, 1412071423, 24),
(1412399104, 1412415487, 1),
(1412677632, 1412694015, 231),
(1412710400, 1412726783, 2),
(1412808704, 1412825087, 1),
(1412874240, 1412875007, 40),
(1412875008, 1412875263, 249),
(1412875264, 1412876799, 40),
(1412876800, 1412877055, 78),
(1412877056, 1412890623, 40),
(1422655488, 1422688255, 2),
(1422688256, 1422698239, 1);
INSERT INTO `powercounter_ip_compact` (`init_ip`, `end_ip`, `city_id`) VALUES
(1422698240, 1422721023, 2),
(1424818176, 1424849919, 3),
(1424849920, 1424850943, 51),
(1425145856, 1425162239, 2),
(1425195008, 1425211391, 18),
(1425833984, 1425836031, 1),
(1425836032, 1425836543, 79),
(1425836544, 1425850367, 1),
(1425883136, 1425899519, 1),
(1425981440, 1425984255, 26),
(1425984256, 1425997823, 9),
(1431871488, 1431879439, 0),
(1431879440, 1431879487, 130),
(1431879488, 1431879679, 0),
(1431920640, 1431928831, 1),
(1431986176, 1431988223, 1),
(1431988224, 1431989247, 73),
(1431989248, 1431994367, 1),
(1432051712, 1432059903, 1),
(1432076288, 1432084479, 45),
(1432092672, 1432100863, 9),
(1432166400, 1432174591, 0),
(1432190976, 1432199167, 1),
(1432223744, 1432240127, 1),
(1434517504, 1434520063, 1),
(1434520064, 1434550271, 0),
(1435238400, 1435369471, 0),
(1435369472, 1435373567, 2),
(1435373568, 1435374591, 1),
(1435374592, 1435500543, 2),
(1436430336, 1436432143, 7),
(1436432144, 1436432383, 1),
(1437335552, 1437597695, 41),
(1438646272, 1438662655, 1),
(1438679040, 1438695423, 94),
(1438728192, 1438744575, 1),
(2429419520, 2429485055, 1),
(2449014784, 2449080319, 1),
(2469199872, 2469265407, 1),
(2646212608, 2646278143, 116),
(2667184128, 2667249663, 1),
(2673672192, 2673737727, 127),
(2701656064, 2701721599, 58),
(3226864384, 3226864639, 17),
(3227236864, 3227237119, 1),
(3227442432, 3227442687, 1),
(3227845632, 3227845887, 1),
(3227968768, 3227969023, 129),
(3229395456, 3229395967, 1),
(3229395968, 3229396479, 0),
(3229396480, 3229398015, 51),
(3229398016, 3229408255, 1),
(3230153984, 3230154239, 1),
(3230967296, 3230967551, 1),
(3231108352, 3231108607, 1),
(3231296256, 3231296511, 1),
(3231770880, 3231771135, 129),
(3233575936, 3233576191, 127),
(3233594112, 3233594367, 3),
(3233594624, 3233594879, 1),
(3234007040, 3234007295, 54),
(3234549760, 3234550015, 1),
(3238502400, 3238504447, 1),
(3238632960, 3238633215, 1),
(3239078400, 3239078655, 3),
(3239091200, 3239091455, 1),
(3239104512, 3239105279, 58),
(3239130112, 3239130367, 1),
(3239160320, 3239160575, 2),
(3239264768, 3239266303, 30),
(3239268864, 3239269375, 1),
(3239273984, 3239274495, 3),
(3239280128, 3239280639, 51),
(3239446016, 3239446271, 274),
(3239467008, 3239467263, 1),
(3239489024, 3239489279, 1),
(3239506432, 3239506687, 3),
(3239634944, 3239635967, 27),
(3239643136, 3239645183, 27),
(3239689728, 3239690239, 1),
(3239697664, 3239697919, 51),
(3239706624, 3239706879, 51),
(3239707136, 3239707391, 1),
(3239710720, 3239710975, 1),
(3239741184, 3239741439, 1),
(3239759872, 3239760127, 61),
(3239760896, 3239761151, 1),
(3239782656, 3239782911, 1),
(3239789056, 3239789567, 1),
(3239826944, 3239827455, 1),
(3239828992, 3239829503, 164),
(3239829504, 3239830015, 0),
(3239831040, 3239831551, 2),
(3239832576, 3239834111, 16),
(3239835136, 3239835647, 0),
(3239835648, 3239836159, 3),
(3239848960, 3239849215, 1),
(3239849472, 3239849727, 1),
(3239886336, 3239886591, 1),
(3239897600, 3239897855, 1),
(3239902464, 3239902719, 5),
(3239978752, 3239979007, 39),
(3240029184, 3240030207, 1),
(3240032256, 3240033279, 1),
(3240034304, 3240034559, 30),
(3240711680, 3240711935, 1),
(3240725504, 3240726527, 1),
(3240747520, 3240747775, 9),
(3240820800, 3240820831, 0),
(3240853248, 3240853503, 0),
(3240867328, 3240867583, 0),
(3245127168, 3245127423, 1),
(3245133568, 3245133823, 7),
(3245139456, 3245139967, 2),
(3245149184, 3245150207, 1),
(3245164032, 3245164543, 91),
(3245165568, 3245166079, 2),
(3245168896, 3245169151, 2),
(3245175296, 3245175551, 1),
(3245211648, 3245212159, 3),
(3245212672, 3245213183, 1),
(3245277696, 3245278207, 135),
(3245300480, 3245300735, 2),
(3245300736, 3245300991, 1),
(3245306880, 3245307391, 1),
(3245322240, 3245323263, 1),
(3245341696, 3245342719, 2),
(3246129152, 3246130687, 1),
(3246130688, 3246131199, 61),
(3246131200, 3246134271, 2),
(3246134272, 3246135551, 1),
(3246135552, 3246138111, 2),
(3246138112, 3246141695, 3),
(3246141696, 3246147327, 1),
(3246147328, 3246147583, 2),
(3246147584, 3246149631, 1),
(3246149632, 3246151167, 2),
(3246151168, 3246152959, 1),
(3246152960, 3246153727, 2),
(3246153728, 3246153983, 148),
(3246153984, 3246154239, 79),
(3246154240, 3246158847, 1),
(3246158848, 3246161663, 79),
(3246161664, 3246163199, 0),
(3246163200, 3246170111, 1),
(3246170112, 3246172671, 3),
(3246172672, 3246173183, 0),
(3246173184, 3246177535, 1),
(3246177536, 3246177791, 9),
(3246177792, 3246182399, 1),
(3246182400, 3246186495, 3),
(3246186496, 3246191359, 1),
(3246191360, 3246193151, 3),
(3246193152, 3246199551, 1),
(3246199552, 3246199807, 11),
(3246199808, 3246201087, 1),
(3246201088, 3246201599, 3),
(3246201600, 3246204927, 1),
(3246204928, 3246206207, 3),
(3246206208, 3246212095, 2),
(3246212096, 3246212607, 1),
(3246212608, 3246219263, 45),
(3246219264, 3246234111, 1),
(3246234112, 3246235135, 79),
(3246235136, 3246235647, 1),
(3246235648, 3246236415, 2),
(3246236416, 3246240255, 1),
(3246240256, 3246241279, 3),
(3246241280, 3246243071, 79),
(3246243072, 3246243839, 1),
(3246243840, 3246249471, 2),
(3246249472, 3246249599, 1),
(3246249600, 3246250239, 185),
(3246250240, 3246251519, 2),
(3246251520, 3246256383, 1),
(3246256384, 3246259455, 2),
(3246259456, 3246259679, 11),
(3246259680, 3246259711, 0),
(3246259712, 3246260223, 1),
(3247064576, 3247064831, 1),
(3247067648, 3247067903, 1),
(3247069440, 3247069695, 0),
(3247079424, 3247080447, 0),
(3247085568, 3247086591, 1),
(3247091712, 3247092735, 54),
(3247106048, 3247107071, 1),
(3247833088, 3247865855, 1),
(3247898624, 3247899647, 1),
(3247926272, 3247927295, 7),
(3248233216, 3248233471, 138),
(3249702656, 3249702911, 3),
(3249708544, 3249709055, 1),
(3250357824, 3250357887, 1),
(3250618368, 3250626559, 1),
(3250755840, 3250756351, 15),
(3251183104, 3251183615, 3),
(3251197952, 3251198975, 1),
(3251205632, 3251206143, 1),
(3251207680, 3251208191, 1),
(3251214336, 3251214463, 1),
(3251233792, 3251234815, 1),
(3253207040, 3253211903, 1),
(3253211904, 3253212159, 39),
(3253212160, 3253212415, 182),
(3253212416, 3253212671, 214),
(3253212672, 3253212927, 187),
(3253212928, 3253213183, 1),
(3253213184, 3253213439, 183),
(3253213440, 3253223935, 1),
(3253223936, 3253224191, 13),
(3253224192, 3253224447, 35),
(3253224448, 3253224959, 1),
(3253224960, 3253225471, 34),
(3253225472, 3253227519, 1),
(3253227520, 3253227775, 2),
(3253227776, 3253228543, 1),
(3253228544, 3253229055, 80),
(3253229056, 3253229311, 1),
(3253229312, 3253229567, 3),
(3253229568, 3253231359, 1),
(3253231360, 3253231615, 3),
(3253231616, 3253249535, 1),
(3253249536, 3253249791, 3),
(3253249792, 3253251583, 1),
(3253251584, 3253251839, 166),
(3253251840, 3253252095, 2),
(3253252096, 3253256703, 45),
(3253256704, 3253257471, 1),
(3253257472, 3253257727, 214),
(3253257728, 3253258239, 17),
(3253258240, 3253259007, 1),
(3253259008, 3253259775, 39),
(3253259776, 3253260799, 1),
(3253260800, 3253261311, 17),
(3253261312, 3253265919, 1),
(3253265920, 3253266431, 38),
(3253266432, 3253266943, 2),
(3253266944, 3253267199, 1),
(3253267200, 3253267455, 14),
(3253267456, 3253267967, 1),
(3253267968, 3253268223, 173),
(3253268224, 3253268479, 25),
(3253268480, 3253268991, 0),
(3253268992, 3253271551, 1),
(3253271552, 3253272063, 42),
(3253272064, 3253272319, 28),
(3253272320, 3253275007, 1),
(3253275008, 3253275135, 80),
(3253275136, 3253280767, 1),
(3253280768, 3253284863, 80),
(3253284864, 3253288191, 7),
(3253288192, 3253288447, 182),
(3253288448, 3253293055, 1),
(3253293056, 3253295103, 54),
(3253295104, 3253301247, 15),
(3253301248, 3253306367, 29),
(3253306368, 3253309439, 30),
(3253309440, 3253311487, 81),
(3253311488, 3253313535, 36),
(3253313536, 3253314047, 54),
(3253314048, 3253314303, 149),
(3253314304, 3253314559, 101),
(3253314560, 3253319679, 54),
(3253319680, 3253320447, 29),
(3253320448, 3253320703, 72),
(3253320704, 3253321727, 29),
(3253321728, 3253325823, 7),
(3253325824, 3253338111, 1),
(3253963264, 3253963775, 31),
(3254701056, 3254701567, 1),
(3254702080, 3254702591, 1),
(3254712320, 3254712831, 86),
(3255307776, 3255308287, 69),
(3255318272, 3255318527, 1),
(3255345152, 3255346303, 2),
(3255346304, 3255346431, 1),
(3255346432, 3255347215, 2),
(3255347216, 3255347231, 192),
(3255347232, 3255353343, 2),
(3256414208, 3256414719, 2),
(3257561088, 3257561599, 58),
(3258352640, 3258353663, 1),
(3258356736, 3258357759, 1),
(3258359808, 3258360831, 1),
(3258363904, 3258364927, 1),
(3258580992, 3258589951, 2),
(3258589952, 3258591231, 1),
(3258591232, 3258595327, 11),
(3258595328, 3258604543, 1),
(3258604544, 3258605055, 11),
(3258605056, 3258606591, 79),
(3258606592, 3258607359, 1),
(3258607360, 3258614527, 2),
(3258614528, 3258616063, 79),
(3258616064, 3258620415, 11),
(3258620416, 3258631423, 1),
(3258631424, 3258631679, 2),
(3258631680, 3258638335, 79),
(3258638336, 3258640383, 1),
(3258640384, 3258646527, 2),
(3258945536, 3258946559, 1),
(3259170816, 3259171839, 1),
(3259171840, 3259172863, 2),
(3259172864, 3259179007, 1),
(3259179008, 3259179519, 38),
(3259179520, 3259181823, 1),
(3259181824, 3259182079, 4),
(3259182080, 3259182591, 1),
(3259182592, 3259183871, 2),
(3259183872, 3259184383, 1),
(3259184384, 3259184895, 38),
(3259184896, 3259185151, 3),
(3259185152, 3259185663, 1),
(3259185664, 3259185919, 81),
(3259185920, 3259186175, 3),
(3259186176, 3259186943, 1),
(3259186944, 3259187199, 2),
(3259187200, 3259188783, 1),
(3259188784, 3259188799, 222),
(3259188800, 3259188863, 1),
(3259188864, 3259188991, 0),
(3259188992, 3259189247, 183),
(3259189248, 3259189503, 1),
(3259189504, 3259190015, 183),
(3259190016, 3259191039, 1),
(3259191040, 3259191231, 183),
(3259191232, 3259194623, 1),
(3259194624, 3259194879, 183),
(3259194880, 3259196671, 1),
(3259196672, 3259196927, 12),
(3259196928, 3259198911, 1),
(3259198912, 3259198975, 0),
(3259198976, 3259200287, 1),
(3259200288, 3259200351, 183),
(3259200352, 3259200415, 1),
(3259200416, 3259200463, 183),
(3259200464, 3259201791, 1),
(3259201792, 3259203071, 183),
(3259203072, 3259204511, 1),
(3259204512, 3259204527, 241),
(3259204528, 3259205951, 1),
(3259205952, 3259205967, 241),
(3259205968, 3259208319, 1),
(3259208320, 3259208367, 241),
(3259208368, 3259209183, 1),
(3259209184, 3259209199, 241),
(3259209200, 3259217007, 1),
(3259217008, 3259217023, 241),
(3259217024, 3259217663, 1),
(3259217664, 3259217695, 241),
(3259217696, 3259217759, 1),
(3259217760, 3259217791, 241),
(3259217792, 3259218431, 1),
(3259218432, 3259218447, 241),
(3259218448, 3259218495, 1),
(3259218496, 3259218751, 241),
(3259218752, 3259218831, 1),
(3259218832, 3259218847, 241),
(3259218848, 3259228991, 1),
(3259228992, 3259229183, 257),
(3259229184, 3259232087, 1),
(3259232088, 3259232095, 0),
(3259232096, 3259234015, 1),
(3259234016, 3259234303, 241),
(3259234304, 3259236351, 1),
(3260284928, 3260285439, 1),
(3260285440, 3260285451, 8),
(3260285452, 3260285455, 3),
(3260285456, 3260285679, 1),
(3260285680, 3260285683, 3),
(3260285684, 3260285687, 16),
(3260285688, 3260285695, 47),
(3260285696, 3260285951, 1),
(3260285952, 3260286207, 36),
(3260286208, 3260286335, 13),
(3260286336, 3260286463, 16),
(3260286464, 3260286719, 1),
(3260286720, 3260286783, 182),
(3260286784, 3260286799, 4),
(3260286800, 3260286807, 54),
(3260286808, 3260286815, 41),
(3260286816, 3260286831, 4),
(3260286832, 3260286839, 41),
(3260286840, 3260286847, 8),
(3260286848, 3260286975, 1),
(3260286976, 3260287135, 165),
(3260287136, 3260287167, 54),
(3260287168, 3260287231, 63),
(3260287232, 3260287487, 61),
(3260287488, 3260287999, 3),
(3260288000, 3260288511, 1),
(3260288512, 3260289135, 36),
(3260289136, 3260289151, 1),
(3260289152, 3260289167, 25),
(3260289168, 3260289175, 1),
(3260289176, 3260289183, 34),
(3260289184, 3260289215, 25),
(3260289216, 3260289791, 4),
(3260289792, 3260290367, 1),
(3260290368, 3260290399, 4),
(3260290400, 3260290415, 1),
(3260290416, 3260290431, 4),
(3260290432, 3260290495, 34),
(3260290496, 3260290559, 1),
(3260290560, 3260290575, 54),
(3260290576, 3260290591, 3),
(3260290592, 3260290607, 1),
(3260290608, 3260290623, 25),
(3260290624, 3260290663, 4),
(3260290664, 3260290671, 45),
(3260290672, 3260290687, 25),
(3260290688, 3260290695, 3),
(3260290696, 3260290711, 16),
(3260290712, 3260290719, 1),
(3260290720, 3260290727, 25),
(3260290728, 3260290735, 16),
(3260290736, 3260290743, 1),
(3260290744, 3260290751, 45),
(3260290752, 3260290791, 3),
(3260290792, 3260290799, 34),
(3260290800, 3260290943, 1),
(3260290944, 3260290975, 4),
(3260290976, 3260291071, 9),
(3260291072, 3260291583, 1),
(3260291584, 3260291839, 34),
(3260291840, 3260292111, 1),
(3260292112, 3260292127, 47),
(3260292128, 3260292143, 16),
(3260292144, 3260292159, 9),
(3260292160, 3260292343, 54),
(3260292344, 3260292351, 36),
(3260292352, 3260292607, 3),
(3260292608, 3260292863, 1),
(3260292864, 3260292895, 34),
(3260292896, 3260292911, 3),
(3260292912, 3260292927, 4),
(3260292928, 3260292991, 36),
(3260292992, 3260293119, 34),
(3260293120, 3260293247, 9),
(3260293248, 3260293375, 25),
(3260293376, 3260293631, 1),
(3260293632, 3260293887, 9),
(3260293888, 3260294399, 1),
(3260294400, 3260294655, 9),
(3260294656, 3260295167, 1),
(3260295168, 3260295423, 4),
(3260295424, 3260295551, 1),
(3260295552, 3260295679, 126),
(3260295680, 3260295935, 16),
(3260295936, 3260295967, 1),
(3260295968, 3260295983, 16),
(3260295984, 3260295999, 34),
(3260296000, 3260296063, 1),
(3260296064, 3260296095, 4),
(3260296096, 3260296127, 3),
(3260296128, 3260296191, 1),
(3260296192, 3260296447, 99),
(3260296448, 3260296703, 9),
(3260296704, 3260296959, 1),
(3260296960, 3260297279, 56),
(3260297280, 3260297343, 1),
(3260297344, 3260297407, 25),
(3260297408, 3260297471, 4),
(3260297472, 3260297983, 1),
(3260297984, 3260298239, 95),
(3260298240, 3260298751, 1),
(3260298752, 3260298783, 3),
(3260298784, 3260298791, 34),
(3260298792, 3260298799, 16),
(3260298800, 3260298815, 4),
(3260298816, 3260298847, 3),
(3260298848, 3260298879, 1),
(3260298880, 3260298943, 45),
(3260298944, 3260298951, 3),
(3260298952, 3260298959, 8),
(3260298960, 3260298967, 16),
(3260298968, 3260298975, 1),
(3260298976, 3260299007, 9),
(3260299008, 3260299263, 1),
(3260299264, 3260299391, 4),
(3260299392, 3260299455, 41),
(3260299456, 3260299775, 1),
(3260299776, 3260300031, 2),
(3260300032, 3260300287, 1),
(3260300288, 3260300543, 34),
(3260300544, 3260300799, 36),
(3260300800, 3260300927, 1),
(3260300928, 3260301055, 26),
(3260301056, 3260301311, 90),
(3260301312, 3260301567, 34),
(3260301568, 3260301695, 1),
(3260301696, 3260301759, 94),
(3260301760, 3260301823, 1),
(3260301824, 3260301839, 4),
(3260301840, 3260301855, 25),
(3260301856, 3260301887, 4),
(3260301888, 3260301951, 8),
(3260301952, 3260302015, 36),
(3260302016, 3260302023, 8),
(3260302024, 3260302031, 4),
(3260302032, 3260302039, 9),
(3260302040, 3260302047, 8),
(3260302048, 3260302079, 3),
(3260302080, 3260302335, 1),
(3260302336, 3260302591, 233),
(3260302592, 3260302847, 9),
(3260302848, 3260303103, 8),
(3260303104, 3260303359, 2),
(3260303360, 3260303487, 9),
(3260303488, 3260303615, 8),
(3260303616, 3260304383, 1),
(3260304384, 3260304391, 43),
(3260304392, 3260304399, 3),
(3260304400, 3260304407, 41),
(3260304408, 3260304415, 34),
(3260304416, 3260304447, 9),
(3260304448, 3260304455, 45),
(3260304456, 3260304479, 3),
(3260304480, 3260304511, 63),
(3260304512, 3260304575, 1),
(3260304576, 3260304591, 4),
(3260304592, 3260304607, 1),
(3260304608, 3260304639, 3),
(3260304640, 3260304895, 1),
(3260304896, 3260305151, 130),
(3260305152, 3260305407, 1),
(3260305408, 3260305663, 97),
(3260305664, 3260305919, 1),
(3260305920, 3260306175, 95),
(3260306176, 3260306239, 16),
(3260306240, 3260306271, 9),
(3260306272, 3260306303, 1),
(3260306304, 3260306335, 4),
(3260306336, 3260306343, 16),
(3260306344, 3260306351, 34),
(3260306352, 3260306367, 16),
(3260306368, 3260306431, 54),
(3260306432, 3260306687, 1),
(3260306688, 3260306719, 4),
(3260306720, 3260306727, 8),
(3260306728, 3260306735, 16),
(3260306736, 3260306751, 9),
(3260306752, 3260306815, 1),
(3260306816, 3260306847, 2),
(3260306848, 3260306879, 34),
(3260306880, 3260306911, 3),
(3260306912, 3260306927, 4),
(3260306928, 3260306935, 34),
(3260306936, 3260306943, 8),
(3260306944, 3260307199, 52),
(3260307200, 3260307455, 130),
(3260307456, 3260307711, 9),
(3260307712, 3260308223, 1),
(3260308224, 3260308351, 127),
(3260308352, 3260308479, 4),
(3260308480, 3260308991, 1),
(3260308992, 3260308999, 8),
(3260309000, 3260309007, 47),
(3260309008, 3260309023, 38),
(3260309024, 3260309055, 1),
(3260309056, 3260309247, 38),
(3260309248, 3260309279, 1),
(3260309280, 3260309295, 9),
(3260309296, 3260309375, 1),
(3260309376, 3260309391, 3),
(3260309392, 3260309407, 1),
(3260309408, 3260309439, 9),
(3260309440, 3260309503, 8),
(3260309504, 3260309759, 25),
(3260309760, 3260310207, 1),
(3260310208, 3260310239, 47),
(3260310240, 3260310271, 16),
(3260310272, 3260310527, 36),
(3260310528, 3260311039, 25),
(3260311040, 3260312063, 1),
(3260312064, 3260312319, 56),
(3260312320, 3260312575, 29),
(3260312576, 3260312831, 16),
(3260312832, 3260312895, 9),
(3260312896, 3260312903, 41),
(3260312904, 3260312911, 36),
(3260312912, 3260313023, 16),
(3260313024, 3260313087, 1),
(3260313088, 3260313343, 25),
(3260313344, 3260313599, 9),
(3260313600, 3260313855, 1),
(3260313856, 3260314623, 36),
(3260314624, 3260314751, 9),
(3260314752, 3260314783, 16),
(3260314784, 3260314815, 25),
(3260314816, 3260314879, 0),
(3260314880, 3260315391, 105),
(3260315392, 3260315647, 1),
(3260315648, 3260315679, 3),
(3260315680, 3260315687, 1),
(3260315688, 3260315695, 45),
(3260315696, 3260315743, 4),
(3260315744, 3260315759, 16),
(3260315760, 3260315775, 4),
(3260315776, 3260315807, 9),
(3260315808, 3260315823, 4),
(3260315824, 3260315839, 88),
(3260315840, 3260315871, 9),
(3260315872, 3260315903, 16),
(3260315904, 3260316175, 1),
(3260316176, 3260316191, 4),
(3260316192, 3260316319, 1),
(3260316320, 3260316335, 8),
(3260316336, 3260316415, 1),
(3260316416, 3260316671, 3),
(3260316672, 3260316703, 16),
(3260316704, 3260316735, 54),
(3260316736, 3260316743, 43),
(3260316744, 3260316751, 25),
(3260316752, 3260316755, 3),
(3260316756, 3260316759, 2),
(3260316760, 3260316767, 45),
(3260316768, 3260316799, 9),
(3260316800, 3260316831, 25),
(3260316832, 3260316863, 4),
(3260316864, 3260316871, 41),
(3260316872, 3260316879, 1),
(3260316880, 3260316887, 4),
(3260316888, 3260316895, 45),
(3260316896, 3260316899, 25),
(3260316900, 3260316903, 47),
(3260316904, 3260316911, 16),
(3260316912, 3260316927, 54),
(3260316928, 3260316943, 3),
(3260316944, 3260316991, 1),
(3260316992, 3260316999, 43),
(3260317000, 3260317007, 34),
(3260317008, 3260317023, 1),
(3260317024, 3260317055, 9),
(3260317056, 3260317087, 1),
(3260317088, 3260317103, 9),
(3260317104, 3260317119, 1),
(3260317120, 3260317183, 3),
(3260317184, 3260318207, 1),
(3260318208, 3260318463, 265),
(3260318464, 3260318975, 8),
(3260318976, 3260319231, 1),
(3260319232, 3260319487, 25),
(3260319488, 3260319743, 45),
(3260319744, 3260319999, 1),
(3260320000, 3260320511, 3),
(3260320512, 3260320767, 36),
(3260320768, 3260321023, 1),
(3260321024, 3260321279, 8),
(3260321280, 3260321407, 1),
(3260321408, 3260321439, 45),
(3260321440, 3260321471, 4),
(3260321472, 3260321511, 1),
(3260321512, 3260321519, 34),
(3260321520, 3260321527, 8),
(3260321528, 3260321647, 1),
(3260321648, 3260321655, 16),
(3260321656, 3260321663, 3),
(3260321664, 3260321695, 41),
(3260321696, 3260321727, 1),
(3260321728, 3260321735, 41),
(3260321736, 3260321743, 45),
(3260321744, 3260321759, 1),
(3260321760, 3260321791, 61),
(3260321792, 3260322303, 17),
(3260322304, 3260322559, 1),
(3260322560, 3260322815, 54),
(3260322816, 3260323071, 105),
(3260323072, 3260323327, 36),
(3260323328, 3260324095, 41),
(3260324096, 3260324159, 9),
(3260324160, 3260324287, 1),
(3260324288, 3260324799, 3),
(3260324800, 3260324863, 1),
(3260324864, 3260325119, 45),
(3260325120, 3260325375, 1),
(3260325376, 3260325631, 34),
(3260325632, 3260326143, 1),
(3260326144, 3260326399, 25),
(3260326400, 3260326911, 1),
(3260326912, 3260326959, 41),
(3260326960, 3260326975, 8),
(3260326976, 3260327039, 16),
(3260327040, 3260327055, 1),
(3260327056, 3260327119, 4),
(3260327120, 3260327135, 9),
(3260327136, 3260327159, 4),
(3260327160, 3260327167, 3),
(3260327168, 3260327423, 95),
(3260327424, 3260328191, 1),
(3260328192, 3260328319, 8),
(3260328320, 3260328351, 3),
(3260328352, 3260328367, 9),
(3260328368, 3260328383, 16),
(3260328384, 3260328447, 40),
(3260328448, 3260328703, 60),
(3260328704, 3260329215, 36),
(3260329216, 3260330111, 1),
(3260330112, 3260330495, 8),
(3260330496, 3260330751, 13),
(3260330752, 3260331007, 4),
(3260331008, 3260331263, 9),
(3260331264, 3260331775, 8),
(3260331776, 3260332543, 1),
(3260332544, 3260332799, 61),
(3260332800, 3260333055, 1),
(3260333056, 3260333311, 95),
(3260333312, 3260333567, 9),
(3260333568, 3260333823, 4),
(3260333824, 3260334591, 1),
(3260334592, 3260334847, 61),
(3260334848, 3260335103, 5),
(3260335104, 3260335359, 1),
(3260335360, 3260335615, 2),
(3260335616, 3260335743, 1),
(3260335744, 3260336383, 4),
(3260336384, 3260336639, 132),
(3260336640, 3260337151, 90),
(3260337152, 3260337407, 1),
(3260337408, 3260337663, 38),
(3260337664, 3260337919, 16),
(3260337920, 3260338431, 25),
(3260338432, 3260338687, 1),
(3260338688, 3260338703, 8),
(3260338704, 3260338719, 36),
(3260338720, 3260338735, 16),
(3260338736, 3260338743, 8),
(3260338744, 3260338751, 34),
(3260338752, 3260338799, 4),
(3260338800, 3260338815, 8),
(3260338816, 3260338879, 1),
(3260338880, 3260338911, 4),
(3260338912, 3260338943, 1),
(3260338944, 3260338991, 4),
(3260338992, 3260338999, 3),
(3260339000, 3260339007, 8),
(3260339008, 3260339135, 4),
(3260339136, 3260339167, 0),
(3260339168, 3260339199, 41),
(3260339200, 3260339967, 45),
(3260339968, 3260340607, 1),
(3260340608, 3260341247, 9),
(3260341248, 3260341279, 3),
(3260341280, 3260341311, 1),
(3260341312, 3260341375, 94),
(3260341376, 3260341759, 63),
(3260341760, 3260341951, 1),
(3260341952, 3260341983, 25),
(3260341984, 3260341991, 3),
(3260341992, 3260341999, 1),
(3260342000, 3260342015, 4),
(3260342016, 3260342351, 1),
(3260342352, 3260342359, 3),
(3260342360, 3260342367, 1),
(3260342368, 3260342383, 8),
(3260342384, 3260342391, 41),
(3260342392, 3260342399, 2),
(3260342400, 3260342527, 63),
(3260342528, 3260342783, 25),
(3260342784, 3260343295, 1),
(3260343296, 3260343327, 105),
(3260343328, 3260343343, 34),
(3260343344, 3260343359, 25),
(3260343360, 3260343423, 3),
(3260343424, 3260343551, 25),
(3260343552, 3260343711, 1),
(3260343712, 3260343743, 45),
(3260343744, 3260343807, 1),
(3260343808, 3260343855, 41),
(3260343856, 3260343871, 34),
(3260343872, 3260343903, 8),
(3260343904, 3260343935, 54),
(3260343936, 3260344063, 1),
(3260344064, 3260344099, 3),
(3260344100, 3260344103, 25),
(3260344104, 3260344111, 1),
(3260344112, 3260344119, 45),
(3260344120, 3260344127, 34),
(3260344128, 3260344191, 8),
(3260344192, 3260344271, 1),
(3260344272, 3260344287, 41),
(3260344288, 3260344303, 4),
(3260344304, 3260344311, 8),
(3260344312, 3260344315, 1),
(3260344316, 3260344831, 16),
(3260344832, 3260344839, 3),
(3260344840, 3260344847, 45),
(3260344848, 3260344863, 8),
(3260344864, 3260344895, 4),
(3260344896, 3260344927, 25),
(3260344928, 3260344935, 1),
(3260344936, 3260344943, 45),
(3260344944, 3260344959, 1),
(3260344960, 3260344975, 16),
(3260344976, 3260345007, 8),
(3260345008, 3260345023, 54),
(3260345024, 3260345055, 1),
(3260345056, 3260345087, 25),
(3260345088, 3260345215, 4),
(3260345216, 3260345247, 1),
(3260345248, 3260345279, 4),
(3260345280, 3260345343, 25),
(3260345344, 3260345471, 3),
(3260345472, 3260345535, 1),
(3260345536, 3260345855, 25),
(3260345856, 3260346111, 38),
(3260346112, 3260346367, 1),
(3260346368, 3260346879, 38),
(3260346880, 3260347135, 1),
(3260347136, 3260347647, 2),
(3260347648, 3260347903, 1),
(3260347904, 3260348159, 144),
(3260348160, 3260348415, 60),
(3260348416, 3260348927, 25),
(3260348928, 3260349439, 1),
(3260349440, 3260349503, 3),
(3260349504, 3260349567, 34),
(3260349568, 3260349631, 4),
(3260349632, 3260349695, 25),
(3260349696, 3260350975, 1),
(3260350976, 3260351231, 3),
(3260351232, 3260351487, 1),
(3260351488, 3260351743, 2),
(3260351744, 3260351999, 71),
(3260352000, 3260356095, 1),
(3260356096, 3260356351, 4),
(3260356352, 3260356607, 1),
(3260356608, 3260356863, 19),
(3260356864, 3260357375, 2),
(3260357376, 3260357631, 142),
(3260357632, 3260358143, 1),
(3260358144, 3260359935, 2),
(3260359936, 3260360191, 1),
(3260360192, 3260360447, 3),
(3260360448, 3260360703, 8),
(3260360704, 3260362751, 2),
(3260362752, 3260365823, 1),
(3260365824, 3260366079, 2),
(3260366080, 3260369919, 1),
(3260369920, 3260370943, 89),
(3260370944, 3260371967, 1),
(3260371968, 3260372991, 17),
(3260372992, 3260375039, 1),
(3260375040, 3260379135, 2),
(3260379136, 3260379391, 1),
(3260379392, 3260379647, 25),
(3260379648, 3260380159, 64),
(3260380160, 3260381183, 1),
(3260381184, 3260382207, 2),
(3260382208, 3260383231, 3),
(3260383232, 3260389119, 1),
(3260389120, 3260389375, 75),
(3260389376, 3260391423, 1),
(3260391424, 3260394495, 2),
(3260394496, 3260395007, 28),
(3260395008, 3260395519, 2),
(3260395520, 3260395775, 1),
(3260395776, 3260396031, 2),
(3260396032, 3260396543, 1),
(3260396544, 3260396799, 54),
(3260396800, 3260397055, 152),
(3260397056, 3260397311, 3),
(3260397312, 3260397567, 2),
(3260397568, 3260397823, 25),
(3260397824, 3260398079, 1),
(3260398080, 3260398591, 2),
(3260398592, 3260403711, 1),
(3260403712, 3260403967, 183),
(3260403968, 3260405503, 1),
(3260405504, 3260406015, 187),
(3260406016, 3260406783, 1),
(3260406784, 3260407039, 111),
(3260407040, 3260407807, 1),
(3260407808, 3260411903, 2),
(3260411904, 3260413951, 42),
(3260413952, 3260415999, 1),
(3260481536, 3260490767, 1),
(3260490768, 3260490775, 0),
(3260490776, 3260490799, 1),
(3260490800, 3260490815, 0),
(3260490816, 3260497663, 1),
(3260497664, 3260497919, 24),
(3260497920, 3260498431, 1),
(3260498432, 3260498687, 127),
(3260498688, 3260498815, 1),
(3260498816, 3260498943, 127),
(3260498944, 3260499711, 1),
(3260499712, 3260500479, 0),
(3260500480, 3260504943, 1),
(3260504944, 3260504959, 0),
(3260504960, 3260506879, 1),
(3260506880, 3260507391, 240),
(3260507392, 3260508927, 1),
(3260508928, 3260509183, 38),
(3260509184, 3260523007, 1),
(3260523008, 3260523519, 127),
(3260523520, 3260525823, 1),
(3260525824, 3260526591, 127),
(3260526592, 3260528639, 2),
(3260528640, 3260547071, 1),
(3260549888, 3260550143, 119),
(3260550656, 3260550911, 20),
(3261710336, 3261718271, 2),
(3261718272, 3261718527, 18),
(3261776384, 3261776895, 61),
(3261778432, 3261778943, 1),
(3262108672, 3262108927, 1),
(3262115072, 3262115327, 1),
(3262283776, 3262284799, 0),
(3262464000, 3262472191, 1),
(3262478564, 3262478564, 1),
(3263032320, 3263033343, 1),
(3263513856, 3263514111, 1),
(3263627264, 3263627519, 81),
(3263627520, 3263628287, 1),
(3263628288, 3263628543, 16),
(3263628544, 3263628799, 1),
(3263628800, 3263629311, 3),
(3263629312, 3263629823, 1),
(3263629824, 3263630335, 79),
(3263630336, 3263630591, 1),
(3263630592, 3263630847, 11),
(3263630848, 3263631359, 79),
(3263631360, 3263632639, 1),
(3263632640, 3263632895, 79),
(3263632896, 3263633407, 1),
(3263633408, 3263633663, 62),
(3263633664, 3263634175, 1),
(3263634176, 3263634431, 11),
(3263634432, 3263637247, 1),
(3263637248, 3263637503, 3),
(3263637504, 3263638271, 1),
(3263638272, 3263638527, 148),
(3263638528, 3263638783, 11),
(3263638784, 3263640575, 1),
(3263640576, 3263641599, 54),
(3263641600, 3263642111, 185),
(3263642112, 3263642623, 1),
(3263642624, 3263643647, 0),
(3263643648, 3263646463, 36),
(3263646464, 3263647231, 2),
(3263647232, 3263647487, 69),
(3263647488, 3263647743, 214),
(3263647744, 3263651327, 2),
(3263651328, 3263651583, 29),
(3263651584, 3263652095, 61),
(3263652096, 3263652351, 79),
(3263652352, 3263653119, 2),
(3263653120, 3263653375, 45),
(3263653376, 3263654399, 1),
(3263654400, 3263655935, 51),
(3263655936, 3263657215, 1),
(3263657216, 3263657727, 45),
(3263657728, 3263659519, 1),
(3263659520, 3263660799, 61),
(3263660800, 3263662335, 117),
(3263662336, 3263662847, 9),
(3263662848, 3263665663, 36),
(3263665664, 3263667455, 3),
(3263667456, 3263667711, 9),
(3263667712, 3263667967, 161),
(3263667968, 3263668223, 9),
(3263668224, 3263672319, 36),
(3263672320, 3263675391, 1),
(3263675392, 3263675647, 2),
(3263675648, 3263676415, 1),
(3263676416, 3263677183, 9),
(3263677184, 3263678975, 2),
(3263678976, 3263679999, 9),
(3263680000, 3263680255, 8),
(3263680256, 3263680511, 2),
(3263680512, 3263681023, 3),
(3263681024, 3263681535, 55),
(3263681536, 3263682559, 6),
(3263682560, 3263683071, 35),
(3263683072, 3263683583, 54),
(3263683584, 3263684607, 3),
(3263684608, 3263686655, 0),
(3263686656, 3263692799, 81),
(3263766976, 3263767039, 1),
(3264323072, 3264323327, 16),
(3264325632, 3264326655, 2),
(3264342784, 3264343039, 65),
(3264377088, 3264377343, 1),
(3264377600, 3264377855, 1),
(3264377856, 3264378111, 27),
(3264378624, 3264378879, 1),
(3264379392, 3264379647, 1),
(3264409600, 3264410623, 30),
(3264561152, 3264562559, 184),
(3264562944, 3264563183, 184),
(3264567808, 3264568063, 1),
(3264568064, 3264568319, 4),
(3264568576, 3264568831, 1),
(3264569088, 3264569343, 2),
(3264602112, 3264603135, 3),
(3264604672, 3264605183, 1),
(3264632832, 3264633855, 20),
(3264642048, 3264643071, 2),
(3264643072, 3264651263, 51),
(3264652288, 3264652799, 2),
(3264662016, 3264662527, 1),
(3264670208, 3264670719, 1),
(3264888832, 3264897023, 1),
(3266969600, 3266969855, 1),
(3266969856, 3266970111, 2),
(3266970112, 3266970367, 1),
(3266970368, 3266970623, 3),
(3266970624, 3266970879, 10),
(3266970880, 3266971647, 41),
(3266971648, 3266973695, 1),
(3266973696, 3266973951, 39),
(3266973952, 3266974719, 1),
(3266974720, 3266975487, 61),
(3266975488, 3266975999, 1),
(3266976000, 3266976255, 119),
(3266976256, 3266976767, 1),
(3266976768, 3266977535, 2),
(3266977536, 3266978047, 1),
(3266978048, 3266978303, 76),
(3266978304, 3266979839, 1),
(3266979840, 3266980095, 62),
(3266980096, 3266981887, 1),
(3266981888, 3266982655, 2),
(3266982656, 3266982911, 61),
(3266982912, 3266984959, 1),
(3266984960, 3266985215, 81),
(3266985216, 3266989567, 1),
(3266989568, 3266989823, 2),
(3266989824, 3266990079, 62),
(3266990080, 3266990591, 34),
(3266990592, 3266990847, 76),
(3266990848, 3266991103, 1),
(3266991104, 3266991615, 81),
(3266991616, 3266994567, 1),
(3266994568, 3266995711, 29),
(3266995712, 3266996223, 2),
(3266996224, 3266997503, 76),
(3266997504, 3266997759, 42),
(3266997760, 3266998527, 16),
(3266998528, 3266998783, 4),
(3266998784, 3267002623, 1),
(3267002624, 3267002879, 13),
(3267002880, 3267003135, 45),
(3267003136, 3267003143, 1),
(3267003144, 3267003151, 61),
(3267003152, 3267003391, 1),
(3267003392, 3267003647, 9),
(3267003648, 3267003903, 1),
(3267003904, 3267004415, 25),
(3267004416, 3267004671, 29),
(3267004672, 3267004927, 1),
(3267004928, 3267005183, 34),
(3267005184, 3267005439, 1),
(3267005440, 3267006463, 61),
(3267006464, 3267006719, 1),
(3267006720, 3267006975, 95),
(3267006976, 3267007487, 93),
(3267007488, 3267007743, 26),
(3267007744, 3267007999, 1),
(3267008000, 3267009023, 35),
(3267009024, 3267009535, 2),
(3267009536, 3267010559, 1),
(3267010560, 3267010815, 95),
(3267010816, 3267011071, 41),
(3267011072, 3267011327, 1),
(3267011328, 3267011583, 95),
(3267011584, 3267011839, 29),
(3267011840, 3267012607, 1),
(3267012608, 3267012863, 4),
(3267012864, 3267013119, 25),
(3267013120, 3267013375, 1),
(3267013376, 3267013519, 69),
(3267013520, 3267014143, 1),
(3267014144, 3267014623, 117),
(3267014624, 3267014655, 9),
(3267014656, 3267015679, 41),
(3267015680, 3267016703, 52),
(3267016704, 3267017983, 13),
(3267017984, 3267018239, 2),
(3267018240, 3267018751, 13),
(3267018752, 3267026943, 1),
(3267026944, 3267027199, 26),
(3267027200, 3267027455, 25),
(3267027456, 3267027967, 1),
(3267027968, 3267030783, 93),
(3267030784, 3267031039, 1),
(3267031040, 3267031103, 15),
(3267031104, 3267032063, 1),
(3267032064, 3267032831, 119),
(3267032832, 3267033855, 56),
(3267033856, 3267035135, 1),
(3267231744, 3267233791, 1),
(3267233792, 3267234303, 79),
(3267234304, 3267238655, 36),
(3267238656, 3267239423, 2),
(3267239424, 3267240447, 45),
(3267240448, 3267242751, 9),
(3267242752, 3267245823, 2),
(3267245824, 3267246591, 35),
(3267246592, 3267250687, 1),
(3267250688, 3267252735, 2),
(3267252736, 3267270143, 1),
(3267270144, 3267270655, 120),
(3267270656, 3267271679, 1),
(3267271680, 3267272191, 184),
(3267272192, 3267276799, 1),
(3267276800, 3267280895, 45),
(3267280896, 3267289087, 1),
(3267289088, 3267289599, 2),
(3267289600, 3267289855, 1),
(3267289856, 3267291135, 81),
(3267291136, 3267293439, 34),
(3267293440, 3267294975, 1),
(3267294976, 3267295231, 2),
(3267295232, 3267295743, 30),
(3267295744, 3267297023, 109),
(3267297024, 3267297279, 2),
(3267626752, 3267627007, 1),
(3267643392, 3267643407, 2),
(3267643408, 3267643423, 1),
(3267643456, 3267643647, 1),
(3267649024, 3267649279, 1),
(3268932352, 3268932607, 2),
(3269197824, 3269198591, 1),
(3269198592, 3269198847, 87),
(3269198848, 3269199359, 1),
(3269199360, 3269202943, 2),
(3269202944, 3269206527, 59),
(3269206528, 3269206943, 35),
(3269206944, 3269206975, 171),
(3269206976, 3269207039, 35),
(3269207040, 3269207295, 1),
(3269207296, 3269207551, 79),
(3269207552, 3269207807, 2),
(3269207808, 3269211903, 11),
(3269211904, 3269212415, 3),
(3269212416, 3269213695, 29),
(3269213696, 3269213951, 9),
(3269213952, 3269214463, 1),
(3269214464, 3269214719, 9),
(3269214720, 3269215999, 39),
(3269216000, 3269216511, 151),
(3269216512, 3269217279, 35),
(3269217280, 3269217791, 45),
(3269217792, 3269218303, 29),
(3269218304, 3269220351, 1),
(3269220352, 3269220607, 154),
(3269220608, 3269224703, 149),
(3269224704, 3269224959, 94),
(3269224960, 3269225215, 2),
(3269225216, 3269225375, 148),
(3269225376, 3269225727, 95),
(3269225728, 3269226495, 79),
(3269226496, 3269226815, 69),
(3269226816, 3269227519, 3),
(3269227520, 3269228287, 35),
(3269228288, 3269230079, 9),
(3269230080, 3269231103, 1),
(3269231104, 3269233151, 9),
(3269233152, 3269233663, 79),
(3269233664, 3269234175, 3),
(3269234176, 3269235199, 2),
(3269235200, 3269236735, 1),
(3269236736, 3269237247, 117),
(3269237248, 3269237503, 55),
(3269237504, 3269238015, 117),
(3269238016, 3269239295, 51),
(3269239296, 3269240831, 1),
(3269240832, 3269241343, 11),
(3269241344, 3269244927, 2),
(3269244928, 3269245439, 1),
(3269245440, 3269246719, 56),
(3269246720, 3269247999, 2),
(3269248000, 3269248511, 79),
(3269248512, 3269250047, 1),
(3269250048, 3269250559, 79),
(3269250560, 3269250815, 37),
(3269250816, 3269252319, 2),
(3269252320, 3269255423, 1),
(3269255424, 3269255935, 155),
(3269255936, 3269257471, 2),
(3269257472, 3269259775, 79),
(3269259776, 3269261311, 36),
(3269261312, 3269261823, 20),
(3269261824, 3269262335, 36),
(3269262336, 3269262847, 1),
(3269262848, 3269263103, 36),
(3269263104, 3269263359, 20),
(3269591040, 3269601791, 1),
(3269601792, 3269602047, 66),
(3269602048, 3269606399, 1),
(3269606400, 3269607423, 6),
(3269607424, 3269627903, 1),
(3269627904, 3269631999, 9),
(3269632000, 3269640191, 3),
(3269640192, 3269644287, 2),
(3269644288, 3269644799, 32),
(3269644800, 3269645823, 2),
(3269645824, 3269647615, 1),
(3269647616, 3269648383, 2),
(3269648384, 3269655295, 9),
(3269655296, 3269655551, 46),
(3269655552, 3269656575, 9),
(3270648064, 3270648319, 1),
(3270670336, 3270671359, 58),
(3270671360, 3270672383, 3),
(3270930432, 3270930943, 2),
(3271000064, 3271006975, 1),
(3271006976, 3271007231, 66),
(3271007232, 3271008255, 1),
(3271280352, 3271280383, 2),
(3271704576, 3271712767, 1),
(3271917568, 3271925759, 2),
(3272056832, 3272057343, 1),
(3272057344, 3272057631, 223),
(3272057632, 3272057727, 1),
(3272057728, 3272057823, 111),
(3272057824, 3272059295, 1),
(3272059296, 3272059327, 111),
(3272059328, 3272059967, 1),
(3272059968, 3272060111, 111),
(3272060112, 3272060207, 1),
(3272060208, 3272060287, 111),
(3272060288, 3272061887, 1),
(3272061888, 3272061919, 111),
(3272061920, 3272062207, 1),
(3272062208, 3272062271, 217),
(3272062272, 3272062679, 1),
(3272062680, 3272062719, 111),
(3272062720, 3272062751, 1),
(3272062752, 3272062815, 111),
(3272062816, 3272063103, 1),
(3272063104, 3272063199, 111),
(3272063200, 3272063231, 223),
(3272063232, 3272063775, 1),
(3272063776, 3272063807, 111),
(3272063808, 3272065023, 1),
(3272146944, 3272147967, 1),
(3272147968, 3272148735, 51),
(3272148736, 3272148991, 1),
(3272148992, 3272149759, 2),
(3272149760, 3272150527, 71),
(3272150528, 3272151039, 1),
(3272151040, 3272155135, 35),
(3272155136, 3272157695, 1),
(3272157696, 3272158207, 79),
(3272158208, 3272159743, 1),
(3272159744, 3272161791, 79),
(3272161792, 3272162559, 127),
(3272162560, 3272163071, 1),
(3272163072, 3272165119, 2),
(3272165120, 3272168191, 15),
(3272168192, 3272168447, 81),
(3272168448, 3272168703, 2),
(3272168704, 3272169727, 79),
(3272169728, 3272174591, 1),
(3272174592, 3272174847, 11),
(3272174848, 3272178175, 42),
(3272178176, 3272182015, 1),
(3272182016, 3272182655, 8),
(3272182656, 3272183039, 78),
(3272183040, 3272183807, 35),
(3272183808, 3272184575, 2),
(3272184576, 3272186111, 79),
(3272186112, 3272187903, 35),
(3272187904, 3272189951, 2),
(3272189952, 3272190463, 65),
(3272190464, 3272192511, 1),
(3272192512, 3272193023, 2),
(3272193024, 3272194047, 3),
(3272194048, 3272194559, 4),
(3272194560, 3272194815, 2),
(3272194816, 3272195327, 8),
(3272195328, 3272195711, 1),
(3272195712, 3272209151, 117),
(3272209152, 3272210431, 51),
(3272210432, 3272210687, 2),
(3272210688, 3272210943, 84),
(3272210944, 3272211199, 1),
(3272211200, 3272212223, 0),
(3272212224, 3272212479, 1),
(3272213840, 3272213855, 1),
(3272218624, 3272218639, 1),
(3272228480, 3272228607, 1),
(3272351744, 3272359935, 42),
(3272359936, 3272360223, 9),
(3272360224, 3272360383, 0),
(3272360384, 3272362751, 9),
(3272362752, 3272363007, 0),
(3272363008, 3272364799, 9),
(3272364800, 3272365055, 0),
(3272365056, 3272365311, 9),
(3272365312, 3272365823, 0),
(3272365824, 3272366079, 9),
(3272366080, 3272366847, 0),
(3272366848, 3272368127, 9),
(3272482816, 3272491007, 1),
(3272613888, 3272622079, 1),
(3272630272, 3272633087, 1),
(3272633088, 3272633343, 15),
(3272633344, 3272633599, 43),
(3272633600, 3272634111, 1),
(3272634112, 3272634367, 40),
(3272634368, 3272634623, 1),
(3272634624, 3272635135, 9),
(3272635136, 3272635903, 1),
(3272635904, 3272635967, 20),
(3272635968, 3272636031, 1),
(3272636032, 3272636095, 135),
(3272636096, 3272636415, 1),
(3272636416, 3272636671, 52),
(3272636672, 3272636927, 40),
(3272636928, 3272637439, 1),
(3272637440, 3272637951, 315),
(3272637952, 3272638463, 1),
(3272733984, 3272733991, 93),
(3272744960, 3272746495, 80),
(3272746496, 3272747007, 252),
(3272747008, 3272747263, 80),
(3272747264, 3272747519, 246),
(3272747520, 3272748351, 80),
(3272748352, 3272753151, 1),
(3272802304, 3272803839, 184),
(3272803840, 3272805631, 1),
(3272805632, 3272805887, 56),
(3272805888, 3272806655, 1),
(3272806656, 3272806911, 17),
(3272806912, 3272826879, 1),
(3272826880, 3272835071, 68),
(3272835072, 3272843263, 9),
(3272843264, 3272851455, 20),
(3272851456, 3272858111, 2),
(3272858112, 3272858367, 0),
(3272858368, 3272867839, 2),
(3273146368, 3273148415, 1),
(3273187328, 3273195519, 1),
(3273262592, 3273263103, 2),
(3273268736, 3273269247, 227),
(3273302016, 3273310207, 1),
(3273339952, 3273339967, 0),
(3273400320, 3273408511, 1),
(3273785344, 3273795071, 1),
(3273795072, 3273795327, 195),
(3273795328, 3273801727, 1),
(3273842688, 3273843487, 72),
(3273843488, 3273843499, 0),
(3273843500, 3273845079, 72),
(3273845080, 3273845167, 0),
(3273845168, 3273845759, 72),
(3273845760, 3273846591, 0),
(3273846592, 3273850879, 72),
(3273868288, 3273869311, 3),
(3273880576, 3273881087, 3),
(3274053376, 3274053631, 1),
(3274055680, 3274063871, 9),
(3274165760, 3274166271, 1),
(3274171392, 3274171903, 97),
(3274318032, 3274318047, 1),
(3274326016, 3274326271, 66),
(3274326272, 3274326607, 1),
(3274326608, 3274326655, 111),
(3274326656, 3274328719, 1),
(3274328720, 3274328831, 111),
(3274328832, 3274343935, 1),
(3274343936, 3274344191, 20),
(3274344192, 3274344447, 1),
(3274344448, 3274344703, 16),
(3274344704, 3274344959, 75),
(3274344960, 3274345215, 35),
(3274345216, 3274345471, 1),
(3274345472, 3274345727, 35),
(3274345728, 3274345983, 139),
(3274345984, 3274346239, 49),
(3274346240, 3274347903, 1),
(3274347904, 3274348031, 2),
(3274348032, 3274358783, 1),
(3274579968, 3274580991, 3),
(3274596352, 3274597375, 34),
(3274597376, 3274597503, 102),
(3274597504, 3274599935, 34),
(3274599936, 3274600703, 102),
(3274600704, 3274604031, 34),
(3274604032, 3274604287, 102),
(3274604288, 3274604543, 34),
(3274612736, 3274620927, 1),
(3274686464, 3274686719, 1),
(3274687488, 3274687743, 1),
(3274811392, 3274812415, 3),
(3274815488, 3274816511, 74),
(3274817536, 3274819583, 260),
(3274827776, 3274829823, 14),
(3274928512, 3274928575, 0),
(3275096064, 3275097599, 54),
(3275097600, 3275097727, 89),
(3275097728, 3275097759, 54),
(3275097760, 3275097791, 89),
(3275097792, 3275097855, 128),
(3275097856, 3275097991, 54),
(3275097992, 3275097999, 0),
(3275098000, 3275102575, 54),
(3275102576, 3275102583, 9),
(3275102584, 3275103743, 54),
(3275103744, 3275104255, 58),
(3275145216, 3275153407, 1),
(3275358208, 3275366399, 9),
(3275366400, 3275367295, 1),
(3275367296, 3275367359, 66),
(3275367360, 3275369727, 1),
(3275369728, 3275369759, 66),
(3275369760, 3275369855, 1),
(3275369856, 3275370015, 272),
(3275370016, 3275373055, 1),
(3275373056, 3275373311, 66),
(3275373312, 3275374591, 1),
(3275620352, 3275620863, 0),
(3275620864, 3275622399, 3),
(3275800576, 3275808767, 9),
(3276046336, 3276048383, 1),
(3276048384, 3276048639, 160),
(3276048640, 3276051199, 1),
(3276051200, 3276051327, 0),
(3276051328, 3276052431, 1),
(3276052432, 3276052439, 0),
(3276052440, 3276054015, 1),
(3276054016, 3276054271, 0),
(3276054272, 3276054527, 1),
(3276054528, 3276054783, 0),
(3276054784, 3276056447, 1),
(3276056448, 3276056511, 2),
(3276056512, 3276056575, 1),
(3276056576, 3276056591, 0),
(3276056592, 3276056655, 1),
(3276056656, 3276056663, 226),
(3276056664, 3276057631, 1),
(3276057632, 3276057679, 0),
(3276057680, 3276057727, 1),
(3276057728, 3276057791, 0),
(3276057792, 3276058047, 1),
(3276058048, 3276058079, 0),
(3276058080, 3276059391, 1),
(3276059392, 3276059663, 0),
(3276059664, 3276061695, 1),
(3276061696, 3276061951, 12),
(3276061952, 3276062207, 2),
(3276062208, 3276062719, 1),
(3276075008, 3276075519, 1),
(3276078080, 3276078591, 1),
(3276095488, 3276096511, 1),
(3276104704, 3276105727, 119),
(3276116992, 3276118015, 3),
(3276119040, 3276120063, 20),
(3276134400, 3276135423, 54),
(3276193792, 3276201983, 2),
(3276333056, 3276333567, 119),
(3276333568, 3276333599, 27),
(3276333600, 3276333631, 119),
(3276333632, 3276333727, 27),
(3276333728, 3276333823, 119),
(3276333824, 3276333871, 27),
(3276333872, 3276333903, 119),
(3276333904, 3276333967, 27),
(3276333968, 3276333983, 119),
(3276333984, 3276334095, 27),
(3276334096, 3276334103, 0),
(3276334104, 3276334143, 27),
(3276334144, 3276334175, 0),
(3276334176, 3276334271, 27),
(3276334272, 3276334279, 119),
(3276334280, 3276334399, 27),
(3276334400, 3276334431, 119),
(3276334432, 3276335487, 27),
(3276335488, 3276335615, 0),
(3276335616, 3276335903, 27),
(3276335904, 3276335999, 207),
(3276336000, 3276336127, 119),
(3276336128, 3276336255, 27),
(3276336256, 3276336383, 119),
(3276336384, 3276336639, 27),
(3276336640, 3276336895, 119),
(3276336896, 3276338303, 27),
(3276338304, 3276338367, 119),
(3276338368, 3276339071, 27),
(3276339072, 3276339455, 119),
(3276339456, 3276339711, 27),
(3276339712, 3276340223, 119),
(3276340224, 3276341247, 27),
(3276480512, 3276480767, 52),
(3276481024, 3276481535, 52),
(3276535040, 3276535047, 0),
(3276535048, 3276535063, 1),
(3276535072, 3276535103, 1),
(3276737632, 3276737663, 2),
(3276737664, 3276737791, 1),
(3276742656, 3276742719, 135),
(3276742720, 3276742735, 1),
(3276755792, 3276755807, 0),
(3277182208, 3277182463, 1),
(3277186816, 3277187071, 1),
(3277187584, 3277188351, 20),
(3277188608, 3277188863, 42),
(3277488128, 3277488895, 1),
(3277488896, 3277488959, 2),
(3277488960, 3277490143, 1),
(3277490144, 3277490943, 131),
(3277490944, 3277491199, 71),
(3277491200, 3277494223, 1),
(3277494224, 3277494239, 32),
(3277494240, 3277497855, 1),
(3277497856, 3277497887, 40),
(3277497888, 3277498367, 1),
(3277498368, 3277498879, 19),
(3277498880, 3277499263, 32),
(3277499264, 3277501567, 1),
(3277501568, 3277501663, 0),
(3277501664, 3277503487, 1),
(3277503488, 3277503743, 31),
(3277503744, 3277504511, 1),
(3277553664, 3277555967, 1),
(3277555968, 3277556223, 111),
(3277556224, 3277561919, 1),
(3277561920, 3277562111, 275),
(3277562112, 3277565439, 1),
(3277565440, 3277565695, 62),
(3277565696, 3277586431, 1),
(3277774848, 3277775103, 2),
(3277775104, 3277778031, 1),
(3277778032, 3277778039, 0),
(3277778040, 3277778527, 1),
(3277778528, 3277778531, 188),
(3277778532, 3277778623, 1),
(3277778624, 3277778655, 0),
(3277778656, 3277783039, 1),
(3277834240, 3277834751, 1),
(3277837312, 3277837823, 0),
(3277837824, 3277838335, 1),
(3277838336, 3277838847, 4),
(3277847552, 3277848063, 54),
(3277864960, 3277868031, 1),
(3277868032, 3277868287, 2),
(3277868288, 3277869055, 1),
(3277869056, 3277869375, 2),
(3277869376, 3277873151, 1),
(3277889536, 3277889567, 1),
(3277889568, 3277889599, 38),
(3277889600, 3277890943, 1),
(3277890944, 3277891007, 67),
(3277891008, 3277891039, 81),
(3277891040, 3277897215, 1),
(3277897216, 3277897471, 8),
(3277897472, 3277897727, 1),
(3277987840, 3277992143, 45),
(3277992144, 3277992151, 264),
(3277992152, 3277994751, 45),
(3277994752, 3277994759, 264),
(3277994760, 3277996031, 45),
(3277996032, 3278004223, 29),
(3278020608, 3278028799, 1),
(3278921728, 3278922175, 17),
(3278922176, 3278922239, 136),
(3278922240, 3278922303, 17),
(3278922304, 3278922335, 1),
(3278922336, 3278922367, 17),
(3278922368, 3278922751, 48),
(3278922752, 3278923007, 17),
(3278923008, 3278925823, 1),
(3278925824, 3278926207, 48),
(3278926208, 3278929919, 17),
(3278939012, 3278939015, 1),
(3278939736, 3278939739, 95),
(3278942826, 3278942826, 1),
(3278944226, 3278944226, 0),
(3278945808, 3278945808, 1),
(3278954496, 3278962687, 39),
(3279609856, 3279618047, 45),
(3279840560, 3279840567, 61),
(3279958016, 3279962943, 1),
(3279962944, 3279962975, 0),
(3279962976, 3279963327, 1),
(3279963328, 3279963359, 0),
(3279963360, 3279965375, 1),
(3279965376, 3279965407, 0),
(3279965408, 3279968831, 1),
(3279968832, 3279968863, 0),
(3279968864, 3279969471, 1),
(3279969472, 3279969495, 2),
(3279969496, 3279969535, 0),
(3279969536, 3279972351, 1),
(3279976448, 3279978495, 1),
(3279978496, 3279980031, 16),
(3279980032, 3279980287, 37),
(3279980288, 3279981055, 16),
(3279981056, 3279981311, 37),
(3279981312, 3279982079, 16),
(3279982080, 3279982215, 133),
(3279982216, 3279986687, 16),
(3279987200, 3279987711, 1),
(3279988224, 3279988735, 1),
(3280008192, 3280009215, 54),
(3280142336, 3280193023, 2),
(3280193024, 3280193031, 0),
(3280193032, 3280207871, 2),
(3280273408, 3280286519, 1),
(3280286520, 3280286527, 127),
(3280286528, 3280291079, 1),
(3280291080, 3280291087, 241),
(3280291088, 3280292351, 1),
(3280292352, 3280292607, 47),
(3280292608, 3280293375, 1),
(3280293376, 3280293631, 22),
(3280293632, 3280294655, 1),
(3280294656, 3280295167, 127),
(3280295168, 3280295679, 12),
(3280295680, 3280295743, 0),
(3280295744, 3280295935, 1),
(3280295936, 3280296191, 181),
(3280296192, 3280299263, 1),
(3280299264, 3280299519, 12),
(3280299520, 3280303359, 1),
(3280303360, 3280303615, 0),
(3280303616, 3280307071, 1),
(3280307072, 3280307135, 184),
(3280307136, 3280307151, 129),
(3280307152, 3280310271, 184),
(3280310272, 3280311039, 1),
(3280311040, 3280311295, 12),
(3280311296, 3280312063, 1),
(3280312064, 3280312319, 240),
(3280312320, 3280314367, 1),
(3280314368, 3280314751, 127),
(3280314752, 3280320255, 1),
(3280320256, 3280322303, 127),
(3280322304, 3280322559, 12),
(3280322560, 3280328447, 1),
(3280328448, 3280329471, 74),
(3280329472, 3280330751, 1),
(3280330752, 3280333055, 2),
(3280333056, 3280333311, 12),
(3280333312, 3280334335, 2),
(3280334336, 3280334591, 12),
(3280334592, 3280337151, 2),
(3280337152, 3280337407, 12),
(3280337408, 3280338943, 2),
(3280456704, 3280457727, 1),
(3280458752, 3280459775, 61),
(3280463872, 3280464895, 2),
(3280465920, 3280466943, 1),
(3280586752, 3280587263, 20),
(3280764928, 3280765951, 1),
(3280778240, 3280779263, 3),
(3281043456, 3281051647, 37),
(3281051648, 3281059839, 2),
(3281141760, 3281149951, 1),
(3281344256, 3281344511, 0),
(3281344768, 3281345023, 225),
(3281345792, 3281346047, 3),
(3281348608, 3281348863, 1),
(3281348864, 3281349119, 119),
(3281350144, 3281350399, 2),
(3281350400, 3281350655, 54),
(3281373184, 3281375231, 3),
(3281453056, 3281454079, 46),
(3281454080, 3281454091, 1),
(3281454092, 3281454095, 8),
(3281454096, 3281454335, 1),
(3281454336, 3281454343, 25),
(3281454344, 3281454351, 4),
(3281454352, 3281454367, 9),
(3281454368, 3281454383, 105),
(3281454384, 3281454399, 54),
(3281454400, 3281454479, 1),
(3281454480, 3281454495, 4),
(3281454496, 3281454511, 0),
(3281454512, 3281454519, 1),
(3281454520, 3281454527, 34),
(3281454528, 3281454559, 1),
(3281454560, 3281454591, 16),
(3281454592, 3281454847, 25),
(3281454848, 3281455103, 1),
(3281455104, 3281455423, 13),
(3281455424, 3281455487, 1),
(3281455488, 3281455551, 2),
(3281455552, 3281455615, 1),
(3281455616, 3281455871, 63),
(3281455872, 3281456127, 1),
(3281456128, 3281456639, 63),
(3281456640, 3281457151, 60),
(3281457152, 3281457343, 36),
(3281457344, 3281457375, 4),
(3281457376, 3281457407, 1),
(3281457408, 3281457663, 8),
(3281457664, 3281458207, 39),
(3281458208, 3281458399, 1),
(3281458400, 3281458423, 41),
(3281458424, 3281458559, 34),
(3281458560, 3281458687, 1),
(3281458688, 3281458815, 8),
(3281458816, 3281458943, 9),
(3281458944, 3281459455, 3),
(3281459456, 3281459583, 9),
(3281459584, 3281459647, 8),
(3281459648, 3281459679, 4),
(3281459680, 3281459695, 9),
(3281459696, 3281459967, 4),
(3281459968, 3281460223, 1),
(3281460224, 3281460479, 0),
(3281460480, 3281460991, 1),
(3281460992, 3281462015, 34),
(3281462016, 3281462271, 10),
(3281462272, 3281462527, 1),
(3281462528, 3281463039, 34),
(3281463040, 3281463295, 22),
(3281463296, 3281463551, 59),
(3281463552, 3281464063, 41),
(3281464064, 3281464575, 1),
(3281464576, 3281464607, 4),
(3281464608, 3281464639, 9),
(3281464640, 3281464703, 1),
(3281464704, 3281464735, 9),
(3281464736, 3281464799, 1),
(3281464800, 3281464815, 4),
(3281464816, 3281465087, 1),
(3281465088, 3281465855, 3),
(3281465856, 3281466623, 1),
(3281466624, 3281467647, 36),
(3281467648, 3281467903, 9),
(3281467904, 3281468415, 1),
(3281468416, 3281468479, 40),
(3281468480, 3281468543, 1),
(3281468544, 3281468607, 2),
(3281468608, 3281468639, 4),
(3281468640, 3281469183, 1),
(3281469184, 3281469695, 99),
(3281469696, 3281471231, 36),
(3281471232, 3281471487, 9),
(3281471488, 3281472511, 45),
(3281472512, 3281473279, 72),
(3281473280, 3281473535, 63),
(3281473536, 3281473615, 1),
(3281473616, 3281473631, 2),
(3281473632, 3281473647, 4),
(3281473648, 3281473663, 41),
(3281473664, 3281473727, 0),
(3281473728, 3281473791, 41),
(3281473792, 3281474303, 8),
(3281474304, 3281474367, 4),
(3281474368, 3281474431, 36),
(3281474432, 3281474815, 37),
(3281474816, 3281474943, 1),
(3281474944, 3281475071, 25),
(3281475072, 3281475327, 38),
(3281475328, 3281476095, 1),
(3281476096, 3281476351, 14),
(3281476352, 3281476863, 1),
(3281476864, 3281477375, 14),
(3281477376, 3281477887, 1),
(3281477888, 3281478143, 9),
(3281478144, 3281478175, 3),
(3281478176, 3281478207, 1),
(3281478208, 3281478239, 8),
(3281478240, 3281478271, 25),
(3281478272, 3281478303, 1),
(3281478304, 3281478319, 3),
(3281478320, 3281478335, 9),
(3281478336, 3281478911, 1),
(3281478912, 3281478975, 9),
(3281478976, 3281478991, 41),
(3281478992, 3281479007, 1),
(3281479008, 3281479023, 4),
(3281479024, 3281479067, 1),
(3281479068, 3281479103, 3),
(3281479104, 3281479295, 9),
(3281479296, 3281479679, 3),
(3281479680, 3281481471, 41),
(3281481472, 3281481727, 16),
(3281481728, 3281481855, 222),
(3281481856, 3281481919, 36),
(3281481920, 3281482239, 8),
(3281482240, 3281482495, 1),
(3281482496, 3281482559, 61),
(3281482560, 3281482623, 8),
(3281482624, 3281482655, 61),
(3281482656, 3281482687, 3),
(3281482688, 3281482751, 61),
(3281482752, 3281483007, 14),
(3281483008, 3281483263, 1),
(3281483264, 3281483519, 61),
(3281483520, 3281483775, 1),
(3281483776, 3281483903, 25),
(3281483904, 3281483999, 1),
(3281484000, 3281484015, 9),
(3281484016, 3281484031, 1),
(3281484032, 3281484543, 36),
(3281484544, 3281485055, 34),
(3281485056, 3281485311, 16),
(3281485312, 3281485375, 54),
(3281485376, 3281485407, 1),
(3281485408, 3281485439, 36),
(3281485440, 3281485503, 9),
(3281485504, 3281485519, 3),
(3281485520, 3281485535, 1),
(3281485536, 3281485551, 4),
(3281485552, 3281485559, 34),
(3281485560, 3281485567, 4),
(3281485568, 3281485823, 1),
(3281485824, 3281485951, 3),
(3281485952, 3281486079, 40),
(3281486080, 3281486095, 8),
(3281486096, 3281486103, 266),
(3281486104, 3281486111, 3),
(3281486112, 3281486143, 9),
(3281486144, 3281486207, 16),
(3281486208, 3281486239, 3),
(3281486240, 3281486271, 1),
(3281486272, 3281486303, 4),
(3281486304, 3281486335, 41);
INSERT INTO `powercounter_ip_compact` (`init_ip`, `end_ip`, `city_id`) VALUES
(3281486336, 3281486847, 1),
(3281486848, 3281487103, 9),
(3281487104, 3281488127, 1),
(3281488128, 3281488383, 8),
(3281488384, 3281488511, 1),
(3281488512, 3281489151, 9),
(3281489152, 3281489407, 60),
(3281489408, 3281489919, 1),
(3281489920, 3281491711, 90),
(3281491712, 3281491967, 1),
(3281491968, 3281492735, 130),
(3281492736, 3281492991, 1),
(3281492992, 3281493247, 130),
(3281493248, 3281493311, 1),
(3281493312, 3281493343, 16),
(3281493344, 3281493375, 1),
(3281493376, 3281493439, 130),
(3281493440, 3281493471, 41),
(3281493472, 3281493503, 4),
(3281493504, 3281493759, 150),
(3281493760, 3281493887, 1),
(3281493888, 3281493951, 4),
(3281493952, 3281493967, 9),
(3281493968, 3281493975, 3),
(3281493976, 3281494015, 9),
(3281494016, 3281494783, 1),
(3281494784, 3281495039, 2),
(3281495040, 3281495551, 1),
(3281495552, 3281496063, 60),
(3281496064, 3281496319, 1),
(3281496320, 3281496327, 8),
(3281496328, 3281496335, 9),
(3281496336, 3281496351, 4),
(3281496352, 3281496431, 1),
(3281496432, 3281496447, 16),
(3281496448, 3281496519, 1),
(3281496520, 3281496527, 3),
(3281496528, 3281496543, 34),
(3281496544, 3281496551, 3),
(3281496552, 3281496559, 25),
(3281496560, 3281497087, 1),
(3281497088, 3281497343, 9),
(3281497344, 3281497599, 127),
(3281497600, 3281497855, 1),
(3281497856, 3281497919, 2),
(3281497920, 3281497951, 41),
(3281497952, 3281497983, 1),
(3281497984, 3281498015, 4),
(3281498016, 3281498047, 16),
(3281498048, 3281500415, 9),
(3281500416, 3281500927, 0),
(3281500928, 3281501183, 3),
(3281501184, 3281501439, 4),
(3281501440, 3281502207, 1),
(3281502208, 3281502463, 9),
(3281502464, 3281502719, 2),
(3281502720, 3281502975, 145),
(3281502976, 3281503823, 1),
(3281503824, 3281503839, 3),
(3281503840, 3281503887, 16),
(3281503888, 3281503927, 1),
(3281503928, 3281503943, 45),
(3281503944, 3281503951, 1),
(3281503952, 3281503959, 34),
(3281503960, 3281503967, 41),
(3281503968, 3281503983, 4),
(3281503984, 3281503999, 16),
(3281504000, 3281504255, 1),
(3281504256, 3281504511, 41),
(3281504512, 3281504639, 137),
(3281504640, 3281504767, 3),
(3281504768, 3281506303, 60),
(3281506304, 3281506431, 25),
(3281506432, 3281506559, 54),
(3281506560, 3281506687, 1),
(3281506688, 3281506703, 4),
(3281506704, 3281506719, 3),
(3281506720, 3281506751, 25),
(3281506752, 3281506815, 9),
(3281506816, 3281506879, 8),
(3281506880, 3281506911, 59),
(3281506912, 3281507007, 41),
(3281507008, 3281507023, 59),
(3281507024, 3281507039, 41),
(3281507040, 3281507047, 25),
(3281507048, 3281507055, 1),
(3281507056, 3281507071, 3),
(3281507072, 3281507583, 41),
(3281507584, 3281508095, 38),
(3281508096, 3281508863, 82),
(3281508864, 3281509119, 56),
(3281509120, 3281509631, 9),
(3281509632, 3281510143, 2),
(3281510144, 3281510527, 45),
(3281510528, 3281511167, 25),
(3281511168, 3281511423, 1),
(3281511424, 3281511439, 4),
(3281511440, 3281511455, 9),
(3281511456, 3281511487, 105),
(3281511488, 3281511519, 1),
(3281511520, 3281511551, 25),
(3281511552, 3281511567, 16),
(3281511568, 3281511583, 3),
(3281511584, 3281511591, 4),
(3281511592, 3281511615, 8),
(3281511616, 3281512447, 1),
(3281512448, 3281512959, 25),
(3281512960, 3281513215, 1),
(3281513216, 3281513471, 36),
(3281513472, 3281513479, 16),
(3281513480, 3281513487, 8),
(3281513488, 3281513495, 47),
(3281513496, 3281513503, 25),
(3281513504, 3281513535, 4),
(3281513536, 3281513567, 47),
(3281513568, 3281513599, 4),
(3281513600, 3281513615, 41),
(3281513616, 3281513647, 1),
(3281513648, 3281513655, 98),
(3281513656, 3281513663, 3),
(3281513664, 3281513695, 4),
(3281513696, 3281513727, 3),
(3281513728, 3281513759, 9),
(3281513760, 3281513791, 2),
(3281513792, 3281513855, 105),
(3281513856, 3281513919, 4),
(3281513920, 3281513951, 1),
(3281513952, 3281513975, 4),
(3281513976, 3281513983, 1),
(3281513984, 3281514239, 9),
(3281514240, 3281514367, 25),
(3281514368, 3281514383, 1),
(3281514384, 3281514391, 9),
(3281514392, 3281514399, 8),
(3281514400, 3281514415, 1),
(3281514416, 3281514431, 9),
(3281514432, 3281514463, 45),
(3281514464, 3281518591, 1),
(3282105344, 3282106367, 0),
(3282108416, 3282109951, 1),
(3282109952, 3282110719, 26),
(3282110720, 3282111487, 28),
(3282111488, 3282111999, 34),
(3282112000, 3282112255, 30),
(3282112256, 3282112511, 9),
(3282112512, 3282112767, 39),
(3282112768, 3282113023, 26),
(3282113024, 3282113279, 1),
(3282113280, 3282114303, 34),
(3282114304, 3282114815, 2),
(3282114816, 3282115071, 134),
(3282115072, 3282115327, 46),
(3282115328, 3282115583, 100),
(3282115584, 3282116095, 9),
(3282116096, 3282116351, 100),
(3282116352, 3282116479, 9),
(3282116480, 3282116863, 100),
(3282116864, 3282117887, 26),
(3282117888, 3282118143, 13),
(3282118144, 3282120703, 28),
(3282120704, 3282121471, 1),
(3282121472, 3282121727, 44),
(3282121728, 3282122239, 100),
(3282122240, 3282122751, 9),
(3282122752, 3282123007, 100),
(3282123008, 3282123519, 39),
(3282123520, 3282124287, 10),
(3282124288, 3282124543, 252),
(3282124544, 3282125567, 1),
(3282125568, 3282125823, 10),
(3282125824, 3282126079, 34),
(3282126080, 3282126335, 103),
(3282126336, 3282126847, 39),
(3282126848, 3282127359, 1),
(3282127360, 3282128639, 42),
(3282128640, 3282128895, 26),
(3282128896, 3282129407, 100),
(3282129408, 3282129663, 20),
(3282129664, 3282129919, 9),
(3282129920, 3282130943, 20),
(3282130944, 3282131199, 151),
(3282131200, 3282131967, 9),
(3282131968, 3282132095, 20),
(3282132096, 3282132127, 0),
(3282132128, 3282132135, 46),
(3282132136, 3282132143, 9),
(3282132144, 3282132159, 153),
(3282132160, 3282132199, 20),
(3282132200, 3282132207, 55),
(3282132208, 3282132223, 0),
(3282132224, 3282132351, 20),
(3282132352, 3282132415, 46),
(3282132416, 3282132447, 9),
(3282132448, 3282132463, 46),
(3282132464, 3282132479, 100),
(3282132480, 3282133503, 9),
(3282133504, 3282134015, 39),
(3282134016, 3282134527, 90),
(3282134528, 3282135551, 1),
(3282135552, 3282135807, 8),
(3282135808, 3282136063, 2),
(3282136064, 3282137087, 39),
(3282137088, 3282141183, 1),
(3282141184, 3282141439, 73),
(3282141440, 3282142463, 1),
(3282142464, 3282143231, 40),
(3282143232, 3282143743, 28),
(3282143744, 3282144255, 1),
(3282144256, 3282144767, 61),
(3282144768, 3282145279, 160),
(3282145280, 3282145791, 162),
(3282145792, 3282146047, 29),
(3282146048, 3282146303, 28),
(3282146304, 3282147327, 8),
(3282147328, 3282147583, 76),
(3282147584, 3282147839, 1),
(3282147840, 3282148607, 25),
(3282148608, 3282149503, 1),
(3282149504, 3282149631, 144),
(3282149632, 3282149887, 1),
(3282149888, 3282150399, 2),
(3282150400, 3282150655, 107),
(3282150656, 3282151167, 60),
(3282151168, 3282151423, 144),
(3282151424, 3282151455, 118),
(3282151456, 3282151647, 18),
(3282151648, 3282151679, 12),
(3282151680, 3282151935, 76),
(3282151936, 3282152191, 1),
(3282152192, 3282152447, 103),
(3282152448, 3282154463, 8),
(3282154464, 3282154495, 147),
(3282154496, 3282155519, 45),
(3282155520, 3282155775, 99),
(3282155776, 3282156031, 39),
(3282156032, 3282156543, 44),
(3282156544, 3282156799, 8),
(3282156800, 3282157055, 44),
(3282157056, 3282157311, 130),
(3282157312, 3282157567, 44),
(3282157568, 3282158335, 9),
(3282158336, 3282158591, 100),
(3282158592, 3282159103, 42),
(3282159104, 3282159615, 32),
(3282159616, 3282159743, 100),
(3282159744, 3282159759, 9),
(3282159760, 3282159775, 100),
(3282159776, 3282159791, 20),
(3282159792, 3282159807, 54),
(3282159808, 3282159823, 9),
(3282159824, 3282159839, 20),
(3282159840, 3282159871, 9),
(3282159872, 3282160127, 20),
(3282160128, 3282160383, 89),
(3282160384, 3282160639, 100),
(3282160640, 3282161151, 9),
(3282161152, 3282161407, 32),
(3282161408, 3282161663, 42),
(3282161664, 3282164551, 160),
(3282164552, 3282164559, 42),
(3282164560, 3282164735, 160),
(3282164736, 3282165503, 74),
(3282165504, 3282165759, 1),
(3282165760, 3282166527, 120),
(3282166528, 3282167039, 39),
(3282167040, 3282167551, 41),
(3282167552, 3282167807, 121),
(3282167808, 3282168319, 116),
(3282168320, 3282168831, 109),
(3282168832, 3282169855, 34),
(3282169856, 3282171903, 25),
(3282171904, 3282173951, 35),
(3282182144, 3282182655, 5),
(3282182656, 3282182911, 0),
(3282182912, 3282183199, 5),
(3282183200, 3282183359, 0),
(3282183360, 3282183423, 5),
(3282183424, 3282183487, 0),
(3282183488, 3282183615, 5),
(3282183616, 3282183935, 0),
(3282183936, 3282184495, 5),
(3282184496, 3282184527, 0),
(3282184528, 3282186303, 5),
(3282186304, 3282186319, 0),
(3282186320, 3282186335, 5),
(3282186336, 3282186495, 0),
(3282186496, 3282187583, 5),
(3282187584, 3282187775, 0),
(3282187776, 3282188303, 5),
(3282188304, 3282188311, 0),
(3282188312, 3282188343, 5),
(3282188344, 3282188351, 0),
(3282188352, 3282188487, 5),
(3282188488, 3282188495, 0),
(3282188496, 3282189311, 5),
(3282189312, 3282189375, 0),
(3282189376, 3282190335, 5),
(3282416384, 3282416511, 0),
(3282477056, 3282479103, 1),
(3282479104, 3282479615, 45),
(3282479616, 3282479871, 52),
(3282479872, 3282480127, 1),
(3282480128, 3282480639, 69),
(3282480640, 3282485247, 1),
(3282706432, 3282707775, 1),
(3282707776, 3282707871, 223),
(3282707872, 3282708511, 1),
(3282708512, 3282708519, 223),
(3282708520, 3282708671, 1),
(3282708672, 3282708703, 223),
(3282708704, 3282708807, 1),
(3282708808, 3282709759, 223),
(3282709760, 3282710527, 1),
(3282710528, 3282711039, 223),
(3282711040, 3282711063, 1),
(3282711064, 3282712831, 223),
(3282712832, 3282714623, 1),
(3282747392, 3282752775, 1),
(3282752776, 3282753279, 0),
(3282753280, 3282753815, 45),
(3282753816, 3282756607, 1),
(3282756608, 3282757631, 183),
(3282757632, 3282757887, 1),
(3282757888, 3282758143, 66),
(3282758144, 3282763775, 1),
(3283183616, 3283184639, 260),
(3283187712, 3283188735, 2),
(3283209216, 3283209727, 1),
(3283212288, 3283212799, 1),
(3283214848, 3283215359, 1),
(3283247104, 3283255295, 1),
(3283271680, 3283279871, 1),
(3283517440, 3283525631, 2),
(3283554256, 3283554271, 1),
(3283558400, 3283558431, 1),
(3283558464, 3283558535, 0),
(3284033536, 3284038911, 2),
(3284038912, 3284039167, 28),
(3284039168, 3284041727, 2),
(3284713472, 3284721663, 1),
(3284729856, 3284745983, 2),
(3284745984, 3284746239, 30),
(3284746240, 3284754303, 2),
(3284754304, 3284754319, 1),
(3284754320, 3284795391, 2),
(3285065728, 3285070079, 34),
(3285070080, 3285070335, 102),
(3285070336, 3285073919, 34),
(3285088256, 3285089279, 1),
(3285188608, 3285190655, 0),
(3285190656, 3285192703, 34),
(3285192704, 3285192959, 25),
(3285192960, 3285193215, 1),
(3285193216, 3285193727, 2),
(3285193728, 3285194239, 45),
(3285194240, 3285202943, 1),
(3285202944, 3285205247, 9),
(3285205248, 3285213183, 1),
(3285213184, 3285221375, 2),
(3285221376, 3285229567, 3),
(3285229568, 3285237759, 6),
(3285237760, 3285246463, 1),
(3285246464, 3285246975, 39),
(3285246976, 3285248511, 25),
(3285248512, 3285249279, 2),
(3285249280, 3285249535, 8),
(3285249536, 3285250047, 32),
(3285250048, 3285250559, 122),
(3285250560, 3285254143, 8),
(3285254144, 3285270527, 1),
(3285270528, 3285286911, 16),
(3285286912, 3285287167, 56),
(3285287168, 3285288191, 1),
(3285288192, 3285288447, 56),
(3285288448, 3285290239, 1),
(3285290240, 3285290495, 15),
(3285290496, 3285291007, 1),
(3285291008, 3285291263, 24),
(3285291264, 3285292543, 1),
(3285292544, 3285292799, 24),
(3285292800, 3285295615, 1),
(3285295616, 3285303295, 9),
(3285303296, 3285311487, 1),
(3285311488, 3285313023, 2),
(3285313024, 3285313279, 0),
(3285313280, 3285314303, 2),
(3285314304, 3285314559, 94),
(3285314560, 3285315071, 2),
(3285315072, 3285315583, 32),
(3285315584, 3285316095, 2),
(3285316096, 3285316607, 120),
(3285316608, 3285317631, 40),
(3285317632, 3285318143, 28),
(3285318144, 3285319167, 116),
(3285319168, 3285319679, 4),
(3285352448, 3285355063, 1),
(3285355064, 3285355071, 0),
(3285355072, 3285355103, 1),
(3285355104, 3285355135, 0),
(3285355136, 3285357983, 1),
(3285357984, 3285358015, 66),
(3285358016, 3285359967, 1),
(3285359968, 3285359983, 0),
(3285359984, 3285368831, 1),
(3285490176, 3285490239, 0),
(3285490240, 3285490303, 1),
(3285490304, 3285490319, 135),
(3285490320, 3285490431, 1),
(3285490496, 3285490511, 1),
(3285490536, 3285490543, 0),
(3285490544, 3285490551, 1),
(3285490560, 3285490943, 1),
(3285490944, 3285491007, 0),
(3285491072, 3285491199, 1),
(3285491456, 3285491711, 2),
(3285508608, 3285508623, 1),
(3285508624, 3285508639, 2),
(3285508640, 3285508671, 1),
(3285508736, 3285508863, 1),
(3285537536, 3285537599, 1),
(3285547136, 3285547167, 1),
(3285551808, 3285551839, 1),
(3285566208, 3285566495, 1),
(3285574144, 3285574399, 0),
(3285876736, 3285909503, 1),
(3286138880, 3286139719, 20),
(3286139720, 3286139727, 0),
(3286139728, 3286143359, 20),
(3286143360, 3286143487, 1),
(3286143488, 3286147071, 20),
(3286147072, 3286149631, 1),
(3286149632, 3286149887, 2),
(3286149888, 3286150911, 1),
(3286150912, 3286151935, 2),
(3286151936, 3286155263, 1),
(3286335488, 3286336511, 1),
(3286343680, 3286344703, 63),
(3286362112, 3286363135, 20),
(3286646784, 3286652671, 1),
(3286652672, 3286652927, 182),
(3286652928, 3286654975, 1),
(3286922240, 3286923263, 56),
(3286930176, 3286930431, 1),
(3286936064, 3286936319, 9),
(3286941184, 3286941439, 81),
(3286945792, 3286946815, 1),
(3287220224, 3287226879, 1),
(3287226880, 3287227647, 2),
(3287227648, 3287227903, 26),
(3287227904, 3287228415, 70),
(3287228416, 3287229759, 1),
(3287229760, 3287229823, 0),
(3287229824, 3287234559, 1),
(3287234560, 3287235327, 29),
(3287235328, 3287235439, 1),
(3287235440, 3287235447, 2),
(3287235448, 3287236095, 1),
(3287236096, 3287236607, 2),
(3287236608, 3287236863, 38),
(3287236864, 3287237119, 1),
(3287237120, 3287237631, 38),
(3287237632, 3287238911, 1),
(3287238912, 3287239679, 2),
(3287239680, 3287240447, 1),
(3287240448, 3287240703, 16),
(3287240704, 3287240879, 4),
(3287240880, 3287240959, 25),
(3287240960, 3287241471, 105),
(3287241472, 3287241759, 4),
(3287241760, 3287241983, 1),
(3287241984, 3287242495, 56),
(3287242496, 3287242751, 53),
(3287242752, 3287243007, 55),
(3287243008, 3287243031, 26),
(3287243032, 3287243167, 95),
(3287243168, 3287243199, 26),
(3287243200, 3287243519, 0),
(3287243520, 3287244799, 95),
(3287244800, 3287245055, 5),
(3287245056, 3287245183, 1),
(3287245184, 3287245247, 5),
(3287245248, 3287245319, 51),
(3287245320, 3287245439, 3),
(3287245440, 3287245567, 51),
(3287245568, 3287246463, 3),
(3287246464, 3287246655, 5),
(3287246656, 3287246847, 3),
(3287246848, 3287247871, 1),
(3287247872, 3287248895, 54),
(3287248896, 3287249151, 203),
(3287249152, 3287249407, 125),
(3287249408, 3287251455, 93),
(3287251456, 3287251967, 2),
(3287251968, 3287252223, 12),
(3287252224, 3287253247, 2),
(3287253248, 3287255039, 42),
(3287255040, 3287255407, 2),
(3287255408, 3287255415, 12),
(3287255416, 3287257087, 2),
(3287257088, 3287258111, 16),
(3287258112, 3287258623, 1),
(3287258624, 3287258879, 56),
(3287258880, 3287259391, 37),
(3287259392, 3287259743, 81),
(3287259744, 3287259775, 83),
(3287259776, 3287260415, 81),
(3287260416, 3287260479, 83),
(3287260480, 3287261439, 81),
(3287261440, 3287261543, 41),
(3287261544, 3287261551, 1),
(3287261552, 3287261951, 41),
(3287261952, 3287262207, 1),
(3287262208, 3287262463, 5),
(3287262464, 3287262719, 1),
(3287262720, 3287262975, 2),
(3287262976, 3287263231, 13),
(3287263232, 3287263487, 120),
(3287263488, 3287263935, 95),
(3287263936, 3287263967, 167),
(3287263968, 3287263999, 95),
(3287264000, 3287265535, 39),
(3287265536, 3287265919, 53),
(3287265920, 3287266047, 1),
(3287266048, 3287267327, 25),
(3287267328, 3287268351, 9),
(3287268352, 3287268607, 1),
(3287268608, 3287268863, 0),
(3287268864, 3287269119, 56),
(3287269120, 3287270695, 51),
(3287270696, 3287271423, 1),
(3287271424, 3287272303, 34),
(3287272304, 3287272311, 231),
(3287272312, 3287272319, 3),
(3287272320, 3287272447, 1),
(3287272448, 3287272703, 38),
(3287272704, 3287273471, 16),
(3287273472, 3287273983, 2),
(3287273984, 3287275775, 51),
(3287275776, 3287276031, 3),
(3287276032, 3287276543, 2),
(3287276544, 3287277567, 81),
(3287277568, 3287277823, 2),
(3287277824, 3287278143, 13),
(3287278144, 3287278151, 30),
(3287278152, 3287278335, 13),
(3287278336, 3287278591, 2),
(3287278592, 3287278847, 13),
(3287278848, 3287279103, 25),
(3287279104, 3287279575, 2),
(3287279576, 3287279583, 1),
(3287279584, 3287280127, 2),
(3287280128, 3287282487, 16),
(3287282488, 3287282807, 1),
(3287282808, 3287282815, 62),
(3287282816, 3287285759, 1),
(3287416832, 3287425023, 2),
(3287632896, 3287633407, 1),
(3287639552, 3287640063, 1),
(3287666176, 3287666431, 1),
(3287667456, 3287667711, 56),
(3287672832, 3287673087, 1),
(3287676416, 3287676671, 1),
(3287677184, 3287677439, 1),
(3288401152, 3288401407, 3),
(3556786176, 3556794367, 103),
(3556892672, 3556900863, 1),
(3557064704, 3557072895, 1),
(3557113856, 3557116319, 1),
(3557116320, 3557116351, 0),
(3557116352, 3557117191, 1),
(3557117192, 3557117199, 0),
(3557117200, 3557117351, 1),
(3557117352, 3557117359, 0),
(3557117360, 3557124895, 1),
(3557124896, 3557124927, 0),
(3557124928, 3557126527, 1),
(3557126528, 3557126655, 0),
(3557126656, 3557128063, 1),
(3557128064, 3557128127, 0),
(3557128128, 3557128831, 1),
(3557128832, 3557128895, 0),
(3557128896, 3557128991, 1),
(3557128992, 3557129023, 0),
(3557129024, 3557129855, 1),
(3557129856, 3557129951, 0),
(3557129952, 3557129967, 1),
(3557129968, 3557129983, 0),
(3557129984, 3557130239, 1),
(3557138432, 3557138783, 32),
(3557138784, 3557141503, 1),
(3557141504, 3557141759, 2),
(3557141760, 3557142943, 1),
(3557142944, 3557142959, 217),
(3557142960, 3557145599, 1),
(3557145600, 3557145727, 2),
(3557145728, 3557145855, 1),
(3557145856, 3557146111, 2),
(3557146112, 3557146623, 1),
(3557154816, 3557163007, 1),
(3557163008, 3557163583, 27),
(3557163584, 3557163615, 119),
(3557163616, 3557163647, 27),
(3557163648, 3557163663, 119),
(3557163664, 3557171199, 27),
(3557285888, 3557294079, 0),
(3557351424, 3557359615, 1),
(3557523456, 3557531647, 1),
(3557539840, 3557548031, 1),
(3557556224, 3557564415, 62),
(3557572608, 3557580799, 1),
(3557646336, 3557646463, 1),
(3557646464, 3557646471, 182),
(3557646472, 3557646623, 1),
(3557646624, 3557646655, 187),
(3557646656, 3557646799, 1),
(3557646800, 3557646815, 222),
(3557646816, 3557647391, 1),
(3557647392, 3557647423, 9),
(3557647424, 3557647439, 223),
(3557647440, 3557648191, 1),
(3557648192, 3557648223, 189),
(3557648224, 3557649151, 1),
(3557649152, 3557649407, 38),
(3557649408, 3557650175, 0),
(3557650176, 3557650431, 1),
(3557650432, 3557650943, 0),
(3557650944, 3557651199, 1),
(3557651200, 3557651455, 38),
(3557651456, 3557651711, 163),
(3557651712, 3557651967, 174),
(3557651968, 3557652223, 38),
(3557652224, 3557652735, 1),
(3557652736, 3557654015, 38),
(3557654016, 3557654527, 1),
(3557728256, 3557736447, 13),
(3557736448, 3557744639, 53),
(3557777408, 3557779455, 1),
(3557779456, 3557779711, 0),
(3557779712, 3557779727, 1),
(3557779728, 3557779743, 188),
(3557779744, 3557782207, 1),
(3557782208, 3557782239, 223),
(3557782240, 3557785599, 1),
(3557818368, 3557824743, 1),
(3557824744, 3557824767, 17),
(3557824768, 3557826559, 1),
(3557867520, 3557868543, 4),
(3557868544, 3557869567, 52),
(3557869568, 3557869823, 4),
(3557869824, 3557870079, 52),
(3557870080, 3557870335, 119),
(3557870336, 3557871615, 4),
(3557871616, 3557872127, 52),
(3557872128, 3557872639, 4),
(3557872640, 3557873151, 27),
(3557873152, 3557874175, 4),
(3557874176, 3557874431, 119),
(3557874432, 3557874687, 4),
(3557874688, 3557874943, 124),
(3557874944, 3557875711, 4),
(3557883904, 3557887391, 3),
(3557887392, 3557887407, 1),
(3557887408, 3557888047, 3),
(3557888048, 3557888063, 39),
(3557888064, 3557888607, 3),
(3557888608, 3557888623, 0),
(3557888624, 3557889439, 3),
(3557889440, 3557889487, 1),
(3557889488, 3557891119, 3),
(3557891120, 3557891151, 2),
(3557891152, 3557892095, 3),
(3558014976, 3558023167, 25),
(3558080512, 3558086911, 3),
(3558086912, 3558087167, 5),
(3558087168, 3558090751, 3),
(3558090752, 3558091775, 5),
(3558091776, 3558092031, 3),
(3558092032, 3558092799, 5),
(3558092800, 3558096895, 3),
(3558227968, 3558234615, 42),
(3558234616, 3558234623, 49),
(3558234624, 3558236159, 42),
(3558293504, 3558301695, 9),
(3558350848, 3558359039, 1),
(3558531072, 3558539263, 69),
(3558539264, 3558547455, 1),
(3558621184, 3558622975, 1),
(3558622976, 3558623423, 66),
(3558623424, 3558629375, 1),
(3558768640, 3558768895, 0),
(3558768896, 3558782207, 1),
(3558782208, 3558782463, 195),
(3558782464, 3558783999, 1),
(3558784000, 3558785023, 69),
(3558916096, 3558918671, 16),
(3558918672, 3558918687, 37),
(3558918688, 3558918703, 110),
(3558918704, 3558924287, 16),
(3558989824, 3558998015, 20),
(3559006208, 3559013055, 1),
(3559013056, 3559013119, 45),
(3559013120, 3559013247, 1),
(3559013248, 3559013375, 16),
(3559013376, 3559014399, 2),
(3559284736, 3559285327, 1),
(3559285328, 3559285383, 10),
(3559285384, 3559285479, 1),
(3559285480, 3559285495, 20),
(3559285496, 3559285503, 1),
(3559285504, 3559285759, 92),
(3559285760, 3559286207, 1),
(3559286208, 3559286239, 30),
(3559286240, 3559286783, 1),
(3559286784, 3559287039, 56),
(3559287040, 3559287327, 1),
(3559287328, 3559287343, 57),
(3559287344, 3559291135, 1),
(3559291136, 3559291647, 43),
(3559291648, 3559291711, 1),
(3559291712, 3559291775, 35),
(3559291776, 3559292927, 1),
(3559440384, 3559448575, 1),
(3559456768, 3559464959, 39),
(3559530496, 3559538687, 1),
(3559669760, 3559677951, 61),
(3559686144, 3559686911, 1),
(3559686912, 3559687167, 2),
(3559687168, 3559687935, 1),
(3559687936, 3559688063, 0),
(3559688064, 3559689727, 1),
(3559689728, 3559689983, 0),
(3559689984, 3559690591, 1),
(3559690592, 3559690607, 2),
(3559690608, 3559690655, 0),
(3559690656, 3559691007, 1),
(3559691008, 3559691263, 182),
(3559691264, 3559691583, 1),
(3559691584, 3559691615, 0),
(3559691616, 3559691711, 1),
(3559691712, 3559691719, 0),
(3559691720, 3559691727, 1),
(3559691728, 3559691735, 0),
(3559691736, 3559691751, 1),
(3559691752, 3559691759, 0),
(3559691760, 3559692287, 1),
(3559692288, 3559692415, 2),
(3559692416, 3559694335, 1),
(3559718912, 3559719431, 1),
(3559719432, 3559719435, 221),
(3559719436, 3559719439, 1),
(3559719440, 3559719443, 0),
(3559719444, 3559719479, 1),
(3559719480, 3559719483, 66),
(3559719484, 3559719511, 1),
(3559719512, 3559719515, 267),
(3559719516, 3559719519, 66),
(3559719520, 3559719523, 0),
(3559719524, 3559719603, 1),
(3559719604, 3559719607, 0),
(3559719608, 3559719619, 1),
(3559719620, 3559719623, 66),
(3559719624, 3559719847, 1),
(3559719848, 3559719855, 0),
(3559719856, 3559720111, 1),
(3559720112, 3559720127, 66),
(3559720128, 3559720303, 1),
(3559720304, 3559720311, 66),
(3559720312, 3559720319, 1),
(3559720320, 3559720335, 111),
(3559720336, 3559720799, 1),
(3559720800, 3559720831, 0),
(3559720832, 3559720943, 1),
(3559720944, 3559720951, 221),
(3559720952, 3559721055, 1),
(3559721056, 3559721071, 66),
(3559721072, 3559721087, 0),
(3559721088, 3559721287, 1),
(3559721288, 3559721295, 241),
(3559721296, 3559721999, 1),
(3559722000, 3559722003, 0),
(3559722004, 3559722007, 66),
(3559722008, 3559722019, 1),
(3559722020, 3559722023, 0),
(3559722024, 3559722075, 1),
(3559722076, 3559722079, 0),
(3559722080, 3559722187, 1),
(3559722188, 3559722191, 0),
(3559722192, 3559722231, 1),
(3559722232, 3559722235, 111),
(3559722236, 3559724547, 1),
(3559724548, 3559724555, 66),
(3559724556, 3559724691, 1),
(3559724692, 3559724695, 0),
(3559724696, 3559724703, 1),
(3559724704, 3559724707, 66),
(3559724708, 3559724735, 1),
(3559724736, 3559724739, 0),
(3559724740, 3559724831, 1),
(3559724832, 3559724839, 237),
(3559724840, 3559724919, 1),
(3559724920, 3559724927, 66),
(3559724928, 3559724935, 0),
(3559724936, 3559724967, 1),
(3559724968, 3559724975, 66),
(3559724976, 3559725183, 1),
(3559725184, 3559725247, 66),
(3559725248, 3559725279, 1),
(3559725280, 3559725287, 0),
(3559725288, 3559725375, 1),
(3559725376, 3559725455, 111),
(3559725456, 3559725647, 1),
(3559725648, 3559725655, 66),
(3559725656, 3559726215, 1),
(3559726216, 3559726223, 0),
(3559726224, 3559726231, 1),
(3559726232, 3559726239, 0),
(3559726240, 3559726947, 1),
(3559726948, 3559726951, 0),
(3559726952, 3559727079, 1),
(3559727080, 3559727083, 237),
(3559727084, 3559727103, 1),
(3559784448, 3559792639, 1),
(3559833600, 3559841791, 1),
(3559841792, 3559843839, 26),
(3559843840, 3559849983, 1),
(3559899908, 3559899951, 0),
(3559923712, 3559924971, 1),
(3559924972, 3559924975, 0),
(3559924976, 3559925703, 1),
(3559925704, 3559925707, 0),
(3559925708, 3559928091, 1),
(3559928092, 3559928095, 0),
(3559928096, 3559928371, 1),
(3559928372, 3559928375, 0),
(3559928376, 3559928411, 1),
(3559928412, 3559928415, 0),
(3559928416, 3559928463, 1),
(3559928464, 3559928471, 0),
(3559928472, 3559928563, 1),
(3559928564, 3559928567, 0),
(3559928568, 3559928647, 1),
(3559928648, 3559928651, 0),
(3559928652, 3559931903, 1),
(3559948288, 3559952583, 1),
(3559952584, 3559952587, 0),
(3559952588, 3559953543, 1),
(3559953544, 3559953551, 17),
(3559953552, 3559954199, 1),
(3559954200, 3559954207, 17),
(3559954208, 3559954211, 1),
(3559954212, 3559954215, 0),
(3559954216, 3559954607, 1),
(3559954608, 3559954615, 2),
(3559954616, 3559956175, 1),
(3559956176, 3559956191, 17),
(3559956192, 3559956199, 1),
(3559956200, 3559956203, 0),
(3559956204, 3559956479, 1),
(3559964672, 3559972863, 2),
(3560005632, 3560013823, 9),
(3560251392, 3560252159, 1),
(3560252160, 3560252175, 20),
(3560252176, 3560252191, 8),
(3560252192, 3560252207, 2),
(3560252208, 3560252215, 16),
(3560252216, 3560252223, 55),
(3560252224, 3560252231, 40),
(3560252232, 3560252415, 0),
(3560252416, 3560252423, 4),
(3560252424, 3560252431, 162),
(3560252432, 3560252439, 9),
(3560252440, 3560252447, 32),
(3560252448, 3560252455, 34),
(3560252456, 3560252463, 39),
(3560252464, 3560252471, 100),
(3560252472, 3560252479, 42),
(3560252480, 3560252487, 39),
(3560252488, 3560252495, 66),
(3560252496, 3560252503, 130),
(3560252504, 3560252511, 58),
(3560252512, 3560252527, 1),
(3560252528, 3560252535, 94),
(3560252536, 3560252543, 20),
(3560252544, 3560252671, 60),
(3560252672, 3560259583, 1),
(3560529920, 3560538111, 1),
(3560538112, 3560538367, 54),
(3560538368, 3560538623, 58),
(3560538624, 3560538879, 54),
(3560538880, 3560539135, 58),
(3560539136, 3560539775, 54),
(3560539776, 3560540159, 58),
(3560540160, 3560543447, 54),
(3560543448, 3560543455, 58),
(3560543456, 3560543463, 128),
(3560543464, 3560543467, 54),
(3560543468, 3560543471, 9),
(3560543472, 3560543487, 54),
(3560543488, 3560543743, 89),
(3560543744, 3560543999, 54),
(3560544000, 3560544255, 128),
(3560544256, 3560544559, 54),
(3560544560, 3560544567, 55),
(3560544568, 3560544767, 128),
(3560544768, 3560545023, 58),
(3560545024, 3560547487, 54),
(3560547488, 3560547503, 0),
(3560547504, 3560547583, 54),
(3560547584, 3560547839, 58),
(3560547840, 3560550911, 54),
(3560550912, 3560551167, 58),
(3560551168, 3560551935, 54),
(3560551936, 3560552191, 58),
(3560552192, 3560552703, 54),
(3560552704, 3560552959, 58),
(3560552960, 3560554495, 54),
(3560620032, 3560628223, 2),
(3560942460, 3560942463, 2),
(3560943131, 3560943131, 2),
(3560943296, 3560943296, 1),
(3560943326, 3560943326, 26),
(3561046016, 3561047943, 1),
(3561047944, 3561047951, 0),
(3561047952, 3561054207, 1),
(3561160704, 3561168895, 45),
(3561316352, 3561322767, 1),
(3561322768, 3561322783, 182),
(3561322784, 3561323519, 1),
(3561323520, 3561323775, 120),
(3561323776, 3561324543, 1),
(3561578496, 3561579007, 1),
(3561579008, 3561579775, 69),
(3561579776, 3561580543, 77),
(3561580544, 3561580799, 81),
(3561580800, 3561581055, 35),
(3561581056, 3561581311, 7),
(3561581312, 3561581823, 167),
(3561581824, 3561582079, 20),
(3561582080, 3561582847, 26),
(3561582848, 3561583615, 55),
(3561583616, 3561584639, 5),
(3561584640, 3561584895, 16),
(3561584896, 3561585151, 56),
(3561585152, 3561585663, 10),
(3561585664, 3561586687, 6),
(3561676800, 3561684991, 1),
(3561791488, 3561796863, 26),
(3561796864, 3561796927, 141),
(3561796928, 3561799679, 26),
(3562209280, 3562217471, 1),
(3562782720, 3562783487, 4),
(3562783488, 3562783999, 63),
(3562784000, 3562786047, 4),
(3562786048, 3562786303, 201),
(3562786304, 3562786559, 255),
(3562786560, 3562786815, 0),
(3562786816, 3562787103, 4),
(3562787104, 3562787135, 104),
(3562787136, 3562788863, 4),
(3562788864, 3562789375, 0),
(3562789376, 3562790911, 63),
(3562823680, 3562831871, 1),
(3562831872, 3562841855, 45),
(3562841856, 3562842111, 262),
(3562842112, 3562848255, 45),
(3562954752, 3562956031, 51),
(3562956032, 3562956799, 64),
(3562956800, 3562957567, 196),
(3562957568, 3562962943, 51),
(3563085824, 3563090431, 40),
(3563090432, 3563090687, 249),
(3563090688, 3563094015, 40),
(3563110400, 3563111423, 55),
(3563111424, 3563111679, 98),
(3563111680, 3563111807, 92),
(3563111808, 3563112383, 55),
(3563112384, 3563112447, 238),
(3563112448, 3563113727, 55),
(3563113728, 3563114751, 86),
(3563114752, 3563115007, 55),
(3563115008, 3563115327, 92),
(3563115328, 3563115775, 55),
(3563115776, 3563117039, 0),
(3563117040, 3563117055, 57),
(3563117056, 3563117071, 26),
(3563117072, 3563118591, 55),
(3563356160, 3563364351, 1),
(3563446272, 3563454463, 1),
(3563831296, 3563839487, 4),
(3563872256, 3563880447, 1),
(3563962368, 3563970559, 3),
(3564036352, 3564036607, 139),
(3564036608, 3564036863, 1),
(3564038656, 3564038911, 73),
(3564038912, 3564039167, 37),
(3564041216, 3564041727, 45),
(3564041728, 3564041983, 188),
(3564041984, 3564042239, 5),
(3564042752, 3564043007, 70),
(3564060672, 3564063679, 1),
(3564063680, 3564063711, 55),
(3564063712, 3564063743, 1),
(3564063744, 3564064255, 7),
(3564064256, 3564064575, 185),
(3564064576, 3564064767, 1),
(3564064768, 3564065535, 185),
(3564065536, 3564066815, 1),
(3564066816, 3564067327, 39),
(3564067328, 3564067711, 1),
(3564067712, 3564067839, 7),
(3564067840, 3564068863, 1),
(3564199936, 3564208127, 2),
(3564240896, 3564241919, 1),
(3564241920, 3564242175, 66),
(3564242176, 3564243455, 1),
(3564243456, 3564243711, 0),
(3564243712, 3564243967, 15),
(3564243968, 3564247135, 1),
(3564247136, 3564247199, 62),
(3564247200, 3564248063, 1),
(3564248064, 3564248127, 0),
(3564248128, 3564249087, 1),
(3564511232, 3564519423, 1),
(3564576768, 3564577791, 1),
(3564577792, 3564578047, 61),
(3564578048, 3564583935, 1),
(3564583936, 3564584191, 61),
(3564584192, 3564584959, 1),
(3564593152, 3564597055, 1),
(3564597056, 3564597119, 66),
(3564597120, 3564597183, 1),
(3564597184, 3564597247, 111),
(3564597248, 3564597375, 1),
(3564597376, 3564597439, 65),
(3564597440, 3564598271, 1),
(3564598272, 3564598335, 127),
(3564598336, 3564601343, 1),
(3564609536, 3564617727, 2),
(3564617728, 3564634111, 1),
(3564675072, 3564675839, 20),
(3564675840, 3564676095, 0),
(3564676096, 3564677263, 20),
(3564677264, 3564677271, 0),
(3564677272, 3564677295, 20),
(3564677296, 3564677303, 254),
(3564677304, 3564682919, 20),
(3564682920, 3564682959, 1),
(3564682960, 3564683031, 20),
(3564683032, 3564683039, 261),
(3564683040, 3564683047, 20),
(3564683048, 3564683055, 258),
(3564683056, 3564683063, 20),
(3564683064, 3564683071, 259),
(3564683072, 3564683111, 20),
(3564683112, 3564683119, 261),
(3564683120, 3564683135, 20),
(3564683136, 3564683143, 263),
(3564683144, 3564683151, 20),
(3564683152, 3564683159, 261),
(3564683160, 3564683207, 20),
(3564683208, 3564683231, 0),
(3564683232, 3564683263, 20),
(3564765184, 3564768671, 4),
(3564768672, 3564768703, 63),
(3564768704, 3564769279, 4),
(3564769280, 3564770303, 104),
(3564770304, 3564771327, 4),
(3564771328, 3564771583, 201),
(3564771584, 3564771839, 200),
(3564771840, 3564772351, 0),
(3564772352, 3564772863, 4),
(3564772864, 3564773119, 60),
(3564773120, 3564773375, 4),
(3565248512, 3565256703, 2),
(3566739456, 3566747647, 65),
(3567165440, 3567169535, 1),
(3567517696, 3567528191, 3),
(3567528192, 3567528447, 36),
(3567528448, 3567528959, 3),
(3567528960, 3567529983, 5),
(3567529984, 3567531007, 164),
(3567531008, 3567533567, 3),
(3567533568, 3567533823, 5),
(3567533824, 3567538687, 3),
(3567538688, 3567539327, 36),
(3567539328, 3567542783, 3),
(3567542784, 3567543039, 36),
(3567543040, 3567550207, 3),
(3567550208, 3567559679, 5),
(3567559680, 3567560191, 3),
(3567560192, 3567561215, 36),
(3567561216, 3567564287, 3),
(3567564288, 3567567615, 5),
(3567567616, 3567572991, 3),
(3567572992, 3567580415, 36),
(3567580416, 3567583231, 3),
(3568304128, 3568304383, 1),
(3568304384, 3568304391, 3),
(3568304392, 3568304415, 25),
(3568304416, 3568304423, 1),
(3568304424, 3568304511, 3),
(3568304512, 3568304895, 1),
(3568304896, 3568304959, 2),
(3568304960, 3568304975, 1),
(3568304976, 3568305007, 2),
(3568305008, 3568305023, 1),
(3568305024, 3568305087, 2),
(3568305088, 3568305127, 1),
(3568305128, 3568305135, 34),
(3568305136, 3568305151, 4),
(3568305152, 3568305663, 93),
(3568305664, 3568305919, 123),
(3568305920, 3568305983, 1),
(3568305984, 3568306047, 46),
(3568306048, 3568306111, 1),
(3568306112, 3568306143, 8),
(3568306144, 3568306239, 1),
(3568306240, 3568306303, 25),
(3568306304, 3568306319, 4),
(3568306320, 3568306335, 122),
(3568306336, 3568306367, 16),
(3568306368, 3568306431, 25),
(3568306432, 3568306447, 1),
(3568306448, 3568306463, 4),
(3568306464, 3568306479, 3),
(3568306480, 3568306487, 20),
(3568306488, 3568306495, 4),
(3568306496, 3568306559, 7),
(3568306560, 3568306623, 1),
(3568306624, 3568307199, 25),
(3568307200, 3568307455, 266),
(3568307456, 3568307711, 9),
(3568307712, 3568307967, 38),
(3568307968, 3568308479, 1),
(3568308480, 3568308511, 25),
(3568308512, 3568308527, 36),
(3568308528, 3568308607, 1),
(3568308608, 3568308671, 9),
(3568308672, 3568308735, 1),
(3568308736, 3568308991, 2),
(3568308992, 3568309919, 16),
(3568309920, 3568309935, 0),
(3568309936, 3568309943, 16),
(3568309944, 3568310015, 25),
(3568310016, 3568310271, 1),
(3568310272, 3568310527, 55),
(3568310528, 3568310783, 1),
(3568310784, 3568311039, 3),
(3568311040, 3568311295, 1),
(3568311296, 3568311807, 38),
(3568311808, 3568312063, 8),
(3568312064, 3568312071, 4),
(3568312072, 3568312079, 34),
(3568312080, 3568312095, 3),
(3568312096, 3568312559, 1),
(3568312560, 3568312831, 8),
(3568312832, 3568313087, 25),
(3568313088, 3568313343, 45),
(3568313344, 3568313599, 61),
(3568313600, 3568314111, 1),
(3568314112, 3568314383, 47),
(3568314384, 3568314391, 8),
(3568314392, 3568314399, 4),
(3568314400, 3568314495, 1),
(3568314496, 3568314527, 16),
(3568314528, 3568314543, 1),
(3568314544, 3568314559, 4),
(3568314560, 3568314623, 8),
(3568314624, 3568314639, 1),
(3568314640, 3568314655, 3),
(3568314656, 3568314687, 1),
(3568314688, 3568314695, 45),
(3568314696, 3568314699, 1),
(3568314700, 3568314703, 9),
(3568314704, 3568314711, 16),
(3568314712, 3568314719, 4),
(3568314720, 3568314751, 25),
(3568314752, 3568314759, 1),
(3568314760, 3568314767, 4),
(3568314768, 3568314783, 8),
(3568314784, 3568314807, 1),
(3568314808, 3568314811, 25),
(3568314812, 3568314815, 47),
(3568314816, 3568314823, 1),
(3568314824, 3568314827, 16),
(3568314828, 3568314831, 4),
(3568314832, 3568314847, 53),
(3568314848, 3568314879, 1),
(3568314880, 3568314895, 8),
(3568314896, 3568314927, 3),
(3568314928, 3568314943, 4),
(3568314944, 3568315007, 54),
(3568315008, 3568315015, 34),
(3568315016, 3568315023, 45),
(3568315024, 3568315039, 8),
(3568315040, 3568315047, 3),
(3568315048, 3568315055, 45),
(3568315056, 3568315087, 4),
(3568315088, 3568315103, 16),
(3568315104, 3568315391, 159),
(3568315392, 3568315647, 1),
(3568315648, 3568315903, 9),
(3568315904, 3568316287, 14),
(3568316288, 3568316527, 1),
(3568316528, 3568316543, 249),
(3568316544, 3568316575, 1),
(3568316576, 3568316671, 4),
(3568316672, 3568316703, 41),
(3568316704, 3568316719, 1),
(3568316720, 3568316727, 34),
(3568316728, 3568316735, 1),
(3568316736, 3568316799, 9),
(3568316800, 3568316863, 4),
(3568316864, 3568316927, 54),
(3568316928, 3568317183, 1),
(3568317184, 3568317215, 45),
(3568317216, 3568317247, 36),
(3568317248, 3568317311, 4),
(3568317312, 3568317343, 1),
(3568317344, 3568317375, 16),
(3568317376, 3568317695, 4),
(3568317696, 3568317951, 34),
(3568317952, 3568318015, 4),
(3568318016, 3568318031, 2),
(3568318032, 3568318047, 1),
(3568318048, 3568318079, 4),
(3568318080, 3568318087, 1),
(3568318088, 3568318095, 4),
(3568318096, 3568318111, 16),
(3568318112, 3568318119, 4),
(3568318120, 3568318127, 8),
(3568318128, 3568318207, 4),
(3568318208, 3568318975, 1),
(3568318976, 3568318991, 41),
(3568318992, 3568319007, 4),
(3568319008, 3568319023, 3),
(3568319024, 3568319103, 1),
(3568319104, 3568319167, 3),
(3568319168, 3568319199, 9),
(3568319200, 3568319231, 45),
(3568319232, 3568319359, 3),
(3568319360, 3568319423, 54),
(3568319424, 3568319487, 4),
(3568319488, 3568319519, 36),
(3568319520, 3568319535, 3),
(3568319536, 3568319551, 54),
(3568319552, 3568319583, 122),
(3568319584, 3568319591, 41),
(3568319592, 3568319599, 45),
(3568319600, 3568319603, 41),
(3568319604, 3568319607, 25),
(3568319608, 3568319615, 41),
(3568319616, 3568319711, 4),
(3568319712, 3568319743, 8),
(3568319744, 3568319999, 9),
(3568320000, 3568320031, 1),
(3568320032, 3568320047, 4),
(3568320048, 3568320063, 41),
(3568320064, 3568320079, 1),
(3568320080, 3568320095, 45),
(3568320096, 3568320111, 1),
(3568320112, 3568320127, 4),
(3568320128, 3568320191, 54),
(3568320192, 3568320207, 8),
(3568320208, 3568320223, 16),
(3568320224, 3568320239, 1),
(3568320240, 3568320247, 25),
(3568320248, 3568320383, 1),
(3568320384, 3568320447, 54),
(3568320448, 3568320511, 4),
(3568320512, 3568321023, 1),
(3568321024, 3568321279, 16),
(3568321280, 3568322047, 1),
(3568322048, 3568322303, 8),
(3568322304, 3568322559, 36),
(3568322560, 3568323071, 98),
(3568323072, 3568323199, 1),
(3568323200, 3568323327, 25),
(3568323328, 3568323711, 119),
(3568323712, 3568323839, 8),
(3568323840, 3568324095, 9),
(3568324096, 3568324655, 3),
(3568324656, 3568324671, 4),
(3568324672, 3568324735, 25),
(3568324736, 3568324767, 16),
(3568324768, 3568324799, 8),
(3568324800, 3568324831, 1),
(3568324832, 3568324991, 4),
(3568324992, 3568325007, 34),
(3568325008, 3568325023, 1),
(3568325024, 3568325039, 16),
(3568325040, 3568325047, 54),
(3568325048, 3568325055, 1),
(3568325056, 3568325375, 25),
(3568325376, 3568325631, 10),
(3568325632, 3568326911, 233),
(3568326912, 3568327167, 130),
(3568327168, 3568327175, 45),
(3568327176, 3568327183, 1),
(3568327184, 3568327199, 16),
(3568327200, 3568327223, 1),
(3568327224, 3568327231, 8),
(3568327232, 3568327295, 25),
(3568327296, 3568327375, 1),
(3568327376, 3568327391, 16),
(3568327392, 3568327407, 1),
(3568327408, 3568327423, 54),
(3568327424, 3568327439, 34),
(3568327440, 3568327455, 16),
(3568327456, 3568327487, 3),
(3568327488, 3568327587, 1),
(3568327588, 3568327599, 2),
(3568327600, 3568327615, 1),
(3568327616, 3568327679, 14),
(3568327680, 3568327711, 54),
(3568327712, 3568327743, 16),
(3568327744, 3568327807, 19),
(3568327808, 3568327871, 81),
(3568327872, 3568327935, 41),
(3568327936, 3568327999, 180),
(3568328000, 3568328063, 1),
(3568328064, 3568328071, 25),
(3568328072, 3568328079, 8),
(3568328080, 3568328095, 1),
(3568328096, 3568328143, 8),
(3568328144, 3568328159, 41),
(3568328160, 3568328191, 3),
(3568328192, 3568328447, 105),
(3568328448, 3568328575, 25),
(3568328576, 3568328703, 9),
(3568328704, 3568328959, 1),
(3568328960, 3568329151, 54),
(3568329152, 3568329167, 16),
(3568329168, 3568329183, 4),
(3568329184, 3568329199, 8),
(3568329200, 3568329223, 1),
(3568329224, 3568329231, 25),
(3568329232, 3568329247, 3),
(3568329248, 3568329263, 41),
(3568329264, 3568329271, 3),
(3568329272, 3568329279, 8),
(3568329280, 3568329343, 4),
(3568329344, 3568329391, 25),
(3568329392, 3568329439, 41),
(3568329440, 3568329471, 54),
(3568329472, 3568330239, 45),
(3568330240, 3568330495, 9),
(3568330496, 3568330751, 8),
(3568330752, 3568331007, 45),
(3568331008, 3568331039, 3),
(3568331040, 3568331071, 4),
(3568331072, 3568331135, 1),
(3568331136, 3568331215, 4),
(3568331216, 3568331231, 45),
(3568331232, 3568331263, 8),
(3568331264, 3568331327, 4),
(3568331328, 3568331343, 1),
(3568331344, 3568331375, 16),
(3568331376, 3568331383, 2),
(3568331384, 3568331423, 16),
(3568331424, 3568331455, 9),
(3568331456, 3568331503, 41),
(3568331504, 3568331519, 16),
(3568331520, 3568331583, 1),
(3568331584, 3568331615, 25),
(3568331616, 3568331647, 2),
(3568331648, 3568331711, 41),
(3568331712, 3568331775, 3),
(3568331776, 3568358143, 1),
(3568358144, 3568359935, 2),
(3568359936, 3568359967, 93),
(3568359968, 3568360063, 2),
(3568360064, 3568360095, 4),
(3568360096, 3568360127, 192),
(3568360128, 3568362495, 2),
(3568362496, 3568362559, 93),
(3568362560, 3568362751, 2),
(3568362752, 3568363519, 93),
(3568363520, 3568364031, 2),
(3568364032, 3568364287, 93),
(3568364288, 3568365055, 2),
(3568365056, 3568365311, 93),
(3568365312, 3568366591, 2),
(3568366592, 3568366847, 93),
(3568366848, 3568367359, 2),
(3568367360, 3568367423, 193),
(3568367424, 3568367935, 2),
(3568367936, 3568367967, 1),
(3568367968, 3568369663, 2),
(3569090560, 3569102847, 1),
(3569102848, 3569103519, 80),
(3569103520, 3569113855, 1),
(3569113856, 3569113871, 66),
(3569113872, 3569114623, 1),
(3569114624, 3569115135, 223),
(3569115136, 3569122559, 1),
(3569122560, 3569122591, 80),
(3569122592, 3569123327, 1),
(3569352704, 3569354751, 51),
(3569354752, 3569355775, 64),
(3569355776, 3569360895, 51),
(3569360896, 3569369087, 5),
(3569369088, 3569377279, 20),
(3569377280, 3569385471, 6),
(3569385472, 3569393663, 41),
(3569393664, 3569410047, 3),
(3569410048, 3569418239, 1),
(3569418240, 3569426431, 2),
(3569426432, 3569434623, 35),
(3569434624, 3569435391, 128),
(3569435392, 3569436159, 9),
(3569436160, 3569436415, 88),
(3569436416, 3569436671, 9),
(3569436672, 3569438719, 46),
(3569438720, 3569442815, 9),
(3569442816, 3569451007, 2),
(3569451008, 3569459199, 29),
(3569459200, 3569459455, 17),
(3569459456, 3569467391, 1),
(3569467392, 3569468415, 16),
(3569468416, 3569469439, 81),
(3569469440, 3569474815, 45),
(3569474816, 3569475087, 116),
(3569475088, 3569475335, 8),
(3569475336, 3569475583, 16),
(3569475584, 3569483775, 51),
(3570756192, 3570756223, 1),
(3570760544, 3570760575, 1),
(3571187712, 3571206911, 9),
(3571206912, 3571207735, 178),
(3571207736, 3571208055, 9),
(3571208056, 3571208191, 88),
(3571208192, 3571240959, 9),
(3571240960, 3571241215, 88),
(3571241216, 3571241983, 9),
(3571241984, 3571242495, 244),
(3571242496, 3571253247, 9),
(3572056064, 3572057087, 7),
(3572057088, 3572059903, 1),
(3572059904, 3572060159, 57),
(3572060160, 3572062207, 7),
(3572062208, 3572062463, 1),
(3572062464, 3572072447, 7),
(3573022720, 3573026235, 1),
(3573026236, 3573026239, 191),
(3573026240, 3573027231, 1),
(3573027232, 3573027263, 0),
(3573027264, 3573027423, 1),
(3573027424, 3573027455, 0),
(3573027456, 3573027747, 1),
(3573027748, 3573027755, 0),
(3573027756, 3573028191, 1),
(3573028192, 3573028207, 0),
(3573028208, 3573028367, 1),
(3573028368, 3573028375, 187),
(3573028376, 3573028467, 1),
(3573028468, 3573028471, 186),
(3573028472, 3573028543, 1),
(3573028544, 3573028551, 187),
(3573028552, 3573028959, 1),
(3573028960, 3573028991, 0),
(3573028992, 3573029587, 1),
(3573029588, 3573029591, 0),
(3573029592, 3573029595, 1),
(3573029596, 3573029599, 0),
(3573029600, 3573043199, 1),
(3573043200, 3573043455, 47),
(3573043456, 3573043655, 1),
(3573043656, 3573043967, 47),
(3573043968, 3573046271, 1),
(3573046272, 3573047295, 14),
(3573047296, 3573048831, 1),
(3573048832, 3573049343, 0),
(3573049344, 3573055487, 1),
(3575119872, 3575120639, 32),
(3575120640, 3575120895, 139),
(3575120896, 3575121151, 225),
(3575121152, 3575121663, 32),
(3575121664, 3575121919, 42),
(3575121920, 3575122015, 20),
(3575122016, 3575122031, 0),
(3575122032, 3575122047, 20),
(3575122048, 3575122111, 0),
(3575122112, 3575122431, 42),
(3575122432, 3575123455, 32),
(3575123456, 3575123967, 46),
(3575123968, 3575124327, 8),
(3575124328, 3575124335, 65),
(3575124336, 3575124479, 8),
(3575124480, 3575126015, 44),
(3575126016, 3575127295, 8),
(3575127296, 3575128319, 1),
(3575128320, 3575128575, 11),
(3575128576, 3575129087, 30),
(3575129088, 3575132159, 11),
(3575132160, 3575133183, 13),
(3575133184, 3575134207, 11),
(3575134208, 3575136255, 13),
(3575136256, 3575137279, 3),
(3575137280, 3575137791, 39),
(3575137792, 3575138047, 99),
(3575138048, 3575138303, 156),
(3575138304, 3575139327, 39),
(3575139328, 3575139839, 1),
(3575139840, 3575140095, 45),
(3575140096, 3575140351, 160),
(3575140352, 3575140607, 0),
(3575140608, 3575140863, 47),
(3575140864, 3575141119, 8),
(3575141120, 3575141375, 59),
(3575141376, 3575141887, 44),
(3575141888, 3575142143, 29),
(3575142144, 3575143167, 97),
(3575143168, 3575143423, 53),
(3575143424, 3575144447, 29),
(3575144448, 3575145471, 4),
(3575145472, 3575146495, 81),
(3575146496, 3575148799, 0),
(3575148800, 3575152639, 81),
(3575152640, 3575152895, 74),
(3575152896, 3575153151, 239),
(3575153152, 3575153663, 74),
(3575153664, 3575154527, 1),
(3575154528, 3575154687, 253),
(3575154688, 3575155199, 1),
(3575155200, 3575155711, 42),
(3575155712, 3575156223, 1),
(3575156224, 3575156479, 67),
(3575156480, 3575158271, 71),
(3575158272, 3575159039, 1),
(3575159040, 3575159295, 4),
(3575159296, 3575159551, 156),
(3575159552, 3575159807, 99),
(3575159808, 3575160063, 29),
(3575160064, 3575160575, 1),
(3575160576, 3575160831, 8),
(3575160832, 3575160847, 30),
(3575160848, 3575160863, 13),
(3575160864, 3575160879, 14),
(3575160880, 3575161087, 7),
(3575161088, 3575162623, 14),
(3575162624, 3575162879, 95),
(3575162880, 3575163391, 35),
(3575163392, 3575164159, 79),
(3575164160, 3575164671, 54),
(3575164672, 3575164927, 79),
(3575164928, 3575165439, 9),
(3575165440, 3575165503, 46),
(3575165504, 3575165519, 20),
(3575165520, 3575165535, 9),
(3575165536, 3575165567, 46),
(3575165568, 3575165599, 42),
(3575165600, 3575165607, 46),
(3575165608, 3575165615, 42),
(3575165616, 3575165695, 0),
(3575165696, 3575165951, 9),
(3575165952, 3575166463, 20),
(3575166464, 3575166719, 100),
(3575166720, 3575167487, 32),
(3575167488, 3575167743, 9),
(3575167744, 3575167775, 153),
(3575167776, 3575167871, 100),
(3575167872, 3575167887, 9),
(3575167888, 3575167903, 46),
(3575167904, 3575167999, 9),
(3575168000, 3575168127, 0),
(3575168128, 3575168255, 55),
(3575168256, 3575168511, 32),
(3575168512, 3575169023, 9),
(3575169024, 3575169535, 76),
(3575169536, 3575171071, 14),
(3575171072, 3575171327, 76),
(3575171328, 3575171583, 13),
(3575171584, 3575171839, 30),
(3575171840, 3575172351, 11),
(3575172352, 3575173119, 14),
(3575173120, 3575174143, 1),
(3575174144, 3575174655, 90),
(3575174656, 3575175167, 160),
(3575175168, 3575175423, 157),
(3575175424, 3575175679, 39),
(3575175680, 3575175935, 108),
(3575175936, 3575176191, 39),
(3575176192, 3575177215, 75),
(3575177216, 3575177727, 12),
(3575177728, 3575177983, 18),
(3575177984, 3575178111, 172),
(3575178112, 3575178239, 18),
(3575178240, 3575178495, 2),
(3575178496, 3575179007, 12),
(3575179008, 3575179263, 2),
(3575179264, 3575179775, 1),
(3575179776, 3575180287, 52),
(3575180288, 3575181311, 45),
(3575181312, 3575182591, 53),
(3575182592, 3575182847, 25),
(3575182848, 3575183871, 29),
(3575183872, 3575184127, 1),
(3575184128, 3575184383, 67),
(3575184384, 3575184391, 2),
(3575184392, 3575184399, 48),
(3575184400, 3575184407, 11),
(3575184408, 3575184415, 62),
(3575184416, 3575184423, 35),
(3575184424, 3575184431, 74),
(3575184432, 3575184439, 54),
(3575184440, 3575184447, 8),
(3575184448, 3575184455, 1),
(3575184456, 3575184463, 43),
(3575184464, 3575184471, 120),
(3575184472, 3575184479, 51),
(3575184480, 3575184487, 72),
(3575184488, 3575184511, 1),
(3575184512, 3575184519, 70),
(3575184520, 3575184527, 45),
(3575184528, 3575184535, 94),
(3575184536, 3575184543, 95),
(3575184544, 3575184551, 29),
(3575184552, 3575184559, 24),
(3575184560, 3575184567, 103),
(3575184568, 3575184575, 30),
(3575184576, 3575184583, 1),
(3575184584, 3575184591, 39),
(3575184592, 3575184599, 2),
(3575184600, 3575184607, 12),
(3575184608, 3575184615, 90),
(3575184616, 3575184623, 32),
(3575184624, 3575184631, 38),
(3575184632, 3575184895, 52),
(3575184896, 3575185151, 45),
(3575185152, 3575185407, 32),
(3575316480, 3575349247, 8),
(3575412992, 3575413119, 1),
(3575587296, 3575587311, 1),
(3575635456, 3575635463, 1),
(3575636824, 3575636831, 1),
(3575638280, 3575638287, 1),
(3575742464, 3575746079, 1),
(3575746080, 3575746095, 2),
(3575746096, 3575746175, 1),
(3575746176, 3575746183, 0),
(3575746184, 3575747839, 1),
(3575747840, 3575748095, 2),
(3575748096, 3575751167, 1),
(3575751168, 3575751679, 0),
(3575751680, 3575769087, 1),
(3575769088, 3575769951, 2),
(3575769952, 3575769967, 0),
(3575769968, 3575769983, 18),
(3575769984, 3575770111, 1),
(3575770112, 3575773055, 2),
(3575773056, 3575773183, 1),
(3575773184, 3575774503, 2),
(3575774504, 3575774511, 1),
(3575774512, 3575775231, 2),
(3577413632, 3577414655, 1),
(3577414656, 3577414911, 119),
(3577414912, 3577415167, 60),
(3577415168, 3577415679, 2),
(3577415680, 3577415935, 60),
(3577415936, 3577416191, 53),
(3577416192, 3577416703, 28),
(3577416704, 3577416959, 21),
(3577416960, 3577417471, 1),
(3577417472, 3577417727, 37),
(3577417728, 3577421823, 81),
(3577421824, 3577423871, 39),
(3577423872, 3577424127, 157),
(3577424128, 3577424895, 39),
(3577424896, 3577425407, 26),
(3577425408, 3577425663, 98),
(3577425664, 3577425919, 26),
(3577425920, 3577426431, 32),
(3577426432, 3577426687, 100),
(3577426688, 3577426943, 42),
(3577426944, 3577427199, 9),
(3577427200, 3577427455, 42),
(3577427456, 3577428479, 9),
(3577428480, 3577428735, 32),
(3577428736, 3577428751, 100),
(3577428752, 3577428759, 20),
(3577428760, 3577428767, 46),
(3577428768, 3577428863, 20),
(3577428864, 3577428879, 42),
(3577428880, 3577428887, 26),
(3577428888, 3577428927, 32),
(3577428928, 3577428991, 42),
(3577428992, 3577429247, 9),
(3577429248, 3577430015, 32),
(3577430016, 3577431039, 71),
(3577431040, 3577431551, 1),
(3577431552, 3577432063, 74),
(3577432064, 3577432575, 90),
(3577432576, 3577432831, 75),
(3577432832, 3577433087, 45),
(3577433088, 3577434111, 160),
(3577434112, 3577434879, 118),
(3577434880, 3577435647, 12),
(3577435648, 3577436287, 2),
(3577436288, 3577436415, 118),
(3577436416, 3577436927, 18),
(3577436928, 3577436967, 118),
(3577436968, 3577436975, 2),
(3577436976, 3577436983, 18),
(3577436984, 3577436991, 2),
(3577436992, 3577437055, 118),
(3577437056, 3577437119, 12),
(3577437120, 3577437167, 2),
(3577437168, 3577437175, 12),
(3577437176, 3577437183, 2),
(3577437184, 3577437759, 18),
(3577437760, 3577437791, 12),
(3577437792, 3577437823, 2),
(3577437824, 3577437951, 118),
(3577437952, 3577438207, 172),
(3577438208, 3577438463, 91),
(3577438464, 3577438719, 8),
(3577438720, 3577439743, 56),
(3577439744, 3577440255, 43),
(3577440256, 3577441279, 8),
(3577441280, 3577443327, 116),
(3577443328, 3577444351, 8),
(3577444352, 3577444607, 116),
(3577444608, 3577444863, 0),
(3577444864, 3577444927, 59),
(3577444928, 3577444935, 56),
(3577444936, 3577444943, 59),
(3577444944, 3577444951, 40),
(3577444952, 3577444975, 8),
(3577444976, 3577444991, 44),
(3577444992, 3577445119, 8),
(3577445120, 3577445375, 40),
(3577445376, 3577445631, 8),
(3577445632, 3577445887, 56),
(3577445888, 3577446399, 91),
(3577446400, 3577446655, 97),
(3577446656, 3577448447, 34),
(3577448448, 3577450367, 25),
(3577450368, 3577450495, 130),
(3577450496, 3577450751, 43),
(3577450752, 3577451007, 229),
(3577451008, 3577451263, 109),
(3577451264, 3577451519, 50),
(3577451520, 3577451775, 47),
(3577451776, 3577452031, 170),
(3577452032, 3577452543, 121),
(3577452544, 3577453567, 39),
(3577453568, 3577454079, 73),
(3577454080, 3577454335, 1),
(3577454336, 3577454591, 73),
(3577454592, 3577454847, 53),
(3577454848, 3577455103, 25),
(3577455104, 3577455359, 53),
(3577455360, 3577455615, 60),
(3577455616, 3577456639, 26),
(3577456640, 3577456895, 39),
(3577456896, 3577457151, 99),
(3577457152, 3577457663, 39),
(3577457664, 3577458687, 70),
(3577458688, 3577460223, 0),
(3577460224, 3577461247, 11),
(3577461248, 3577463551, 30),
(3577463552, 3577464575, 93),
(3577464576, 3577464831, 29),
(3577464832, 3577465599, 28),
(3577465600, 3577465855, 93),
(3577465856, 3577466623, 74),
(3577466624, 3577466879, 197),
(3577466880, 3577467391, 56),
(3577467392, 3577467903, 8),
(3577467904, 3577468671, 50),
(3577468672, 3577469951, 47),
(3577469952, 3577470975, 8),
(3577470976, 3577471231, 1),
(3577471232, 3577471999, 73),
(3577472000, 3577472511, 61),
(3577472512, 3577473023, 67),
(3577473024, 3577473535, 74),
(3577473536, 3577473791, 34),
(3577473792, 3577474047, 97),
(3577474048, 3577475071, 6),
(3577475072, 3577475327, 130),
(3577475328, 3577475583, 107),
(3577475584, 3577475839, 130),
(3577475840, 3577476095, 60),
(3577476096, 3577476351, 170),
(3577476352, 3577476607, 1),
(3577476608, 3577476863, 120),
(3577476864, 3577477119, 50),
(3577477120, 3577477631, 9),
(3577477632, 3577478143, 20),
(3577478144, 3577478655, 42),
(3577478656, 3577478911, 9),
(3577478912, 3577479167, 1),
(3578007488, 3578007551, 61),
(3578822656, 3578822911, 35),
(3578822912, 3578823167, 171),
(3578823168, 3578823423, 35),
(3578823424, 3578824191, 56),
(3578824192, 3578825983, 43),
(3578825984, 3578826239, 35),
(3578826240, 3578826495, 43),
(3578826496, 3578826751, 56),
(3578826752, 3578827263, 43),
(3578827264, 3578827775, 35),
(3578827776, 3578828287, 56),
(3578828288, 3578828415, 43),
(3578828416, 3578828799, 35),
(3578828800, 3578829311, 56);
INSERT INTO `powercounter_ip_compact` (`init_ip`, `end_ip`, `city_id`) VALUES
(3578829312, 3578830847, 43),
(3578830848, 3578831103, 56),
(3578831104, 3578832127, 35),
(3578832128, 3578832383, 56),
(3578832384, 3578833151, 43),
(3578833152, 3578833159, 1),
(3578833160, 3578833183, 35),
(3578833184, 3578833407, 43),
(3578833408, 3578855423, 35),
(3579117568, 3579118079, 38),
(3579118080, 3579118591, 1),
(3579118592, 3579118599, 190),
(3579118600, 3579118687, 1),
(3579118688, 3579118703, 0),
(3579118704, 3579119871, 1),
(3579119872, 3579119935, 223),
(3579119936, 3579120895, 1),
(3579120896, 3579121151, 65),
(3579121152, 3579123455, 1),
(3579123456, 3579123711, 65),
(3579123712, 3579124991, 1),
(3579124992, 3579125247, 65),
(3579125248, 3579127935, 1),
(3579127936, 3579128063, 223),
(3579128064, 3579128575, 1),
(3579128576, 3579128831, 223),
(3579128832, 3579130367, 1),
(3579130368, 3579130623, 186),
(3579130624, 3579131343, 1),
(3579131344, 3579131359, 222),
(3579131360, 3579131367, 187),
(3579131368, 3579131375, 1),
(3579131376, 3579131383, 191),
(3579131384, 3579131647, 1),
(3579131648, 3579131903, 80),
(3579131904, 3579132543, 1),
(3579132544, 3579132559, 189),
(3579132560, 3579132671, 1),
(3579132672, 3579132927, 17),
(3579132928, 3579135511, 1),
(3579135512, 3579135519, 223),
(3579135520, 3579137223, 1),
(3579137224, 3579137231, 187),
(3579137232, 3579137247, 1),
(3579137248, 3579137263, 55),
(3579137264, 3579137279, 189),
(3579137280, 3579137679, 1),
(3579137680, 3579137695, 189),
(3579137696, 3579151031, 1),
(3579151032, 3579151039, 0),
(3579151040, 3579151047, 223),
(3579151048, 3579151055, 191),
(3579151056, 3579151695, 1),
(3579151696, 3579151711, 0),
(3579151712, 3579151743, 1),
(3579151744, 3579151759, 209),
(3579151760, 3579151807, 1),
(3579151808, 3579151823, 111),
(3579151824, 3579151839, 1),
(3579151840, 3579151855, 189),
(3579151856, 3579151871, 271),
(3579151872, 3579154039, 1),
(3579154040, 3579154047, 187),
(3579154048, 3579154063, 189),
(3579154064, 3579154079, 1),
(3579154080, 3579154087, 0),
(3579154088, 3579154095, 182),
(3579154096, 3579154111, 1),
(3579154112, 3579154127, 182),
(3579154128, 3579154135, 191),
(3579154136, 3579154143, 187),
(3579154144, 3579154159, 0),
(3579154160, 3579154175, 222),
(3579154176, 3579155423, 1),
(3579155424, 3579155431, 182),
(3579155432, 3579156015, 1),
(3579156016, 3579156031, 191),
(3579156032, 3579156103, 1),
(3579156104, 3579156111, 0),
(3579156112, 3579156119, 187),
(3579156120, 3579156127, 182),
(3579156128, 3579156135, 1),
(3579156136, 3579156143, 0),
(3579156144, 3579156159, 1),
(3579156160, 3579156223, 182),
(3579156224, 3579156495, 1),
(3579156496, 3579156503, 182),
(3579156504, 3579156511, 187),
(3579156512, 3579156519, 1),
(3579156520, 3579156535, 187),
(3579156536, 3579156543, 182),
(3579156544, 3579156559, 1),
(3579156560, 3579156575, 187),
(3579156576, 3579156591, 1),
(3579156592, 3579156599, 187),
(3579156600, 3579156607, 1),
(3579156608, 3579156623, 0),
(3579156624, 3579156631, 223),
(3579156632, 3579156647, 1),
(3579156648, 3579156655, 182),
(3579156656, 3579156663, 222),
(3579156664, 3579156671, 182),
(3579156672, 3579156687, 189),
(3579156688, 3579156695, 0),
(3579156696, 3579156703, 1),
(3579156704, 3579156719, 0),
(3579156720, 3579156727, 1),
(3579156728, 3579156735, 182),
(3579156736, 3579158527, 1),
(3579158528, 3579158655, 217),
(3579158656, 3579158863, 1),
(3579158864, 3579158879, 187),
(3579158880, 3579158903, 1),
(3579158904, 3579158919, 189),
(3579158920, 3579158935, 1),
(3579158936, 3579158943, 187),
(3579158944, 3579158959, 189),
(3579158960, 3579158975, 222),
(3579158976, 3579158991, 1),
(3579158992, 3579158999, 223),
(3579159000, 3579159007, 190),
(3579159008, 3579159023, 222),
(3579159024, 3579159039, 187),
(3579159040, 3579159935, 1),
(3579159936, 3579159951, 187),
(3579159952, 3579159967, 191),
(3579159968, 3579160575, 1),
(3579160576, 3579160831, 0),
(3579160832, 3579161735, 1),
(3579161736, 3579161751, 0),
(3579161752, 3579161759, 187),
(3579161760, 3579162367, 1),
(3579162368, 3579163135, 186),
(3579163136, 3579183103, 38),
(3579248640, 3579265535, 1),
(3579265536, 3579266047, 65),
(3579266048, 3579314175, 1),
(3581984768, 3581992959, 1),
(3582025728, 3582027775, 29),
(3582027776, 3582028287, 73),
(3582028288, 3582028415, 35),
(3582028416, 3582031759, 29),
(3582031760, 3582031871, 232),
(3582031872, 3582032895, 29),
(3582032896, 3582033151, 35),
(3582033152, 3582033919, 29),
(3582132224, 3582140415, 1),
(3582214144, 3582215935, 41),
(3582215936, 3582216191, 10),
(3582216192, 3582216447, 41),
(3582216448, 3582216703, 10),
(3582216704, 3582222335, 41),
(3582377984, 3582378831, 1),
(3582378832, 3582378847, 0),
(3582378848, 3582383103, 1),
(3582383104, 3582383167, 0),
(3582383168, 3582383195, 1),
(3582383196, 3582383263, 0),
(3582383264, 3582383295, 65),
(3582383296, 3582385663, 0),
(3582385664, 3582386175, 1),
(3582410752, 3582418943, 1),
(3582418944, 3582423247, 94),
(3582423248, 3582423327, 101),
(3582423328, 3582423447, 94),
(3582423448, 3582423455, 0),
(3582423456, 3582423543, 94),
(3582423544, 3582423551, 0),
(3582423552, 3582426879, 94),
(3582426880, 3582427135, 0),
(3582427136, 3582435327, 68),
(3582582784, 3582583039, 1),
(3582583040, 3582583551, 74),
(3582583552, 3582583807, 0),
(3582583808, 3582584063, 1),
(3582584064, 3582585087, 62),
(3582585088, 3582585343, 1),
(3582585344, 3582585599, 70),
(3582585600, 3582586111, 1),
(3582586112, 3582587135, 69),
(3582587136, 3582588159, 70),
(3582588160, 3582588415, 74),
(3582588416, 3582588927, 62),
(3582588928, 3582589183, 69),
(3582589184, 3582589439, 1),
(3582589440, 3582589695, 70),
(3582589696, 3582590080, 69),
(3582590081, 3582590975, 1),
(3582607360, 3582615551, 1),
(3582640128, 3582648319, 63),
(3582746624, 3582754815, 9),
(3582779392, 3582787583, 1),
(3582820352, 3582828543, 1),
(3582836736, 3582837759, 1),
(3582837760, 3582838015, 98),
(3582838016, 3582838271, 33),
(3582838272, 3582838527, 0),
(3582838528, 3582839039, 1),
(3582839040, 3582839295, 98),
(3582839296, 3582839807, 0),
(3582839808, 3582844927, 1),
(3582844928, 3582845055, 9),
(3582845056, 3582845119, 178),
(3582845120, 3582845567, 9),
(3582845568, 3582845631, 178),
(3582845632, 3582846207, 9),
(3582846208, 3582847231, 88),
(3582847232, 3582847359, 178),
(3582847360, 3582847431, 9),
(3582847432, 3582847439, 178),
(3582847440, 3582847487, 9),
(3582847488, 3582847615, 151),
(3582847616, 3582849023, 9),
(3582849024, 3582849279, 21),
(3582849280, 3582849919, 86),
(3582849920, 3582850047, 55),
(3582850048, 3582851583, 87),
(3582851584, 3582851839, 55),
(3582851840, 3582852607, 86),
(3582852608, 3582853119, 9),
(3582902272, 3582905343, 93),
(3582905344, 3582905599, 125),
(3582905600, 3582906879, 93),
(3582906880, 3582907135, 125),
(3582907136, 3582910463, 93),
(3583057920, 3583063679, 1),
(3583063680, 3583063711, 0),
(3583063712, 3583066111, 1),
(3583188992, 3583197183, 1),
(3583213568, 3583221759, 1),
(3583246336, 3583254527, 1),
(3583287296, 3583295487, 18),
(3583393792, 3583395263, 7),
(3583395264, 3583395271, 1),
(3583395272, 3583401983, 7),
(3583541248, 3583547647, 1),
(3583547648, 3583547903, 0),
(3583547904, 3583548159, 1),
(3583548160, 3583548455, 0),
(3583548456, 3583548671, 1),
(3583548672, 3583548927, 0),
(3583548928, 3583549439, 1),
(3583680512, 3583681535, 13),
(3583681536, 3583688703, 30),
(3583803392, 3583806975, 1),
(3583806976, 3583807231, 55),
(3583807232, 3583811583, 1),
(3583819776, 3583822271, 16),
(3583822272, 3583823871, 37),
(3583823872, 3583827967, 16),
(3583901696, 3583905791, 2),
(3583905792, 3583909887, 13),
(3583983616, 3583999999, 2),
(3584409600, 3584412159, 1),
(3584412160, 3584416255, 0),
(3584416256, 3584417791, 1),
(3584499712, 3584507903, 1),
(3584589824, 3584596991, 1),
(3584596992, 3584597023, 38),
(3584597024, 3584598015, 1),
(3584704512, 3584720895, 2),
(3584759424, 3584759427, 1),
(3584760520, 3584760527, 1),
(3584761856, 3584761859, 1),
(3584761860, 3584761863, 186),
(3584761864, 3584761903, 1),
(3584761904, 3584761907, 217),
(3584761908, 3584761915, 1),
(3584761916, 3584761919, 187),
(3584761920, 3584762003, 1),
(3584762004, 3584762011, 223),
(3584762012, 3584762027, 1),
(3584762028, 3584762031, 0),
(3584762032, 3584762039, 1),
(3584762040, 3584762043, 237),
(3584762044, 3584762367, 1),
(3584762368, 3584762879, 0),
(3584762880, 3584762927, 1),
(3584762928, 3584762935, 237),
(3584762936, 3584763231, 1),
(3584763232, 3584763239, 237),
(3584763240, 3584763991, 1),
(3584763992, 3584763999, 0),
(3584764000, 3584764007, 1),
(3584764008, 3584764015, 0),
(3584764016, 3584764087, 1),
(3584764088, 3584764095, 217),
(3584764096, 3584764615, 1),
(3584764616, 3584764619, 61),
(3584764620, 3584764751, 1),
(3584764752, 3584764759, 61),
(3584764760, 3584764903, 1),
(3584764904, 3584764911, 237),
(3584764912, 3584764975, 1),
(3584764976, 3584764983, 0),
(3584764984, 3584765439, 1),
(3584765440, 3584765695, 66),
(3584765696, 3584766535, 1),
(3584766536, 3584766543, 66),
(3584766544, 3584766559, 1),
(3584766560, 3584766567, 0),
(3584766568, 3584766735, 1),
(3584766736, 3584766743, 187),
(3584766744, 3584766959, 1),
(3584766960, 3584766975, 0),
(3584766976, 3584767143, 1),
(3584767144, 3584767147, 257),
(3584767148, 3584767171, 1),
(3584767172, 3584767175, 66),
(3584767176, 3584767399, 1),
(3584767400, 3584767415, 66),
(3584767416, 3584768015, 1),
(3584768016, 3584768255, 237),
(3584768256, 3584768727, 1),
(3584768728, 3584768735, 0),
(3584768736, 3584769643, 1),
(3584769644, 3584769651, 191),
(3584769652, 3584770031, 1),
(3584770032, 3584770039, 66),
(3584770040, 3584770047, 1),
(3584819200, 3584827391, 2),
(3585171456, 3585179647, 45),
(3585392640, 3585400831, 1),
(3585409024, 3585417215, 1),
(3585515520, 3585523711, 2),
(3585564672, 3585566895, 6),
(3585566896, 3585566903, 0),
(3585566904, 3585572863, 6),
(3585597440, 3585598519, 1),
(3585598520, 3585598527, 80),
(3585598528, 3585598943, 1),
(3585598944, 3585598951, 80),
(3585598952, 3585599735, 1),
(3585599736, 3585599743, 80),
(3585599744, 3585599759, 1),
(3585599760, 3585599775, 80),
(3585599776, 3585600151, 1),
(3585600152, 3585600159, 80),
(3585600160, 3585600319, 1),
(3585600320, 3585600351, 66),
(3585600352, 3585600871, 1),
(3585600872, 3585600879, 80),
(3585600880, 3585600959, 1),
(3585600960, 3585600967, 66),
(3585600968, 3585601055, 1),
(3585601056, 3585601063, 80),
(3585601064, 3585601071, 1),
(3585601072, 3585601087, 80),
(3585601088, 3585601367, 1),
(3585601368, 3585601375, 80),
(3585601376, 3585601439, 1),
(3585601440, 3585601479, 80),
(3585601480, 3585601487, 1),
(3585601488, 3585601503, 80),
(3585601504, 3585601735, 1),
(3585601736, 3585601743, 80),
(3585601744, 3585601791, 1),
(3585601792, 3585602047, 80),
(3585602048, 3585602527, 1),
(3585602528, 3585602559, 80),
(3585602560, 3585602815, 1),
(3585602816, 3585603103, 80),
(3585603104, 3585603135, 1),
(3585603136, 3585603199, 80),
(3585603200, 3585603551, 1),
(3585603552, 3585603583, 80),
(3585603584, 3585603711, 1),
(3585603712, 3585603839, 80),
(3585603840, 3585604095, 1),
(3585604096, 3585604159, 80),
(3585604160, 3585604191, 1),
(3585604192, 3585604871, 80),
(3585604872, 3585604879, 247),
(3585604880, 3585604895, 246),
(3585604896, 3585605119, 80),
(3585605120, 3585605631, 1),
(3585622016, 3585623295, 117),
(3585623296, 3585623359, 212),
(3585623360, 3585623487, 117),
(3585623488, 3585623519, 0),
(3585623520, 3585630207, 117),
(3585638400, 3585646591, 1),
(3585826816, 3585835007, 7),
(3585982464, 3585983567, 1),
(3585983568, 3585983583, 2),
(3585983584, 3585990655, 1),
(3585990656, 3585992063, 81),
(3585992064, 3585992095, 83),
(3585992096, 3585992175, 81),
(3585992176, 3585992183, 82),
(3585992184, 3585992191, 81),
(3585992192, 3585992703, 82),
(3585992704, 3585993215, 81),
(3585993216, 3585993471, 213),
(3585993472, 3585993727, 81),
(3585993728, 3585993983, 82),
(3585993984, 3585994111, 81),
(3585994112, 3585994175, 82),
(3585994176, 3585994495, 81),
(3585994496, 3585994623, 82),
(3585994624, 3585994679, 81),
(3585994680, 3585994687, 281),
(3585994688, 3585995007, 81),
(3585995008, 3585995263, 82),
(3585995264, 3585996031, 81),
(3585996032, 3585996287, 83),
(3585996288, 3585996799, 208),
(3585996800, 3585996871, 81),
(3585996872, 3585996879, 82),
(3585996880, 3585997055, 81),
(3585997056, 3585997311, 82),
(3585997312, 3585998847, 81),
(3586056192, 3586064383, 45),
(3587187456, 3587187711, 1),
(3587187968, 3587188223, 1),
(3587189504, 3587189759, 1),
(3587194368, 3587194511, 1),
(3587194624, 3587194879, 1),
(3587219456, 3587219711, 1),
(3587219712, 3587219967, 14),
(3587219968, 3587223551, 1),
(3587223552, 3587223807, 14),
(3587223808, 3587225599, 1),
(3587225600, 3587226623, 14),
(3587226624, 3587227647, 1),
(3587325952, 3587342335, 6),
(3587948544, 3587963135, 1),
(3587963136, 3587963903, 0),
(3587963904, 3587964927, 1),
(3588030464, 3588030543, 2),
(3588030544, 3588035327, 1),
(3588035328, 3588035359, 94),
(3588035360, 3588036095, 1),
(3588036096, 3588036351, 0),
(3588036352, 3588042751, 1),
(3588042752, 3588043263, 2),
(3588043264, 3588043519, 12),
(3588043520, 3588044159, 2),
(3588044160, 3588044223, 1),
(3588044224, 3588044607, 2),
(3588044608, 3588044671, 16),
(3588044672, 3588044991, 2),
(3588044992, 3588045023, 12),
(3588045024, 3588045039, 1),
(3588045040, 3588045743, 2),
(3588045744, 3588045791, 1),
(3588045792, 3588045951, 2),
(3588045952, 3588045967, 12),
(3588045968, 3588045975, 1),
(3588045976, 3588045991, 2),
(3588045992, 3588045999, 1),
(3588046000, 3588046303, 2),
(3588046304, 3588046319, 0),
(3588046320, 3588046847, 2),
(3588505600, 3588520959, 3),
(3588520960, 3588521983, 34),
(3588800512, 3588814335, 1),
(3588814336, 3588814847, 28),
(3588814848, 3588815495, 1),
(3588815496, 3588815551, 0),
(3588815552, 3588816895, 1),
(3588931584, 3588943359, 1),
(3588943360, 3588943615, 195),
(3588943616, 3588944895, 1),
(3588944896, 3588945151, 7),
(3588945152, 3588945503, 1),
(3588945504, 3588945519, 0),
(3588945520, 3588947967, 1),
(3589406720, 3589409279, 16),
(3589409280, 3589413375, 79),
(3589413376, 3589414399, 31),
(3589414400, 3589414911, 77),
(3589414912, 3589415999, 35),
(3589416000, 3589416447, 37),
(3589416448, 3589416959, 54),
(3589416960, 3589417471, 0),
(3589417472, 3589417983, 79),
(3589417984, 3589419263, 16),
(3589419264, 3589419519, 56),
(3589419520, 3589421055, 37),
(3589421056, 3589421567, 77),
(3589421568, 3589421823, 79),
(3589421824, 3589422335, 54),
(3589422336, 3589422591, 16),
(3589422592, 3589422847, 79),
(3589422848, 3589423103, 16),
(3589455872, 3589472255, 9),
(3589488640, 3589503095, 1),
(3589503096, 3589503103, 0),
(3589503104, 3589505023, 1),
(3589767168, 3589767511, 1),
(3589767512, 3589767519, 0),
(3589767520, 3589770495, 1),
(3589770496, 3589770559, 0),
(3589770560, 3589772975, 1),
(3589772976, 3589772991, 0),
(3589772992, 3589774207, 1),
(3589774208, 3589774271, 0),
(3589774272, 3589774863, 1),
(3589774864, 3589774879, 0),
(3589774880, 3589778047, 1),
(3589778048, 3589778175, 0),
(3589778176, 3589781503, 1),
(3589781504, 3589781759, 0),
(3589781760, 3589782919, 1),
(3589782920, 3589782951, 0),
(3589782952, 3589782967, 1),
(3589782968, 3589782991, 0),
(3589782992, 3589782999, 1),
(3589783000, 3589783007, 0),
(3589783008, 3589783031, 1),
(3589783032, 3589783039, 0),
(3589783040, 3589784031, 1),
(3589784032, 3589784063, 0),
(3589784064, 3589784639, 1),
(3589784640, 3589784831, 0),
(3589784832, 3589787455, 1),
(3589787456, 3589787487, 0),
(3589787488, 3589787559, 1),
(3589787560, 3589787583, 0),
(3589787584, 3589787775, 1),
(3589787776, 3589787903, 0),
(3589787904, 3589790055, 1),
(3589790056, 3589790079, 0),
(3589790080, 3589790151, 1),
(3589790152, 3589790199, 0),
(3589790200, 3589790207, 1),
(3589790208, 3589790463, 0),
(3589790464, 3589795071, 1),
(3589795072, 3589795583, 0),
(3589795584, 3589795839, 1),
(3589795840, 3589796095, 0),
(3589796096, 3589796607, 1),
(3589796608, 3589796863, 0),
(3589796864, 3589797375, 1),
(3589797376, 3589797631, 0),
(3589797632, 3589797759, 1),
(3589797760, 3589797807, 0),
(3589797808, 3589797823, 1),
(3589797824, 3589797839, 0),
(3589797840, 3589797871, 1),
(3589797872, 3589797887, 0),
(3589797888, 3589801983, 1),
(3589801984, 3589801999, 188),
(3589802000, 3589802007, 0),
(3589802008, 3589802015, 188),
(3589802016, 3589802023, 0),
(3589802024, 3589802031, 1),
(3589802032, 3589802047, 188),
(3589802048, 3589802071, 1),
(3589802072, 3589802079, 188),
(3589802080, 3589802111, 1),
(3589802112, 3589802143, 237),
(3589802144, 3589802151, 1),
(3589802152, 3589802175, 188),
(3589802176, 3589803263, 1),
(3589803264, 3589803519, 0),
(3589803520, 3589805823, 1),
(3589805824, 3589806079, 2),
(3589806080, 3589816319, 1),
(3590045696, 3590062079, 1),
(3590078464, 3590079087, 1),
(3590079088, 3590079103, 0),
(3590079104, 3590082047, 1),
(3590082048, 3590082063, 66),
(3590082064, 3590084559, 1),
(3590084560, 3590084607, 0),
(3590084608, 3590085631, 1),
(3590085632, 3590086015, 66),
(3590086016, 3590087647, 1),
(3590087648, 3590087679, 0),
(3590087680, 3590089375, 1),
(3590089376, 3590089383, 2),
(3590089384, 3590090087, 1),
(3590090088, 3590090095, 0),
(3590090096, 3590090239, 1),
(3590090240, 3590090247, 0),
(3590090248, 3590090607, 1),
(3590090608, 3590090615, 2),
(3590090616, 3590094847, 1),
(3590112000, 3590112255, 61),
(3641200640, 3641204735, 55),
(3641237504, 3641241599, 3),
(3641266176, 3641270271, 1),
(3641282560, 3641286655, 90),
(3641319424, 3641323519, 1),
(3641466880, 3641470975, 1),
(3641493504, 3641494015, 73),
(3641503744, 3641507839, 1),
(3641561088, 3641562879, 78),
(3641562880, 3641562927, 91),
(3641562928, 3641563007, 78),
(3641563008, 3641563055, 91),
(3641563056, 3641563103, 269),
(3641563104, 3641563135, 236),
(3641563136, 3641565183, 78),
(3641577472, 3641581567, 1),
(3641585664, 3641589759, 1),
(3641622528, 3641626623, 32),
(3641643008, 3641647103, 2),
(3641651200, 3641655295, 1),
(3641671680, 3641673919, 7),
(3641673920, 3641673927, 1),
(3641673928, 3641674495, 7),
(3641674496, 3641674623, 0),
(3641674624, 3641674639, 7),
(3641674640, 3641674655, 0),
(3641674656, 3641679871, 7),
(3641708544, 3641710847, 1),
(3641710848, 3641710863, 41),
(3641710864, 3641710927, 1),
(3641710928, 3641710943, 168),
(3641710944, 3641712639, 1),
(3641749504, 3641753599, 53),
(3641810944, 3641811519, 1),
(3641811520, 3641811583, 85),
(3641811584, 3641811615, 84),
(3641811616, 3641811711, 1),
(3641811712, 3641811967, 26),
(3641811968, 3641812223, 1),
(3641812224, 3641812479, 84),
(3641812480, 3641812991, 21),
(3641812992, 3641813247, 85),
(3641813248, 3641813503, 0),
(3641813504, 3641813759, 21),
(3641813760, 3641814015, 1),
(3641814016, 3641814271, 85),
(3641814272, 3641814527, 1),
(3641814528, 3641814783, 26),
(3641814784, 3641815039, 167),
(3641815040, 3641815295, 1),
(3641815296, 3641815551, 84),
(3641815552, 3641815839, 85),
(3641815840, 3641815967, 1),
(3641815968, 3641816063, 84),
(3641816064, 3641816319, 85),
(3641816320, 3641816575, 1),
(3641816576, 3641817087, 85),
(3641817088, 3641817343, 84),
(3641817344, 3641817599, 1),
(3641817600, 3641817855, 85),
(3641817856, 3641818623, 21),
(3641818624, 3641818879, 53),
(3641818880, 3641819135, 1),
(3641847808, 3641851903, 1),
(3641868288, 3641876479, 6),
(3641929728, 3641930751, 149),
(3641930752, 3641931007, 54),
(3641931008, 3641933823, 149),
(3641987072, 3641991167, 57),
(3642019840, 3642020863, 1),
(3642020864, 3642021119, 227),
(3642021120, 3642023935, 1),
(3642036224, 3642040319, 1),
(3642056704, 3642060799, 1),
(3642085376, 3642089471, 1),
(3642138624, 3642139647, 1),
(3642139648, 3642140159, 119),
(3642140160, 3642142719, 1),
(3642167296, 3642171391, 45),
(3642179584, 3642181119, 35),
(3642181120, 3642181375, 56),
(3642181376, 3642183423, 35),
(3642183424, 3642183679, 143),
(3642183680, 3642184703, 43),
(3642184704, 3642185727, 56),
(3642185728, 3642185743, 35),
(3642185744, 3642185751, 56),
(3642185752, 3642185759, 43),
(3642185760, 3642185855, 35),
(3642185856, 3642185983, 43),
(3642185984, 3642186239, 35),
(3642186240, 3642186495, 56),
(3642186496, 3642186751, 35),
(3642186752, 3642187263, 56),
(3642187264, 3642187519, 35),
(3642187520, 3642187775, 43),
(3642195968, 3642204159, 1),
(3642208256, 3642210303, 42),
(3642210304, 3642210559, 33),
(3642210560, 3642210575, 49),
(3642210576, 3642210591, 139),
(3642210592, 3642210599, 49),
(3642210600, 3642210687, 42),
(3642210688, 3642210695, 77),
(3642210696, 3642210703, 33),
(3642210704, 3642210711, 1),
(3642210712, 3642210719, 49),
(3642210720, 3642210743, 0),
(3642210744, 3642210751, 49),
(3642210752, 3642210815, 42),
(3642210816, 3642211071, 33),
(3642211072, 3642211327, 77),
(3642211328, 3642212351, 42),
(3642257408, 3642261503, 95),
(3642273792, 3642275839, 9),
(3642275840, 3642277887, 54),
(3642314752, 3642315775, 45),
(3642315776, 3642318079, 1),
(3642318080, 3642318847, 45),
(3642331136, 3642335231, 1),
(3642359808, 3642363903, 1),
(3642363904, 3642367999, 41),
(3642404864, 3642408959, 1),
(3642435584, 3642436607, 10),
(3642439456, 3642439459, 0),
(3642439464, 3642439471, 0),
(3642440448, 3642440451, 0),
(3642511360, 3642515455, 39),
(3642544128, 3642548223, 1),
(3642553376, 3642553387, 1),
(3642553388, 3642553391, 42),
(3642553408, 3642553423, 1),
(3642553424, 3642553431, 0),
(3642553432, 3642553451, 1),
(3642553856, 3642554367, 1),
(3642576896, 3642580991, 6),
(3642585088, 3642585343, 0),
(3642585344, 3642585855, 1),
(3642601472, 3642605567, 32),
(3642683392, 3642687487, 42),
(3644936192, 3644940287, 3),
(3644968960, 3644971423, 35),
(3644971424, 3644971431, 24),
(3644971432, 3644973055, 35),
(3644985344, 3644987391, 42),
(3644987392, 3644988927, 0),
(3644988928, 3644989439, 49),
(3644997632, 3645005823, 16),
(3645018112, 3645019135, 2),
(3645019136, 3645019647, 61),
(3645019648, 3645022207, 2),
(3645046784, 3645050879, 1),
(3645075456, 3645079551, 1),
(3645083648, 3645087743, 1),
(3645091840, 3645093199, 1),
(3645093200, 3645093207, 0),
(3645093208, 3645095935, 1),
(3645206528, 3645208831, 2),
(3645208832, 3645209599, 1),
(3645209600, 3645210623, 2),
(3645227008, 3645228339, 1),
(3645228340, 3645228343, 0),
(3645228344, 3645230687, 1),
(3645230688, 3645230691, 0),
(3645230692, 3645231707, 1),
(3645231708, 3645231711, 0),
(3645231712, 3645232595, 1),
(3645232596, 3645232599, 0),
(3645232600, 3645233367, 1),
(3645233368, 3645233371, 0),
(3645233372, 3645233375, 1),
(3645233376, 3645233383, 0),
(3645233384, 3645235199, 1),
(3645247488, 3645251583, 1),
(3645267968, 3645276159, 3),
(3645341696, 3645345791, 3),
(3645374464, 3645378559, 1),
(3645411328, 3645415423, 1),
(3645468672, 3645472767, 1),
(3645489152, 3645489919, 1),
(3645489920, 3645490943, 184),
(3645490944, 3645493247, 1),
(3645501440, 3645505535, 1),
(3645513728, 3645517823, 1),
(3645534208, 3645538303, 4),
(3645538304, 3645540351, 1),
(3645540352, 3645540607, 24),
(3645540608, 3645542399, 1),
(3645542400, 3645542911, 24),
(3645542912, 3645546495, 1),
(3645546496, 3645550591, 39),
(3645566976, 3645571071, 41),
(3645644800, 3645648895, 1),
(3645681664, 3645685759, 9),
(3645726720, 3645734911, 37),
(3645764331, 3645764331, 1),
(3645764357, 3645764357, 1),
(3645812736, 3645816831, 1),
(3645837312, 3645841407, 16),
(3645845504, 3645846527, 6),
(3645846528, 3645847551, 5),
(3645847552, 3645848575, 6),
(3645848576, 3645849599, 3),
(3647602688, 3647610879, 1),
(3647610880, 3647613951, 6),
(3647613952, 3647614463, 26),
(3647614464, 3647614975, 55),
(3647614976, 3647615231, 9),
(3647615232, 3647615487, 32),
(3647615488, 3647615519, 20),
(3647615520, 3647615551, 9),
(3647615552, 3647615615, 32),
(3647615616, 3647615695, 9),
(3647615696, 3647615743, 46),
(3647615744, 3647615999, 32),
(3647616000, 3647616255, 42),
(3647616256, 3647616543, 32),
(3647616544, 3647616607, 9),
(3647616608, 3647616639, 100),
(3647616640, 3647616703, 9),
(3647616704, 3647617023, 20),
(3647617024, 3647617279, 9),
(3647617280, 3647617535, 0),
(3647617536, 3647617695, 100),
(3647617696, 3647617743, 20),
(3647617744, 3647617759, 54),
(3647617760, 3647617775, 46),
(3647617776, 3647617791, 9),
(3647617792, 3647618047, 32),
(3647618048, 3647619071, 9),
(3647619072, 3647619583, 1),
(3647619584, 3647619839, 52),
(3647619840, 3647620351, 29),
(3647620352, 3647620607, 52),
(3647620608, 3647620863, 73),
(3647620864, 3647621119, 67),
(3647621120, 3647622911, 52),
(3647622912, 3647623167, 16),
(3647623168, 3647623423, 121),
(3647623424, 3647623935, 91),
(3647623936, 3647624191, 50),
(3647624192, 3647624703, 56),
(3647624704, 3647624959, 170),
(3647624960, 3647625215, 59),
(3647625216, 3647625471, 56),
(3647625472, 3647625727, 8),
(3647625728, 3647626495, 44),
(3647626496, 3647626623, 135),
(3647626624, 3647626639, 8),
(3647626640, 3647626647, 0),
(3647626648, 3647626655, 44),
(3647626656, 3647626663, 59),
(3647626664, 3647626671, 235),
(3647626672, 3647626687, 8),
(3647626688, 3647626751, 120),
(3647626752, 3647627007, 122),
(3647627008, 3647627191, 8),
(3647627192, 3647627199, 146),
(3647627200, 3647627207, 145),
(3647627208, 3647627215, 8),
(3647627216, 3647627223, 145),
(3647627224, 3647627519, 8),
(3647627520, 3647628287, 67),
(3647628288, 3647628543, 26),
(3647628544, 3647629631, 55),
(3647629632, 3647629823, 98),
(3647629824, 3647631615, 26),
(3647631616, 3647631871, 1),
(3647631872, 3647632127, 93),
(3647632128, 3647632303, 28),
(3647632304, 3647632311, 93),
(3647632312, 3647632383, 28),
(3647632384, 3647633407, 29),
(3647633408, 3647634431, 25),
(3647634432, 3647635455, 74),
(3647635456, 3647636831, 39),
(3647636832, 3647636847, 99),
(3647636848, 3647636863, 157),
(3647636864, 3647636991, 156),
(3647636992, 3647637503, 39),
(3647637504, 3647639295, 52),
(3647639296, 3647639551, 75),
(3647639552, 3647640063, 198),
(3647640064, 3647640575, 6),
(3647640576, 3647640831, 1),
(3647640832, 3647641119, 45),
(3647641120, 3647641135, 75),
(3647641136, 3647641143, 45),
(3647641144, 3647641151, 75),
(3647641152, 3647641167, 45),
(3647641168, 3647641175, 75),
(3647641176, 3647641183, 90),
(3647641184, 3647641199, 45),
(3647641200, 3647641215, 75),
(3647641216, 3647641223, 160),
(3647641224, 3647641231, 75),
(3647641232, 3647641239, 90),
(3647641240, 3647641247, 160),
(3647641248, 3647641599, 75),
(3647641600, 3647641855, 1),
(3647641856, 3647642623, 73),
(3647642624, 3647643647, 52),
(3647643648, 3647644415, 2),
(3647644416, 3647644671, 12),
(3647644672, 3647645695, 75),
(3647645696, 3647646719, 79),
(3647646720, 3647647743, 6),
(3647647744, 3647648639, 55),
(3647648640, 3647648703, 86),
(3647648704, 3647649023, 55),
(3647649024, 3647649823, 26),
(3647649824, 3647649855, 130),
(3647649856, 3647649919, 27),
(3647649920, 3647650007, 60),
(3647650008, 3647650039, 130),
(3647650040, 3647650047, 105),
(3647650048, 3647650303, 130),
(3647650304, 3647651839, 25),
(3647651840, 3647653375, 116),
(3647653376, 3647653887, 0),
(3647653888, 3647654143, 8),
(3647654144, 3647654399, 56),
(3647654400, 3647654655, 44),
(3647654656, 3647654671, 43),
(3647654672, 3647654687, 72),
(3647654688, 3647654695, 120),
(3647654696, 3647654703, 40),
(3647654704, 3647654719, 50),
(3647654720, 3647654727, 8),
(3647654728, 3647654735, 56),
(3647654736, 3647654751, 43),
(3647654752, 3647654783, 8),
(3647654784, 3647654855, 43),
(3647654856, 3647654863, 50),
(3647654864, 3647654871, 116),
(3647654872, 3647654879, 120),
(3647654880, 3647654887, 68),
(3647654888, 3647654895, 41),
(3647654896, 3647654903, 170),
(3647654904, 3647654911, 8),
(3647654912, 3647655167, 120),
(3647655168, 3647655423, 47),
(3647655424, 3647655935, 44),
(3647655936, 3647656447, 109),
(3647656448, 3647656703, 44),
(3647656704, 3647656959, 109),
(3647656960, 3647657215, 8),
(3647657216, 3647657471, 47),
(3647657472, 3647657983, 109),
(3647657984, 3647658239, 50),
(3647658240, 3647658495, 8),
(3647658496, 3647659007, 50),
(3647659008, 3647660031, 39),
(3647660032, 3647662079, 1),
(3647662080, 3647662207, 2),
(3647662208, 3647662335, 0),
(3647662336, 3647665663, 1),
(3647665664, 3647665919, 74),
(3647665920, 3647666431, 71),
(3647666432, 3647667455, 24),
(3647667456, 3647668223, 1),
(3647668224, 3647668255, 79),
(3647668256, 3647668287, 16),
(3647668288, 3647668479, 35),
(3647668480, 3647668991, 94),
(3647668992, 3647669247, 54),
(3647669248, 3647669503, 110),
(3647669504, 3647669511, 4),
(3647669512, 3647669519, 31),
(3647669520, 3647669527, 94),
(3647669528, 3647669535, 35),
(3647669536, 3647669543, 79),
(3647669544, 3647669551, 16),
(3647669552, 3647669567, 15),
(3647669568, 3647669695, 81),
(3647669696, 3647669759, 35),
(3647669760, 3647670271, 94),
(3647670272, 3647671295, 79),
(3647671296, 3647671551, 171),
(3647671552, 3647671807, 79),
(3647671808, 3647672063, 16),
(3647672064, 3647672319, 79),
(3647672320, 3647672575, 94),
(3647672576, 3647672831, 268),
(3647672832, 3647673343, 35),
(3647673344, 3647673599, 268),
(3647673600, 3647673855, 94),
(3647673856, 3647674367, 31),
(3647674368, 3647674879, 16),
(3647674880, 3647675391, 54),
(3647675392, 3647675647, 35),
(3647675648, 3647676415, 54),
(3647676416, 3647677951, 52),
(3647677952, 3647677959, 103),
(3647677960, 3647678463, 34),
(3647678464, 3647679487, 26),
(3647679488, 3647679743, 36),
(3647679744, 3647679751, 51),
(3647679752, 3647679775, 97),
(3647679776, 3647679807, 36),
(3647679808, 3647679999, 5),
(3647680000, 3647680255, 3),
(3647680256, 3647680511, 51),
(3647680512, 3647681023, 1),
(3647681024, 3647681279, 73),
(3647681280, 3647681535, 61),
(3647681536, 3647681791, 25),
(3647681792, 3647682047, 4),
(3647682048, 3647682559, 53),
(3647682560, 3647683071, 103),
(3647683072, 3647683583, 28),
(3647683584, 3647684095, 55),
(3647684096, 3647684863, 86),
(3647684864, 3647685375, 128),
(3647685376, 3647685631, 20),
(3647685632, 3647686143, 9),
(3647686144, 3647686655, 32),
(3647686656, 3647686911, 20),
(3647686912, 3647687167, 89),
(3647687168, 3647687679, 42),
(3647687680, 3647687935, 9),
(3647687936, 3647688191, 42),
(3647688192, 3647688447, 46),
(3647688448, 3647688703, 89),
(3647688704, 3647689727, 42),
(3647689728, 3647689983, 20),
(3647689984, 3647690239, 46),
(3647690240, 3647690367, 49),
(3647690368, 3647690751, 42),
(3647690752, 3647693823, 32),
(3647693824, 3647694591, 20),
(3647694592, 3647695359, 42),
(3647695360, 3647696383, 32),
(3647696384, 3647697663, 0),
(3647697664, 3647697919, 89),
(3647697920, 3647698431, 9),
(3647698432, 3647698943, 32),
(3647698944, 3647700479, 20),
(3647700480, 3647700991, 32),
(3647700992, 3647702015, 8),
(3647702016, 3647702031, 122),
(3647702032, 3647702263, 8),
(3647702264, 3647702271, 122),
(3647702272, 3647703103, 8),
(3647703104, 3647703135, 229),
(3647703136, 3647703167, 126),
(3647703168, 3647703295, 121),
(3647703296, 3647703551, 8),
(3647703552, 3647703807, 47),
(3647703808, 3647704319, 44),
(3647704320, 3647709183, 56),
(3647709184, 3647710975, 81),
(3647710976, 3647711487, 1),
(3647711488, 3647711743, 71),
(3647711744, 3647713023, 67),
(3647713024, 3647713791, 75),
(3647713792, 3647714303, 160),
(3647714304, 3647715327, 28),
(3647715328, 3647715583, 5),
(3647715584, 3647715839, 162),
(3647715840, 3647715847, 73),
(3647715848, 3647715855, 67),
(3647715856, 3647715863, 24),
(3647715864, 3647715871, 48),
(3647715872, 3647715879, 71),
(3647715880, 3647715887, 69),
(3647715888, 3647715895, 70),
(3647715896, 3647715903, 62),
(3647715904, 3647716095, 38),
(3647716096, 3647716351, 62),
(3647716352, 3647717375, 70),
(3647717376, 3647718911, 130),
(3647718912, 3647719423, 4),
(3647719424, 3647719679, 53),
(3647719680, 3647719807, 0),
(3647719808, 3647720191, 53),
(3647720192, 3647720447, 25),
(3647720448, 3647721727, 6),
(3647721728, 3647722239, 1),
(3647722240, 3647722495, 95),
(3647722496, 3647722879, 241),
(3647722880, 3647723839, 1),
(3647723840, 3647723903, 9),
(3647723904, 3647725567, 1),
(3647725568, 3647726591, 97),
(3647726592, 3647726847, 135),
(3647726848, 3647727103, 0),
(3647727104, 3647727359, 74),
(3647727360, 3647727615, 1),
(3647727616, 3647727871, 160),
(3647727872, 3647728127, 75),
(3647728128, 3647728639, 45),
(3647728640, 3647729663, 160),
(3647729664, 3647730687, 28),
(3647730688, 3647731711, 36),
(3647731712, 3647733503, 56),
(3647733504, 3647733759, 1),
(3648000000, 3648004095, 1),
(3648005632, 3648007423, 0),
(3648007424, 3648007679, 1),
(3648007680, 3648008191, 0),
(3648090112, 3648094207, 37),
(3648126976, 3648131071, 9),
(3648131072, 3648135167, 46),
(3648135168, 3648139263, 1),
(3648163840, 3648167935, 32),
(3648172032, 3648176127, 55),
(3648184320, 3648188415, 9),
(3648188416, 3648192511, 46),
(3648212992, 3648213587, 54),
(3648213588, 3648213591, 58),
(3648213592, 3648217087, 54),
(3648237568, 3648241663, 57),
(3648270336, 3648274431, 26),
(3648290816, 3648299007, 36),
(3648344064, 3648348159, 3),
(3648352256, 3648356351, 1),
(3648368640, 3648372735, 39),
(3648405504, 3648406527, 1),
(3648406528, 3648407551, 45),
(3648407552, 3648408575, 1),
(3648408576, 3648409599, 2),
(3648409600, 3648413695, 1),
(3648434176, 3648436223, 42),
(3648436224, 3648436479, 49),
(3648436480, 3648436999, 42),
(3648437000, 3648437007, 49),
(3648437008, 3648438271, 42),
(3648458752, 3648462847, 2),
(3648475136, 3648475903, 9),
(3648475904, 3648476159, 0),
(3648476160, 3648479231, 9),
(3650117632, 3650121727, 1),
(3650138112, 3650142207, 9),
(3650195456, 3650199551, 26),
(3650232320, 3650233343, 1),
(3650233344, 3650236415, 24),
(3650273280, 3650277375, 2),
(3650289664, 3650293759, 41),
(3650293760, 3650297855, 1),
(3650301952, 3650302975, 188),
(3650302976, 3650303487, 1),
(3650303488, 3650306047, 188),
(3650367488, 3650371583, 9),
(3650404352, 3650408447, 27),
(3650408448, 3650409343, 2),
(3650409728, 3650410751, 2),
(3650412544, 3650416639, 119),
(3650424832, 3650428927, 63),
(3650486272, 3650490719, 1),
(3650490720, 3650490751, 187),
(3650490752, 3650491967, 1),
(3650491968, 3650491999, 187),
(3650492000, 3650492607, 1),
(3650492608, 3650492639, 187),
(3650492640, 3650492903, 1),
(3650492904, 3650492911, 187),
(3650492912, 3650494719, 1),
(3650494720, 3650494975, 39),
(3650494976, 3650497279, 1),
(3650497280, 3650497791, 25),
(3650497792, 3650499327, 1),
(3650499328, 3650499583, 199),
(3650499584, 3650499839, 4),
(3650499840, 3650500095, 25),
(3650500096, 3650500607, 47),
(3650500608, 3650501119, 1),
(3650501120, 3650502143, 67),
(3650502144, 3650502655, 29),
(3650535424, 3650536767, 1),
(3650536768, 3650536959, 38),
(3650536960, 3650539007, 1),
(3650539008, 3650539263, 22),
(3650539264, 3650539519, 1),
(3650555904, 3650559999, 5),
(3650568192, 3650572287, 1),
(3650584576, 3650585599, 1),
(3650585600, 3650585855, 26),
(3650585856, 3650588671, 1),
(3650609248, 3650609255, 54),
(3650610176, 3650610431, 218),
(3650610688, 3650610943, 3),
(3651682304, 3651686399, 61),
(3651727360, 3651731455, 45),
(3651751936, 3651756031, 61),
(3651813376, 3651814527, 2),
(3651814528, 3651814655, 0),
(3651814656, 3651815167, 2),
(3651815168, 3651815231, 0),
(3651815232, 3651816959, 2),
(3651816960, 3651817471, 0),
(3651817472, 3651818783, 2),
(3651818784, 3651818815, 0),
(3651818816, 3651821567, 2),
(3651825664, 3651829759, 62),
(3651850240, 3651854335, 1),
(3651862528, 3651866623, 1),
(3651878912, 3651883007, 1),
(3651899392, 3651903487, 1),
(3651919872, 3651923967, 119),
(3651932160, 3651936255, 1),
(3651993600, 3651997695, 1),
(3651997696, 3652001791, 42),
(3652083712, 3652085503, 1),
(3652085504, 3652085535, 0),
(3652085536, 3652085599, 1),
(3652085600, 3652085631, 0),
(3652085632, 3652085663, 1),
(3652085664, 3652085695, 2),
(3652085696, 3652085759, 0),
(3652085760, 3652086783, 1),
(3652086784, 3652087039, 0),
(3652087040, 3652087807, 1),
(3652104192, 3652108287, 1),
(3652128768, 3652132863, 76),
(3652157440, 3652165631, 1),
(3653431296, 3653435391, 252),
(3653451776, 3653459967, 2),
(3653459968, 3653460223, 168),
(3653460224, 3653464063, 0),
(3653488640, 3653492735, 26),
(3653525504, 3653526015, 1),
(3653526016, 3653526271, 26),
(3653526272, 3653526527, 57),
(3653526528, 3653527551, 22),
(3653527552, 3653529599, 1),
(3653529600, 3653530111, 26),
(3653530112, 3653530367, 20),
(3653530368, 3653530623, 39),
(3653530624, 3653531135, 57),
(3653531136, 3653531391, 26),
(3653531392, 3653532159, 57),
(3653532160, 3653532671, 1),
(3653532672, 3653532927, 39),
(3653532928, 3653533183, 26),
(3653533184, 3653533695, 1),
(3653595136, 3653599231, 1),
(3653627904, 3653631999, 0),
(3653632000, 3653632383, 42),
(3653632384, 3653632511, 49),
(3653632512, 3653632767, 42),
(3653632768, 3653633023, 33),
(3653633024, 3653633279, 49),
(3653633280, 3653633407, 42),
(3653633408, 3653633535, 77),
(3653633536, 3653633567, 42),
(3653633568, 3653633575, 33),
(3653633576, 3653633591, 77),
(3653633592, 3653633615, 42),
(3653633616, 3653633623, 49),
(3653633624, 3653633631, 33),
(3653633632, 3653633647, 42),
(3653633648, 3653633663, 49),
(3653633664, 3653633727, 33),
(3653633728, 3653633739, 42),
(3653633740, 3653633791, 49),
(3653633792, 3653636095, 42),
(3653652480, 3653656575, 1),
(3653672960, 3653677055, 1),
(3653677056, 3653681151, 2),
(3653750784, 3653754879, 1),
(3653758976, 3653763071, 1),
(3654614528, 3654615039, 1);

-- --------------------------------------------------------

--
-- Структура таблицы `powercounter_pages`
--

CREATE TABLE IF NOT EXISTS `powercounter_pages` (
  `id_page` int(10) NOT NULL AUTO_INCREMENT,
  `name` text,
  `title` text,
  `id_site` int(4) DEFAULT NULL,
  PRIMARY KEY (`id_page`)
) ENGINE=MyISAM  DEFAULT CHARSET=cp1251 AUTO_INCREMENT=8 ;

--
-- Дамп данных таблицы `powercounter_pages`
--

INSERT INTO `powercounter_pages` (`id_page`, `name`, `title`, `id_site`) VALUES
(1, '/forum.php', 'http://ezot.ligafirm.ru/forum.php', 0),
(2, '/index.php', 'http://ezot.ligafirm.ru/index.php', 0),
(3, '/add.php', 'http://ezot.ligafirm.ru/add.php', 0),
(4, '/up.php', 'http://ezot.ligafirm.ru/up.php', 0),
(5, '/about.php', 'http://ezot.ligafirm.ru/about.php', 0),
(6, '/rand.php', 'http://ezot.ligafirm.ru/rand.php', 0),
(7, '/un.php', 'http://ezot.ligafirm.ru/un.php', 0);

-- --------------------------------------------------------

--
-- Структура таблицы `powercounter_refferer`
--

CREATE TABLE IF NOT EXISTS `powercounter_refferer` (
  `id_refferer` int(16) NOT NULL AUTO_INCREMENT,
  `name` text NOT NULL,
  `putdate` datetime NOT NULL DEFAULT '0000-00-00 00:00:00',
  `ip` bigint(11) NOT NULL DEFAULT '0',
  `id_page` int(8) NOT NULL DEFAULT '0',
  PRIMARY KEY (`id_refferer`),
  KEY `id_page` (`id_page`),
  KEY `ip` (`ip`)
) ENGINE=MyISAM  DEFAULT CHARSET=cp1251 AUTO_INCREMENT=73 ;

--
-- Дамп данных таблицы `powercounter_refferer`
--

INSERT INTO `powercounter_refferer` (`id_refferer`, `name`, `putdate`, `ip`, `id_page`) VALUES
(72, 'http://ru.wikipedia.org/wiki/Р­Р·РѕС‚РµСЂРёС‡РµСЃРєРёРµ_СЏР·С‹РєРё_РїСЂРѕРіСЂР°РјРјРёСЂРѕРІР°РЅРёСЏ', '2009-11-03 09:58:46', 1565875209, 2),
(71, 'http://ru.wikipedia.org/wiki/Р­Р·РѕС‚РµСЂРёС‡РµСЃРєРёРµ_СЏР·С‹РєРё_РїСЂРѕРіСЂР°РјРјРёСЂРѕРІР°РЅРёСЏ', '2009-11-03 09:09:31', 3280654854, 2),
(70, 'http://ru.wikipedia.org/wiki/Р­Р·РѕС‚РµСЂРёС‡РµСЃРєРёРµ_СЏР·С‹РєРё_РїСЂРѕРіСЂР°РјРјРёСЂРѕРІР°РЅРёСЏ', '2009-11-03 06:54:06', 1307185225, 2),
(55, 'http://icetv.ru/tags/pop/', '2009-11-02 00:12:19', 1607925797, 1),
(56, 'http://icetv.ru/browse-rock-videos-4-date.html', '2009-11-02 00:40:26', 1607925797, 1),
(68, 'http://icetv.ru/tags/РІСЃС‚СЂРµС‡Рё/', '2009-11-02 22:44:46', 1607925797, 1),
(67, 'http://icetv.ru/tags/gun/', '2009-11-02 22:23:26', 1607925797, 1),
(66, 'http://icetv.ru/memberlist.html?letter=other', '2009-11-02 21:56:26', 1607925797, 1),
(65, 'http://icetv.ru/tags/video/page-5/', '2009-11-02 21:36:04', 1607925797, 1),
(64, 'http://fish.jetforum.ru/index.php', '2009-11-02 21:28:49', 1568477812, 2),
(63, 'http://icetv.ru/Xenia/Heartbeat-video_f54efa6ae.html', '2009-11-02 21:16:57', 1607925797, 1),
(62, 'http://icetv.ru/tags/all/page-8/', '2009-11-02 20:31:57', 1607925797, 1),
(59, 'http://icetv.ru/tags/music/page-2/', '2009-11-02 18:45:51', 1607925797, 1),
(60, 'http://icetv.ru/tags/90s/page-3/', '2009-11-02 18:58:53', 1607925797, 1),
(61, 'http://icetv.ru/tags/rmx/page-4/', '2009-11-02 19:16:54', 1607925797, 1),
(58, 'http://www.ovale.ru', '2009-11-02 08:25:55', 1360607767, 2),
(69, 'http://www.ovale.ru', '2009-11-03 05:30:44', 1360607767, 2),
(57, 'http://icetv.ru/tags/video/page-10/', '2009-11-02 01:02:02', 1607925797, 1);

-- --------------------------------------------------------

--
-- Структура таблицы `powercounter_regions`
--

CREATE TABLE IF NOT EXISTS `powercounter_regions` (
  `region_id` int(11) NOT NULL DEFAULT '0',
  `region_name` varchar(255) NOT NULL DEFAULT ''
) ENGINE=MyISAM DEFAULT CHARSET=cp1251;

--
-- Дамп данных таблицы `powercounter_regions`
--

INSERT INTO `powercounter_regions` (`region_id`, `region_name`) VALUES
(0, '?? ???????'),
(1, '?????????? ????'),
(2, '?????????? ??????????'),
(3, '?????????? ?????'),
(4, '?????????? ?????? ???'),
(5, '?????????? ??????'),
(6, '????????? ????????'),
(7, '?????????-?????????? ????????'),
(8, '?????????? ??????'),
(9, '?????????-????????? ????????'),
(10, '?????????? ?????'),
(11, '?????????? ??'),
(12, '?????????? ????? ?'),
(13, '?????????? ??????'),
(14, '????'),
(15, '???????? ????'),
(16, '???????'),
(17, '?????????? ??'),
(18, '?????????? ????????'),
(19, '?????????? ?????'),
(20, '????????? ????????'),
(21, '????????? ????????'),
(22, '????????? ??'),
(23, '????????????? ??'),
(24, '???????????? ??'),
(25, '?????????? ??'),
(26, '?????????????? ??'),
(27, '??????????? ??'),
(28, '???????? ???????'),
(29, '????????????? ???????'),
(30, '???????????? ???????'),
(31, '???????????? ???????'),
(32, '???????? ???????'),
(33, '???????????? ???????'),
(34, '????????????? ???????'),
(35, '??????????? ???????'),
(36, '??????????? ???????'),
(37, '?????????? ???????'),
(38, '????????? ???????'),
(39, '??????????????? ???????'),
(40, '????????? ???????'),
(41, '?????????? ???????'),
(42, '??????????? ???????'),
(43, '????????? ???????'),
(44, '??????????? ???????'),
(45, '?????????? ???????'),
(46, '??????? ???????'),
(47, '????????????? ???????'),
(48, '???????? ???????'),
(49, '??????????? ???????'),
(50, '?????????? ???????'),
(51, '?????????? ???????'),
(52, '????????????? ???????'),
(53, '???????????? ???????'),
(54, '????????????? ???????'),
(55, '?????? ???????'),
(56, '???????????? ???????'),
(57, '????????? ???????'),
(58, '?????????? ???????'),
(59, '???????? ???????'),
(60, '????????? ???????'),
(61, '?????????? ???????'),
(62, '????????? ???????'),
(63, '????????? ???????'),
(64, '??????????? ???????'),
(65, '??????????? ???????'),
(66, '???????????? ???????'),
(67, '?????????? ???????'),
(68, '?????????? ???????'),
(69, '???????? ???????'),
(70, '??????? ???????'),
(71, '???????? ???????'),
(72, '????????? ???????'),
(73, '??????????? ???????'),
(74, '??????????? ???????'),
(75, '????????? ???????'),
(76, '??????????? ???????'),
(77, '????'),
(78, '?????-????????'),
(79, '????????? ?????????? ???????'),
(80, '???????? ????????? ?????????? ????'),
(81, '????-????????? ?????????? ????'),
(82, '????????? ?????????? ????'),
(83, '???????? ?????????? ????'),
(84, '?????????? (???????-????????) ?????????? ????'),
(85, '????-????????? ????????? ?????????? ????'),
(86, '?????-?????????? ?????????? ????'),
(87, '????????? ?????????? ????'),
(88, '??????????? ?????????? ????'),
(89, '?????-???????? ?????????? ????');

-- --------------------------------------------------------

--
-- Структура таблицы `powercounter_searchquerys`
--

CREATE TABLE IF NOT EXISTS `powercounter_searchquerys` (
  `quer_id` int(11) NOT NULL AUTO_INCREMENT,
  `query` tinytext NOT NULL,
  `putdate` datetime NOT NULL DEFAULT '0000-00-00 00:00:00',
  `ip` bigint(20) NOT NULL DEFAULT '0',
  `id_page` int(11) NOT NULL DEFAULT '0',
  `searches` enum('yandex','google','rambler','aport','mail','msn') NOT NULL DEFAULT 'yandex',
  PRIMARY KEY (`quer_id`)
) ENGINE=MyISAM  DEFAULT CHARSET=cp1251 AUTO_INCREMENT=11 ;

--
-- Дамп данных таблицы `powercounter_searchquerys`
--


-- --------------------------------------------------------

--
-- Структура таблицы `powercounter_thits`
--

CREATE TABLE IF NOT EXISTS `powercounter_thits` (
  `hits` int(11) DEFAULT NULL
) ENGINE=MyISAM DEFAULT CHARSET=cp1251;

--
-- Дамп данных таблицы `powercounter_thits`
--

INSERT INTO `powercounter_thits` (`hits`) VALUES
(1),
(50),
(1),
(1),
(1),
(1),
(19),
(3),
(1),
(3),
(1);
